{"id":1985,"date":"2020-05-12T12:24:08","date_gmt":"2020-05-12T16:24:08","guid":{"rendered":"http:\/\/dinn.ucsc.cl\/?page_id=1985"},"modified":"2024-03-28T12:04:52","modified_gmt":"2024-03-28T15:04:52","slug":"concurso-de-valorizacion-de-la-investigacion-en-la-universidad","status":"publish","type":"page","link":"https:\/\/dinn.ucsc.cl\/index.php\/concurso-de-valorizacion-de-la-investigacion-en-la-universidad\/","title":{"rendered":"Valorizaci\u00f3n de la Investigaci\u00f3n Universitaria (VIU)"},"content":{"rendered":"<h5 style=\"text-align: right\"><img loading=\"lazy\" class=\"aligncenter wp-image-5733 size-large\" src=\"https:\/\/dinn.ucsc.cl\/wp-content\/uploads\/sites\/14\/2024\/03\/FONDEF_VIU_2024_Banner-1024x297.png\" alt=\"\" width=\"1024\" height=\"297\" srcset=\"https:\/\/dinn.ucsc.cl\/wp-content\/uploads\/sites\/14\/2024\/03\/FONDEF_VIU_2024_Banner-1024x297.png 1024w, https:\/\/dinn.ucsc.cl\/wp-content\/uploads\/sites\/14\/2024\/03\/FONDEF_VIU_2024_Banner-300x87.png 300w, https:\/\/dinn.ucsc.cl\/wp-content\/uploads\/sites\/14\/2024\/03\/FONDEF_VIU_2024_Banner-768x223.png 768w, https:\/\/dinn.ucsc.cl\/wp-content\/uploads\/sites\/14\/2024\/03\/FONDEF_VIU_2024_Banner-200x58.png 200w, https:\/\/dinn.ucsc.cl\/wp-content\/uploads\/sites\/14\/2024\/03\/FONDEF_VIU_2024_Banner.png 1140w\" sizes=\"(max-width: 1024px) 100vw, 1024px\" \/><\/h5>\n<h4><\/h4>\n<h3 style=\"text-align: center\">\u00a1AGENDA HORA <a href=\"https:\/\/forms.office.com\/r\/3SHAGv8qEz\" target=\"_blank\" rel=\"noopener\"><strong>AQU\u00cd<\/strong><\/a> PARA AYUDARTE EN LA POSTULACI\u00d3N!<\/h3>\n<h4><\/h4>\n<h4>\u00bfEn qu\u00e9 consiste?<\/h4>\n<p>Este fondo perteneciente a la Agencia Nacional de Investigaci\u00f3n y Desarrollo (ANID), busca fomentar una cultura de emprendimiento innovador en la comunidad universitaria, basada en la valorizaci\u00f3n de la investigaci\u00f3n realizada por estudiantes o egresadas(os) de pre y postgrado de distintas casas de estudio chilenas. Mediante esta convocatoria, la ANID promueve la formaci\u00f3n de capacidades para desarrollar y realizar nuevos emprendimientos, negocios o empresas basados en la investigaci\u00f3n realizada en el marco de memorias, tesis o trabajos de titulaci\u00f3n universitaria.<\/p>\n<p>Los proyectos que postulen deben considerar un modelo asociativo b\u00e1sico, que asegure una calidad cient\u00edfica, tecnol\u00f3gica y de negocios relevante.<\/p>\n<h4><b>Objetivos:<\/b><\/h4>\n<ul>\n<li>Impulsar a alumnas y alumnos universitarios a desarrollar un esp\u00edritu que valorice la ciencia y la tecnolog\u00eda, sumado a capacidades para llevar a cabo proyectos de emprendimiento que busquen transformar resultados de investigaci\u00f3n hacia fines productivos o sociales.<\/li>\n<li>Apoyar a alumnas y alumnos, de pre o postgrado, para que materialicen en nuevos emprendimientos, negocios o empresas, conocimientos ya disponibles, basados en investigaciones dirigidas, tesis, memorias, proyectos o trabajos de titulaci\u00f3n, con el apoyo de sus profesoras(es) gu\u00eda, investigadoras(es) asociadas(os) y expertas(os) en el desarrollo de negocios innovadores basados en ciencia.<\/li>\n<li>Promover un modelo asociativo de apoyo al emprendimiento para los y las estudiantes, cuyo objetivo sea crear nuevas empresas u oportunidades de negocio basadas en el nuevo conocimiento desarrollado por ellos, con la ayuda de sus profesoras(es) gu\u00eda y\/o investigadoras(es) asociadas(es), expertas(os) en negocios innovadores y la universidad.<\/li>\n<li>Promover el compromiso de la universidad en la generaci\u00f3n de un sistema de apoyo efectivo para las y los estudiantes, docentes e investigadoras(es) en los emprendimientos basados en la investigaci\u00f3n.<\/li>\n<\/ul>\n<h4>Plazo y financiamiento<\/h4>\n<ul>\n<li>Monto subsidio: $36.000.000<\/li>\n<li>Plazo m\u00e1ximo ejecuci\u00f3n: 12 meses<\/li>\n<\/ul>\n<p>La beneficiaria deber\u00e1 aportar al menos con un 20% del monto solicitado a ANID para cubrir los costos no subsidiados por la Agencia. Dentro de estos aportes podr\u00e1n incluir el uso de equipos especializados, valorizaci\u00f3n del uso de laboratorios y su adecuaci\u00f3n para la realizaci\u00f3n de actividades cient\u00edfico tecnol\u00f3gicas comprometidas por el proyecto, uso de la infraestructura administrativa, horas del mentor de negocios, difusi\u00f3n y promoci\u00f3n del proyecto para atraer la participaci\u00f3n de empresas que contribuyan al desarrollo y validaci\u00f3n de los productos, procesos o servicios incluidos en la propuesta y que puedan ser aprobados por parte de la instituci\u00f3n beneficiaria. Todos estos recursos podr\u00e1n ser aportes valorizados y\/o incrementales.<\/p>\n<h4>Requisitos de postulaci\u00f3n:<\/h4>\n<ul>\n<li>Ser o haber sido alumna o alumno regular de pregrado de una universidad chilena acreditada, cuya memoria, proyecto o trabajo de titulaci\u00f3n est\u00e9 en proceso de t\u00e9rmino; que se comprometa a finalizarlo y entregarlo a la universidad para revisi\u00f3n final en un plazo no superior a seis meses a contar de la fecha de la convocatoria; o que esa memoria, proyecto o trabajo de titulaci\u00f3n haya sido entregado y aprobado dentro de los \u00faltimos 18 meses contados hacia atr\u00e1s desde la fecha de esta convocatoria.<\/li>\n<li>Ser o haber sido alumna o alumno regular de un postgrado acreditado, que est\u00e9 desarrollando una tesis o memoria; o haberlo cursado y que su tesis se haya desarrollado y aprobado dentro de los \u00faltimos 18 meses anteriores a la fecha de apertura de la convocatoria; o comprometerse a terminarlo y entregarlo para su revisi\u00f3n final a la universidad en un plazo no superior a 12 meses a contar de la fecha de la convocatoria.<\/li>\n<\/ul>\n<p>Cada alumna o alumno participante deber\u00e1 comprometer como m\u00ednimo 20 horas a la semana durante la ejecuci\u00f3n del proyecto.<\/p>\n<p><b>\u00bfNecesitas ayuda en tu postulaci\u00f3n? escr\u00edbenos a uainn@ucsc.cl con el asunto \u201cConsultas VIU\u2019\u2019<br \/>\n<\/b><\/p>\n<h4>Webinar Informativo:<\/h4>\n<p><a href=\"https:\/\/us02web.zoom.us\/meeting\/register\/tZItdeCtpjMuGN1aVCqMVJnDM6I0ueK9Oes0\" target=\"_blank\" rel=\"noopener\"><img loading=\"lazy\" class=\"alignnone wp-image-5772 size-large\" src=\"https:\/\/dinn.ucsc.cl\/wp-content\/uploads\/sites\/14\/2024\/03\/FONDEF_VIU_2024_Banner_webinar-1024x194.png\" alt=\"\" width=\"1024\" height=\"194\" srcset=\"https:\/\/dinn.ucsc.cl\/wp-content\/uploads\/sites\/14\/2024\/03\/FONDEF_VIU_2024_Banner_webinar-1024x194.png 1024w, https:\/\/dinn.ucsc.cl\/wp-content\/uploads\/sites\/14\/2024\/03\/FONDEF_VIU_2024_Banner_webinar-300x57.png 300w, https:\/\/dinn.ucsc.cl\/wp-content\/uploads\/sites\/14\/2024\/03\/FONDEF_VIU_2024_Banner_webinar-768x146.png 768w, https:\/\/dinn.ucsc.cl\/wp-content\/uploads\/sites\/14\/2024\/03\/FONDEF_VIU_2024_Banner_webinar-200x38.png 200w, https:\/\/dinn.ucsc.cl\/wp-content\/uploads\/sites\/14\/2024\/03\/FONDEF_VIU_2024_Banner_webinar.png 1140w\" sizes=\"(max-width: 1024px) 100vw, 1024px\" \/><\/a><\/p>\n<h4 style=\"text-align: left\"><a href=\"https:\/\/anid.cl\/concursos\/viu-2024\/\" target=\"_blank\" rel=\"noopener\">Sitio Agencia Nacional de Investigaci\u00f3n y Desarrollo<\/a><\/h4>\n<p>&nbsp;<\/p>\n<p>&nbsp;<\/p>\n","protected":false},"excerpt":{"rendered":"<p>\u00a1AGENDA HORA AQU\u00cd PARA AYUDARTE EN LA POSTULACI\u00d3N! \u00bfEn qu\u00e9 consiste? Este fondo perteneciente a la Agencia Nacional de Investigaci\u00f3n y Desarrollo (ANID), busca fomentar una cultura de emprendimiento innovador en la comunidad universitaria, basada en la valorizaci\u00f3n de la investigaci\u00f3n realizada por estudiantes o egresadas(os) de pre y postgrado de distintas casas de estudio [&hellip;]<\/p>\n","protected":false},"author":84,"featured_media":0,"parent":0,"menu_order":0,"comment_status":"closed","ping_status":"closed","template":"","meta":[],"yoast_head":"<!-- This site is optimized with the Yoast SEO plugin v18.9 - https:\/\/yoast.com\/wordpress\/plugins\/seo\/ -->\n<title>Valorizaci\u00f3n de la Investigaci\u00f3n Universitaria (VIU) -<\/title>\n<meta name=\"robots\" content=\"index, follow, max-snippet:-1, max-image-preview:large, max-video-preview:-1\" \/>\n<link rel=\"canonical\" href=\"https:\/\/dinn.ucsc.cl\/index.php\/concurso-de-valorizacion-de-la-investigacion-en-la-universidad\/\" \/>\n<meta property=\"og:locale\" content=\"es_ES\" \/>\n<meta property=\"og:type\" content=\"article\" \/>\n<meta property=\"og:title\" content=\"Valorizaci\u00f3n de la Investigaci\u00f3n Universitaria (VIU) -\" \/>\n<meta property=\"og:description\" content=\"\u00a1AGENDA HORA AQU\u00cd PARA AYUDARTE EN LA POSTULACI\u00d3N! \u00bfEn qu\u00e9 consiste? Este fondo perteneciente a la Agencia Nacional de Investigaci\u00f3n y Desarrollo (ANID), busca fomentar una cultura de emprendimiento innovador en la comunidad universitaria, basada en la valorizaci\u00f3n de la investigaci\u00f3n realizada por estudiantes o egresadas(os) de pre y postgrado de distintas casas de estudio [&hellip;]\" \/>\n<meta property=\"og:url\" content=\"https:\/\/dinn.ucsc.cl\/index.php\/concurso-de-valorizacion-de-la-investigacion-en-la-universidad\/\" \/>\n<meta property=\"article:publisher\" content=\"https:\/\/m.facebook.com\/DINNUCSC\" \/>\n<meta property=\"article:modified_time\" content=\"2024-03-28T15:04:52+00:00\" \/>\n<meta property=\"og:image\" content=\"https:\/\/sitios.ucsc.cl\/investigacion\/wp-content\/uploads\/sites\/14\/2024\/03\/FONDEF_VIU_2024_Banner-1024x297.png\" \/>\n<meta name=\"twitter:card\" content=\"summary\" \/>\n<meta name=\"twitter:site\" content=\"@dinn_ucsc\" \/>\n<meta name=\"twitter:label1\" content=\"Tiempo de lectura\" \/>\n\t<meta name=\"twitter:data1\" content=\"3 minutos\" \/>\n<script type=\"application\/ld+json\" class=\"yoast-schema-graph\">{\"@context\":\"https:\/\/schema.org\",\"@graph\":[{\"@type\":\"WebSite\",\"@id\":\"https:\/\/dinn.ucsc.cl\/#website\",\"url\":\"https:\/\/dinn.ucsc.cl\/\",\"name\":\"Direcci\u00f3n de Innovaci\u00f3n UCSC\",\"description\":\"Direcci\u00f3n de Innovaci\u00f3n\",\"potentialAction\":[{\"@type\":\"SearchAction\",\"target\":{\"@type\":\"EntryPoint\",\"urlTemplate\":\"https:\/\/dinn.ucsc.cl\/?s={search_term_string}\"},\"query-input\":\"required name=search_term_string\"}],\"inLanguage\":\"es\"},{\"@type\":\"ImageObject\",\"inLanguage\":\"es\",\"@id\":\"https:\/\/dinn.ucsc.cl\/index.php\/concurso-de-valorizacion-de-la-investigacion-en-la-universidad\/#primaryimage\",\"url\":\"https:\/\/sitios.ucsc.cl\/investigacion\/wp-content\/uploads\/sites\/14\/2024\/03\/FONDEF_VIU_2024_Banner-1024x297.png\",\"contentUrl\":\"https:\/\/sitios.ucsc.cl\/investigacion\/wp-content\/uploads\/sites\/14\/2024\/03\/FONDEF_VIU_2024_Banner-1024x297.png\"},{\"@type\":\"WebPage\",\"@id\":\"https:\/\/dinn.ucsc.cl\/index.php\/concurso-de-valorizacion-de-la-investigacion-en-la-universidad\/#webpage\",\"url\":\"https:\/\/dinn.ucsc.cl\/index.php\/concurso-de-valorizacion-de-la-investigacion-en-la-universidad\/\",\"name\":\"Valorizaci\u00f3n de la Investigaci\u00f3n Universitaria (VIU) -\",\"isPartOf\":{\"@id\":\"https:\/\/dinn.ucsc.cl\/#website\"},\"primaryImageOfPage\":{\"@id\":\"https:\/\/dinn.ucsc.cl\/index.php\/concurso-de-valorizacion-de-la-investigacion-en-la-universidad\/#primaryimage\"},\"datePublished\":\"2020-05-12T16:24:08+00:00\",\"dateModified\":\"2024-03-28T15:04:52+00:00\",\"breadcrumb\":{\"@id\":\"https:\/\/dinn.ucsc.cl\/index.php\/concurso-de-valorizacion-de-la-investigacion-en-la-universidad\/#breadcrumb\"},\"inLanguage\":\"es\",\"potentialAction\":[{\"@type\":\"ReadAction\",\"target\":[\"https:\/\/dinn.ucsc.cl\/index.php\/concurso-de-valorizacion-de-la-investigacion-en-la-universidad\/\"]}]},{\"@type\":\"BreadcrumbList\",\"@id\":\"https:\/\/dinn.ucsc.cl\/index.php\/concurso-de-valorizacion-de-la-investigacion-en-la-universidad\/#breadcrumb\",\"itemListElement\":[{\"@type\":\"ListItem\",\"position\":1,\"name\":\"Inicio\",\"item\":\"https:\/\/dinn.ucsc.cl\/\"},{\"@type\":\"ListItem\",\"position\":2,\"name\":\"Valorizaci\u00f3n de la Investigaci\u00f3n Universitaria (VIU)\"}]}]}<\/script>\n<!-- \/ Yoast SEO plugin. -->","yoast_head_json":{"title":"Valorizaci\u00f3n de la Investigaci\u00f3n Universitaria (VIU) -","robots":{"index":"index","follow":"follow","max-snippet":"max-snippet:-1","max-image-preview":"max-image-preview:large","max-video-preview":"max-video-preview:-1"},"canonical":"https:\/\/dinn.ucsc.cl\/index.php\/concurso-de-valorizacion-de-la-investigacion-en-la-universidad\/","og_locale":"es_ES","og_type":"article","og_title":"Valorizaci\u00f3n de la Investigaci\u00f3n Universitaria (VIU) -","og_description":"\u00a1AGENDA HORA AQU\u00cd PARA AYUDARTE EN LA POSTULACI\u00d3N! \u00bfEn qu\u00e9 consiste? Este fondo perteneciente a la Agencia Nacional de Investigaci\u00f3n y Desarrollo (ANID), busca fomentar una cultura de emprendimiento innovador en la comunidad universitaria, basada en la valorizaci\u00f3n de la investigaci\u00f3n realizada por estudiantes o egresadas(os) de pre y postgrado de distintas casas de estudio [&hellip;]","og_url":"https:\/\/dinn.ucsc.cl\/index.php\/concurso-de-valorizacion-de-la-investigacion-en-la-universidad\/","article_publisher":"https:\/\/m.facebook.com\/DINNUCSC","article_modified_time":"2024-03-28T15:04:52+00:00","og_image":[{"url":"https:\/\/sitios.ucsc.cl\/investigacion\/wp-content\/uploads\/sites\/14\/2024\/03\/FONDEF_VIU_2024_Banner-1024x297.png"}],"twitter_card":"summary","twitter_site":"@dinn_ucsc","twitter_misc":{"Tiempo de lectura":"3 minutos"},"schema":{"@context":"https:\/\/schema.org","@graph":[{"@type":"WebSite","@id":"https:\/\/dinn.ucsc.cl\/#website","url":"https:\/\/dinn.ucsc.cl\/","name":"Direcci\u00f3n de Innovaci\u00f3n UCSC","description":"Direcci\u00f3n de Innovaci\u00f3n","potentialAction":[{"@type":"SearchAction","target":{"@type":"EntryPoint","urlTemplate":"https:\/\/dinn.ucsc.cl\/?s={search_term_string}"},"query-input":"required name=search_term_string"}],"inLanguage":"es"},{"@type":"ImageObject","inLanguage":"es","@id":"https:\/\/dinn.ucsc.cl\/index.php\/concurso-de-valorizacion-de-la-investigacion-en-la-universidad\/#primaryimage","url":"https:\/\/sitios.ucsc.cl\/investigacion\/wp-content\/uploads\/sites\/14\/2024\/03\/FONDEF_VIU_2024_Banner-1024x297.png","contentUrl":"https:\/\/sitios.ucsc.cl\/investigacion\/wp-content\/uploads\/sites\/14\/2024\/03\/FONDEF_VIU_2024_Banner-1024x297.png"},{"@type":"WebPage","@id":"https:\/\/dinn.ucsc.cl\/index.php\/concurso-de-valorizacion-de-la-investigacion-en-la-universidad\/#webpage","url":"https:\/\/dinn.ucsc.cl\/index.php\/concurso-de-valorizacion-de-la-investigacion-en-la-universidad\/","name":"Valorizaci\u00f3n de la Investigaci\u00f3n Universitaria (VIU) -","isPartOf":{"@id":"https:\/\/dinn.ucsc.cl\/#website"},"primaryImageOfPage":{"@id":"https:\/\/dinn.ucsc.cl\/index.php\/concurso-de-valorizacion-de-la-investigacion-en-la-universidad\/#primaryimage"},"datePublished":"2020-05-12T16:24:08+00:00","dateModified":"2024-03-28T15:04:52+00:00","breadcrumb":{"@id":"https:\/\/dinn.ucsc.cl\/index.php\/concurso-de-valorizacion-de-la-investigacion-en-la-universidad\/#breadcrumb"},"inLanguage":"es","potentialAction":[{"@type":"ReadAction","target":["https:\/\/dinn.ucsc.cl\/index.php\/concurso-de-valorizacion-de-la-investigacion-en-la-universidad\/"]}]},{"@type":"BreadcrumbList","@id":"https:\/\/dinn.ucsc.cl\/index.php\/concurso-de-valorizacion-de-la-investigacion-en-la-universidad\/#breadcrumb","itemListElement":[{"@type":"ListItem","position":1,"name":"Inicio","item":"https:\/\/dinn.ucsc.cl\/"},{"@type":"ListItem","position":2,"name":"Valorizaci\u00f3n de la Investigaci\u00f3n Universitaria (VIU)"}]}]}},"_links":{"self":[{"href":"https:\/\/dinn.ucsc.cl\/index.php\/wp-json\/wp\/v2\/pages\/1985"}],"collection":[{"href":"https:\/\/dinn.ucsc.cl\/index.php\/wp-json\/wp\/v2\/pages"}],"about":[{"href":"https:\/\/dinn.ucsc.cl\/index.php\/wp-json\/wp\/v2\/types\/page"}],"author":[{"embeddable":true,"href":"https:\/\/dinn.ucsc.cl\/index.php\/wp-json\/wp\/v2\/users\/84"}],"replies":[{"embeddable":true,"href":"https:\/\/dinn.ucsc.cl\/index.php\/wp-json\/wp\/v2\/comments?post=1985"}],"version-history":[{"count":28,"href":"https:\/\/dinn.ucsc.cl\/index.php\/wp-json\/wp\/v2\/pages\/1985\/revisions"}],"predecessor-version":[{"id":5777,"href":"https:\/\/dinn.ucsc.cl\/index.php\/wp-json\/wp\/v2\/pages\/1985\/revisions\/5777"}],"wp:attachment":[{"href":"https:\/\/dinn.ucsc.cl\/index.php\/wp-json\/wp\/v2\/media?parent=1985"}],"curies":[{"name":"wp","href":"https:\/\/api.w.org\/{rel}","templated":true}]}}