{"id":2314,"date":"2020-10-07T16:30:37","date_gmt":"2020-10-07T19:30:37","guid":{"rendered":"https:\/\/dinn.ucsc.cl\/?page_id=2314"},"modified":"2023-01-10T16:51:21","modified_gmt":"2023-01-10T19:51:21","slug":"propiedad-intelectual-y-transferencia-tecnologica","status":"publish","type":"page","link":"https:\/\/dinn.ucsc.cl\/index.php\/propiedad-intelectual-y-transferencia-tecnologica\/","title":{"rendered":"Propiedad Intelectual y Transferencia Tecnol\u00f3gica"},"content":{"rendered":"<p>La Direcci\u00f3n de Innovaci\u00f3n gestiona activos intangibles basados en propiedad Intelectual generados por la Comunidad Universitaria, a trav\u00e9s de la Oficina de Transferencia Tecnol\u00f3gica (OTT) de la UCSC, la cual ofrece a los investigadores de la Universidad los siguientes servicios:<\/p>\n<h3>Evaluaci\u00f3n del potencial de propiedad intelectual (P.I.):<\/h3>\n<p>Este servicio consiste en realizar una b\u00fasqueda del estado del arte para evaluar el grado de novedad, nivel inventivo y aplicaci\u00f3n industrial de la invenci\u00f3n desarrollada, los tres requisitos para otorgar una patente.<\/p>\n<hr \/>\n<h3>Gestionar registros de derecho de autor:<\/h3>\n<p>Efectuar el registro ante el Departamento de Propiedad Intelectual dependiente del Servicio Nacional de Patrimonio Cultural para el registro de obras (manuales, libros, etc.) y\/o Software que se obtienen como parte de los resultados de investigaci\u00f3n.<\/p>\n<hr \/>\n<h3>Gesti\u00f3n de la propiedad industrial:<\/h3>\n<p>Realizar la tramitaci\u00f3n necesaria ante el Instituto Nacional de Propiedad Industrial (INAPI), u otra autoridad internacional competente, para contar con una solicitud de protecci\u00f3n industrial, en cualquiera de sus formas (Patente de Invenci\u00f3n, Modelo de Utilidad, Registro de Marca; Registro de Dibujos o Dise\u00f1os Industriales). Adem\u00e1s, incluye las gestiones necesarias tanto para la mantenci\u00f3n (pago oportuno de tasas), como para la defensa (contestaci\u00f3n de informes periciales) de los privilegios comerciales solicitados.<\/p>\n<hr \/>\n<h3>Comercializaci\u00f3n de tecnolog\u00edas:<\/h3>\n<p>Comercializar las tecnolog\u00edas disponibles para licenciamiento en mercados nacionales e internacionales. Este servicio podr\u00e1 ser efectuado de forma directa por el equipo de la OTT, subcontratar el servicio a brokers internacionales o bien comercializar tecnolog\u00edas mediante el Hub Andes Pacific Technology Access (APTA).<\/p>\n<hr \/>\n<h3>Asesor\u00eda y fomento en propiedad intelectual, transferencia tecnol\u00f3gica (TT) y creaci\u00f3n de empresas de base tecnol\u00f3gica (EBT):<\/h3>\n<p>Entregar asesor\u00eda en P.I., TT y creaci\u00f3n de empresa de base tecnol\u00f3gica, a partir de una tecnolog\u00eda de la UCSC, en temas como levantamiento de capital, creaci\u00f3n de empresas, entre otros.<\/p>\n<hr \/>\n<h3>Elaboraci\u00f3n de acuerdos en materia de propiedad intelectual y transferencia tecnol\u00f3gica:<\/h3>\n<p>Elaborar acuerdos para fomentar la TT y resguardar los derechos de la Universidad, tales como: Acuerdos de Confidencialidad; Acuerdos de Transferencia de Material; Contratos de Licenciamiento; entre otros.<\/p>\n<p>&nbsp;<\/p>\n<table style=\"height: 85px;width: 921px\" width=\"566\">\n<tbody>\n<tr>\n<td style=\"width: 74.0625px\"><img loading=\"lazy\" class=\" wp-image-2533 aligncenter\" src=\"https:\/\/dinn.ucsc.cl\/wp-content\/uploads\/sites\/14\/2020\/10\/TT.png\" alt=\"\" width=\"72\" height=\"72\" \/><\/td>\n<td style=\"width: 845.7720336914062px\">\n<h3><\/h3>\n<h3 style=\"text-align: left\"><span class=\"TextRun MacChromeBold SCXW226304455 BCX9\" lang=\"ES-MX\" xml:lang=\"ES-MX\"><span class=\"NormalTextRun SCXW226304455 BCX9\">\u00a0 \u00a0Contacto: \u00a0ott@ucsc.cl<\/span><\/span><\/h3>\n<\/td>\n<\/tr>\n<\/tbody>\n<\/table>\n<h3 style=\"text-align: right\"><\/h3>\n<hr \/>\n<h3 style=\"text-align: right\"><\/h3>\n<p>&nbsp;<\/p>\n<p>&nbsp;<\/p>\n<p>&nbsp;<\/p>\n<p style=\"text-align: right\">\n","protected":false},"excerpt":{"rendered":"<p>La Direcci\u00f3n de Innovaci\u00f3n gestiona activos intangibles basados en propiedad Intelectual generados por la Comunidad Universitaria, a trav\u00e9s de la Oficina de Transferencia Tecnol\u00f3gica (OTT) de la UCSC, la cual ofrece a los investigadores de la Universidad los siguientes servicios: Evaluaci\u00f3n del potencial de propiedad intelectual (P.I.): Este servicio consiste en realizar una b\u00fasqueda del [&hellip;]<\/p>\n","protected":false},"author":84,"featured_media":0,"parent":0,"menu_order":0,"comment_status":"closed","ping_status":"closed","template":"","meta":[],"yoast_head":"<!-- This site is optimized with the Yoast SEO plugin v18.9 - https:\/\/yoast.com\/wordpress\/plugins\/seo\/ -->\n<title>Propiedad Intelectual y Transferencia Tecnol\u00f3gica -<\/title>\n<meta name=\"robots\" content=\"index, follow, max-snippet:-1, max-image-preview:large, max-video-preview:-1\" \/>\n<link rel=\"canonical\" href=\"https:\/\/dinn.ucsc.cl\/index.php\/propiedad-intelectual-y-transferencia-tecnologica\/\" \/>\n<meta property=\"og:locale\" content=\"es_ES\" \/>\n<meta property=\"og:type\" content=\"article\" \/>\n<meta property=\"og:title\" content=\"Propiedad Intelectual y Transferencia Tecnol\u00f3gica -\" \/>\n<meta property=\"og:description\" content=\"La Direcci\u00f3n de Innovaci\u00f3n gestiona activos intangibles basados en propiedad Intelectual generados por la Comunidad Universitaria, a trav\u00e9s de la Oficina de Transferencia Tecnol\u00f3gica (OTT) de la UCSC, la cual ofrece a los investigadores de la Universidad los siguientes servicios: Evaluaci\u00f3n del potencial de propiedad intelectual (P.I.): Este servicio consiste en realizar una b\u00fasqueda del [&hellip;]\" \/>\n<meta property=\"og:url\" content=\"https:\/\/dinn.ucsc.cl\/index.php\/propiedad-intelectual-y-transferencia-tecnologica\/\" \/>\n<meta property=\"article:publisher\" content=\"https:\/\/m.facebook.com\/DINNUCSC\" \/>\n<meta property=\"article:modified_time\" content=\"2023-01-10T19:51:21+00:00\" \/>\n<meta property=\"og:image\" content=\"https:\/\/sitios.ucsc.cl\/investigacion\/wp-content\/uploads\/sites\/14\/2020\/10\/TT.png\" \/>\n<meta name=\"twitter:card\" content=\"summary\" \/>\n<meta name=\"twitter:site\" content=\"@dinn_ucsc\" \/>\n<meta name=\"twitter:label1\" content=\"Tiempo de lectura\" \/>\n\t<meta name=\"twitter:data1\" content=\"2 minutos\" \/>\n<script type=\"application\/ld+json\" class=\"yoast-schema-graph\">{\"@context\":\"https:\/\/schema.org\",\"@graph\":[{\"@type\":\"WebSite\",\"@id\":\"https:\/\/dinn.ucsc.cl\/#website\",\"url\":\"https:\/\/dinn.ucsc.cl\/\",\"name\":\"Direcci\u00f3n de Innovaci\u00f3n UCSC\",\"description\":\"Direcci\u00f3n de Innovaci\u00f3n\",\"potentialAction\":[{\"@type\":\"SearchAction\",\"target\":{\"@type\":\"EntryPoint\",\"urlTemplate\":\"https:\/\/dinn.ucsc.cl\/?s={search_term_string}\"},\"query-input\":\"required name=search_term_string\"}],\"inLanguage\":\"es\"},{\"@type\":\"ImageObject\",\"inLanguage\":\"es\",\"@id\":\"https:\/\/dinn.ucsc.cl\/index.php\/propiedad-intelectual-y-transferencia-tecnologica\/#primaryimage\",\"url\":\"https:\/\/sitios.ucsc.cl\/investigacion\/wp-content\/uploads\/sites\/14\/2020\/10\/TT.png\",\"contentUrl\":\"https:\/\/sitios.ucsc.cl\/investigacion\/wp-content\/uploads\/sites\/14\/2020\/10\/TT.png\"},{\"@type\":\"WebPage\",\"@id\":\"https:\/\/dinn.ucsc.cl\/index.php\/propiedad-intelectual-y-transferencia-tecnologica\/#webpage\",\"url\":\"https:\/\/dinn.ucsc.cl\/index.php\/propiedad-intelectual-y-transferencia-tecnologica\/\",\"name\":\"Propiedad Intelectual y Transferencia Tecnol\u00f3gica -\",\"isPartOf\":{\"@id\":\"https:\/\/dinn.ucsc.cl\/#website\"},\"primaryImageOfPage\":{\"@id\":\"https:\/\/dinn.ucsc.cl\/index.php\/propiedad-intelectual-y-transferencia-tecnologica\/#primaryimage\"},\"datePublished\":\"2020-10-07T19:30:37+00:00\",\"dateModified\":\"2023-01-10T19:51:21+00:00\",\"breadcrumb\":{\"@id\":\"https:\/\/dinn.ucsc.cl\/index.php\/propiedad-intelectual-y-transferencia-tecnologica\/#breadcrumb\"},\"inLanguage\":\"es\",\"potentialAction\":[{\"@type\":\"ReadAction\",\"target\":[\"https:\/\/dinn.ucsc.cl\/index.php\/propiedad-intelectual-y-transferencia-tecnologica\/\"]}]},{\"@type\":\"BreadcrumbList\",\"@id\":\"https:\/\/dinn.ucsc.cl\/index.php\/propiedad-intelectual-y-transferencia-tecnologica\/#breadcrumb\",\"itemListElement\":[{\"@type\":\"ListItem\",\"position\":1,\"name\":\"Inicio\",\"item\":\"https:\/\/dinn.ucsc.cl\/\"},{\"@type\":\"ListItem\",\"position\":2,\"name\":\"Propiedad Intelectual y Transferencia Tecnol\u00f3gica\"}]}]}<\/script>\n<!-- \/ Yoast SEO plugin. -->","yoast_head_json":{"title":"Propiedad Intelectual y Transferencia Tecnol\u00f3gica -","robots":{"index":"index","follow":"follow","max-snippet":"max-snippet:-1","max-image-preview":"max-image-preview:large","max-video-preview":"max-video-preview:-1"},"canonical":"https:\/\/dinn.ucsc.cl\/index.php\/propiedad-intelectual-y-transferencia-tecnologica\/","og_locale":"es_ES","og_type":"article","og_title":"Propiedad Intelectual y Transferencia Tecnol\u00f3gica -","og_description":"La Direcci\u00f3n de Innovaci\u00f3n gestiona activos intangibles basados en propiedad Intelectual generados por la Comunidad Universitaria, a trav\u00e9s de la Oficina de Transferencia Tecnol\u00f3gica (OTT) de la UCSC, la cual ofrece a los investigadores de la Universidad los siguientes servicios: Evaluaci\u00f3n del potencial de propiedad intelectual (P.I.): Este servicio consiste en realizar una b\u00fasqueda del [&hellip;]","og_url":"https:\/\/dinn.ucsc.cl\/index.php\/propiedad-intelectual-y-transferencia-tecnologica\/","article_publisher":"https:\/\/m.facebook.com\/DINNUCSC","article_modified_time":"2023-01-10T19:51:21+00:00","og_image":[{"url":"https:\/\/sitios.ucsc.cl\/investigacion\/wp-content\/uploads\/sites\/14\/2020\/10\/TT.png"}],"twitter_card":"summary","twitter_site":"@dinn_ucsc","twitter_misc":{"Tiempo de lectura":"2 minutos"},"schema":{"@context":"https:\/\/schema.org","@graph":[{"@type":"WebSite","@id":"https:\/\/dinn.ucsc.cl\/#website","url":"https:\/\/dinn.ucsc.cl\/","name":"Direcci\u00f3n de Innovaci\u00f3n UCSC","description":"Direcci\u00f3n de Innovaci\u00f3n","potentialAction":[{"@type":"SearchAction","target":{"@type":"EntryPoint","urlTemplate":"https:\/\/dinn.ucsc.cl\/?s={search_term_string}"},"query-input":"required name=search_term_string"}],"inLanguage":"es"},{"@type":"ImageObject","inLanguage":"es","@id":"https:\/\/dinn.ucsc.cl\/index.php\/propiedad-intelectual-y-transferencia-tecnologica\/#primaryimage","url":"https:\/\/sitios.ucsc.cl\/investigacion\/wp-content\/uploads\/sites\/14\/2020\/10\/TT.png","contentUrl":"https:\/\/sitios.ucsc.cl\/investigacion\/wp-content\/uploads\/sites\/14\/2020\/10\/TT.png"},{"@type":"WebPage","@id":"https:\/\/dinn.ucsc.cl\/index.php\/propiedad-intelectual-y-transferencia-tecnologica\/#webpage","url":"https:\/\/dinn.ucsc.cl\/index.php\/propiedad-intelectual-y-transferencia-tecnologica\/","name":"Propiedad Intelectual y Transferencia Tecnol\u00f3gica -","isPartOf":{"@id":"https:\/\/dinn.ucsc.cl\/#website"},"primaryImageOfPage":{"@id":"https:\/\/dinn.ucsc.cl\/index.php\/propiedad-intelectual-y-transferencia-tecnologica\/#primaryimage"},"datePublished":"2020-10-07T19:30:37+00:00","dateModified":"2023-01-10T19:51:21+00:00","breadcrumb":{"@id":"https:\/\/dinn.ucsc.cl\/index.php\/propiedad-intelectual-y-transferencia-tecnologica\/#breadcrumb"},"inLanguage":"es","potentialAction":[{"@type":"ReadAction","target":["https:\/\/dinn.ucsc.cl\/index.php\/propiedad-intelectual-y-transferencia-tecnologica\/"]}]},{"@type":"BreadcrumbList","@id":"https:\/\/dinn.ucsc.cl\/index.php\/propiedad-intelectual-y-transferencia-tecnologica\/#breadcrumb","itemListElement":[{"@type":"ListItem","position":1,"name":"Inicio","item":"https:\/\/dinn.ucsc.cl\/"},{"@type":"ListItem","position":2,"name":"Propiedad Intelectual y Transferencia Tecnol\u00f3gica"}]}]}},"_links":{"self":[{"href":"https:\/\/dinn.ucsc.cl\/index.php\/wp-json\/wp\/v2\/pages\/2314"}],"collection":[{"href":"https:\/\/dinn.ucsc.cl\/index.php\/wp-json\/wp\/v2\/pages"}],"about":[{"href":"https:\/\/dinn.ucsc.cl\/index.php\/wp-json\/wp\/v2\/types\/page"}],"author":[{"embeddable":true,"href":"https:\/\/dinn.ucsc.cl\/index.php\/wp-json\/wp\/v2\/users\/84"}],"replies":[{"embeddable":true,"href":"https:\/\/dinn.ucsc.cl\/index.php\/wp-json\/wp\/v2\/comments?post=2314"}],"version-history":[{"count":22,"href":"https:\/\/dinn.ucsc.cl\/index.php\/wp-json\/wp\/v2\/pages\/2314\/revisions"}],"predecessor-version":[{"id":4799,"href":"https:\/\/dinn.ucsc.cl\/index.php\/wp-json\/wp\/v2\/pages\/2314\/revisions\/4799"}],"wp:attachment":[{"href":"https:\/\/dinn.ucsc.cl\/index.php\/wp-json\/wp\/v2\/media?parent=2314"}],"curies":[{"name":"wp","href":"https:\/\/api.w.org\/{rel}","templated":true}]}}