{"id":2497,"date":"2020-10-20T16:20:45","date_gmt":"2020-10-20T19:20:45","guid":{"rendered":"https:\/\/dinn.ucsc.cl\/?page_id=2497"},"modified":"2023-01-10T15:50:54","modified_gmt":"2023-01-10T18:50:54","slug":"activa-biobio","status":"publish","type":"page","link":"https:\/\/dinn.ucsc.cl\/index.php\/activa-biobio\/","title":{"rendered":"Activa Biob\u00edo"},"content":{"rendered":"<p>Un programa liderado por la Direcci\u00f3n de Innovaci\u00f3n de la UCSC, a trav\u00e9s de la Unidad de Apoyo a la Innovaci\u00f3n y financiado con fondos del Comit\u00e9 de Desarrollo Productivo Regional-Corfo Biob\u00edo, que busc\u00f3 promover los emprendimientos ligados al \u00e1rea del turismo y multimedia en la Regi\u00f3n del Biob\u00edo.<\/p>\n<p>Particularmente, en turismo, este proyecto busc\u00f3 apoyar ideas con enfoque \u00a0patrimonial y experiencial y la incorporaci\u00f3n de nuevas tecnolog\u00edas. Mientras que en multimedia se apoyo el proceso de realizaci\u00f3n de contenidos para cine, televisi\u00f3n y\/o publicidad, orientados para su comercializaci\u00f3n a nivel nacional e internacional.<\/p>\n<p><iframe loading=\"lazy\" title=\"Ceremonia final del Concurso Activa Biob\u00edo 2019\" width=\"500\" height=\"281\" src=\"https:\/\/www.youtube.com\/embed\/LrHVfM8ickk?feature=oembed\" frameborder=\"0\" allow=\"accelerometer; autoplay; clipboard-write; encrypted-media; gyroscope; picture-in-picture; web-share\" allowfullscreen><\/iframe><\/p>\n<h3 style=\"text-align: left\"><a href=\"https:\/\/www.ucsc.cl\/noticias\/activa-biobio-certifico-a-emprendedores-en-turismo-y-multimedia\/\" target=\"_blank\" rel=\"noopener\">Revisa la nota y galer\u00eda fotogr\u00e1fica aqu\u00ed.<\/a><\/h3>\n","protected":false},"excerpt":{"rendered":"<p>Un programa liderado por la Direcci\u00f3n de Innovaci\u00f3n de la UCSC, a trav\u00e9s de la Unidad de Apoyo a la Innovaci\u00f3n y financiado con fondos del Comit\u00e9 de Desarrollo Productivo Regional-Corfo Biob\u00edo, que busc\u00f3 promover los emprendimientos ligados al \u00e1rea del turismo y multimedia en la Regi\u00f3n del Biob\u00edo. Particularmente, en turismo, este proyecto busc\u00f3 [&hellip;]<\/p>\n","protected":false},"author":84,"featured_media":0,"parent":0,"menu_order":0,"comment_status":"closed","ping_status":"closed","template":"","meta":[],"yoast_head":"<!-- This site is optimized with the Yoast SEO plugin v18.9 - https:\/\/yoast.com\/wordpress\/plugins\/seo\/ -->\n<title>Activa Biob\u00edo -<\/title>\n<meta name=\"robots\" content=\"index, follow, max-snippet:-1, max-image-preview:large, max-video-preview:-1\" \/>\n<link rel=\"canonical\" href=\"https:\/\/dinn.ucsc.cl\/index.php\/activa-biobio\/\" \/>\n<meta property=\"og:locale\" content=\"es_ES\" \/>\n<meta property=\"og:type\" content=\"article\" \/>\n<meta property=\"og:title\" content=\"Activa Biob\u00edo -\" \/>\n<meta property=\"og:description\" content=\"Un programa liderado por la Direcci\u00f3n de Innovaci\u00f3n de la UCSC, a trav\u00e9s de la Unidad de Apoyo a la Innovaci\u00f3n y financiado con fondos del Comit\u00e9 de Desarrollo Productivo Regional-Corfo Biob\u00edo, que busc\u00f3 promover los emprendimientos ligados al \u00e1rea del turismo y multimedia en la Regi\u00f3n del Biob\u00edo. Particularmente, en turismo, este proyecto busc\u00f3 [&hellip;]\" \/>\n<meta property=\"og:url\" content=\"https:\/\/dinn.ucsc.cl\/index.php\/activa-biobio\/\" \/>\n<meta property=\"article:publisher\" content=\"https:\/\/m.facebook.com\/DINNUCSC\" \/>\n<meta property=\"article:modified_time\" content=\"2023-01-10T18:50:54+00:00\" \/>\n<meta name=\"twitter:card\" content=\"summary\" \/>\n<meta name=\"twitter:site\" content=\"@dinn_ucsc\" \/>\n<meta name=\"twitter:label1\" content=\"Tiempo de lectura\" \/>\n\t<meta name=\"twitter:data1\" content=\"1 minuto\" \/>\n<script type=\"application\/ld+json\" class=\"yoast-schema-graph\">{\"@context\":\"https:\/\/schema.org\",\"@graph\":[{\"@type\":\"WebSite\",\"@id\":\"https:\/\/dinn.ucsc.cl\/#website\",\"url\":\"https:\/\/dinn.ucsc.cl\/\",\"name\":\"Direcci\u00f3n de Innovaci\u00f3n UCSC\",\"description\":\"Direcci\u00f3n de Innovaci\u00f3n\",\"potentialAction\":[{\"@type\":\"SearchAction\",\"target\":{\"@type\":\"EntryPoint\",\"urlTemplate\":\"https:\/\/dinn.ucsc.cl\/?s={search_term_string}\"},\"query-input\":\"required name=search_term_string\"}],\"inLanguage\":\"es\"},{\"@type\":\"WebPage\",\"@id\":\"https:\/\/dinn.ucsc.cl\/index.php\/activa-biobio\/#webpage\",\"url\":\"https:\/\/dinn.ucsc.cl\/index.php\/activa-biobio\/\",\"name\":\"Activa Biob\u00edo -\",\"isPartOf\":{\"@id\":\"https:\/\/dinn.ucsc.cl\/#website\"},\"datePublished\":\"2020-10-20T19:20:45+00:00\",\"dateModified\":\"2023-01-10T18:50:54+00:00\",\"breadcrumb\":{\"@id\":\"https:\/\/dinn.ucsc.cl\/index.php\/activa-biobio\/#breadcrumb\"},\"inLanguage\":\"es\",\"potentialAction\":[{\"@type\":\"ReadAction\",\"target\":[\"https:\/\/dinn.ucsc.cl\/index.php\/activa-biobio\/\"]}]},{\"@type\":\"BreadcrumbList\",\"@id\":\"https:\/\/dinn.ucsc.cl\/index.php\/activa-biobio\/#breadcrumb\",\"itemListElement\":[{\"@type\":\"ListItem\",\"position\":1,\"name\":\"Inicio\",\"item\":\"https:\/\/dinn.ucsc.cl\/\"},{\"@type\":\"ListItem\",\"position\":2,\"name\":\"Activa Biob\u00edo\"}]}]}<\/script>\n<!-- \/ Yoast SEO plugin. -->","yoast_head_json":{"title":"Activa Biob\u00edo -","robots":{"index":"index","follow":"follow","max-snippet":"max-snippet:-1","max-image-preview":"max-image-preview:large","max-video-preview":"max-video-preview:-1"},"canonical":"https:\/\/dinn.ucsc.cl\/index.php\/activa-biobio\/","og_locale":"es_ES","og_type":"article","og_title":"Activa Biob\u00edo -","og_description":"Un programa liderado por la Direcci\u00f3n de Innovaci\u00f3n de la UCSC, a trav\u00e9s de la Unidad de Apoyo a la Innovaci\u00f3n y financiado con fondos del Comit\u00e9 de Desarrollo Productivo Regional-Corfo Biob\u00edo, que busc\u00f3 promover los emprendimientos ligados al \u00e1rea del turismo y multimedia en la Regi\u00f3n del Biob\u00edo. Particularmente, en turismo, este proyecto busc\u00f3 [&hellip;]","og_url":"https:\/\/dinn.ucsc.cl\/index.php\/activa-biobio\/","article_publisher":"https:\/\/m.facebook.com\/DINNUCSC","article_modified_time":"2023-01-10T18:50:54+00:00","twitter_card":"summary","twitter_site":"@dinn_ucsc","twitter_misc":{"Tiempo de lectura":"1 minuto"},"schema":{"@context":"https:\/\/schema.org","@graph":[{"@type":"WebSite","@id":"https:\/\/dinn.ucsc.cl\/#website","url":"https:\/\/dinn.ucsc.cl\/","name":"Direcci\u00f3n de Innovaci\u00f3n UCSC","description":"Direcci\u00f3n de Innovaci\u00f3n","potentialAction":[{"@type":"SearchAction","target":{"@type":"EntryPoint","urlTemplate":"https:\/\/dinn.ucsc.cl\/?s={search_term_string}"},"query-input":"required name=search_term_string"}],"inLanguage":"es"},{"@type":"WebPage","@id":"https:\/\/dinn.ucsc.cl\/index.php\/activa-biobio\/#webpage","url":"https:\/\/dinn.ucsc.cl\/index.php\/activa-biobio\/","name":"Activa Biob\u00edo -","isPartOf":{"@id":"https:\/\/dinn.ucsc.cl\/#website"},"datePublished":"2020-10-20T19:20:45+00:00","dateModified":"2023-01-10T18:50:54+00:00","breadcrumb":{"@id":"https:\/\/dinn.ucsc.cl\/index.php\/activa-biobio\/#breadcrumb"},"inLanguage":"es","potentialAction":[{"@type":"ReadAction","target":["https:\/\/dinn.ucsc.cl\/index.php\/activa-biobio\/"]}]},{"@type":"BreadcrumbList","@id":"https:\/\/dinn.ucsc.cl\/index.php\/activa-biobio\/#breadcrumb","itemListElement":[{"@type":"ListItem","position":1,"name":"Inicio","item":"https:\/\/dinn.ucsc.cl\/"},{"@type":"ListItem","position":2,"name":"Activa Biob\u00edo"}]}]}},"_links":{"self":[{"href":"https:\/\/dinn.ucsc.cl\/index.php\/wp-json\/wp\/v2\/pages\/2497"}],"collection":[{"href":"https:\/\/dinn.ucsc.cl\/index.php\/wp-json\/wp\/v2\/pages"}],"about":[{"href":"https:\/\/dinn.ucsc.cl\/index.php\/wp-json\/wp\/v2\/types\/page"}],"author":[{"embeddable":true,"href":"https:\/\/dinn.ucsc.cl\/index.php\/wp-json\/wp\/v2\/users\/84"}],"replies":[{"embeddable":true,"href":"https:\/\/dinn.ucsc.cl\/index.php\/wp-json\/wp\/v2\/comments?post=2497"}],"version-history":[{"count":4,"href":"https:\/\/dinn.ucsc.cl\/index.php\/wp-json\/wp\/v2\/pages\/2497\/revisions"}],"predecessor-version":[{"id":4788,"href":"https:\/\/dinn.ucsc.cl\/index.php\/wp-json\/wp\/v2\/pages\/2497\/revisions\/4788"}],"wp:attachment":[{"href":"https:\/\/dinn.ucsc.cl\/index.php\/wp-json\/wp\/v2\/media?parent=2497"}],"curies":[{"name":"wp","href":"https:\/\/api.w.org\/{rel}","templated":true}]}}