{"id":4108,"date":"2022-11-23T17:35:40","date_gmt":"2022-11-23T20:35:40","guid":{"rendered":"https:\/\/dinn.ucsc.cl\/?page_id=4108"},"modified":"2024-10-10T10:34:36","modified_gmt":"2024-10-10T13:34:36","slug":"sistema-de-autolimpieza-para-acuicultura","status":"publish","type":"page","link":"https:\/\/dinn.ucsc.cl\/index.php\/sistema-de-autolimpieza-para-acuicultura\/","title":{"rendered":"Sistema de Autolimpieza para Acuicultura"},"content":{"rendered":"<table class=\" alignleft\" style=\"font-size: 1rem;height: 1635px;width: 821px\">\n<tbody>\n<tr style=\"height: 159px\">\n<td style=\"width: 1394px;height: 159px\" colspan=\"5\"><strong><img loading=\"lazy\" class=\"wp-image-3135 aligncenter\" src=\"https:\/\/sitios.ucsc.cl\/ott\/wp-content\/uploads\/sites\/15\/2022\/09\/OTT_Tec_6_2022.png\" alt=\"\" width=\"754\" height=\"154\" \/><\/strong><\/td>\n<\/tr>\n<tr style=\"height: 121px\">\n<td style=\"width: 3px;height: 83px\"><\/td>\n<td style=\"width: 70.0469px;height: 83px\"><\/td>\n<td style=\"width: 10px;height: 83px\"><\/td>\n<td style=\"width: 1307.95px;height: 83px\">\n<p style=\"text-align: justify\"><strong>Propiedad Intelectual \u2013 Patentes en Fase Nacional:<br \/>\n<\/strong>Chile: N\u00b0 registro 68.740 (patente concedida)<br \/>\nCanad\u00e1: N\u00b0 registro 3.161.544 (patente concedida)<br \/>\nUni\u00f3n Europea: EP4074175 (solicitud de patente)<\/p>\n<\/td>\n<td style=\"width: 3px;text-align: justify;height: 83px\">\n<h3><\/h3>\n<\/td>\n<\/tr>\n<tr style=\"height: 52px\">\n<td style=\"width: 3px;height: 52px\"><\/td>\n<td style=\"width: 70.0469px;height: 52px\"><img loading=\"lazy\" class=\"aligncenter size-full wp-image-2827\" src=\"https:\/\/sitios.ucsc.cl\/ott\/wp-content\/uploads\/sites\/15\/2022\/07\/OTT_TEC_1.png\" alt=\"\" width=\"50\" height=\"50\" \/><\/td>\n<td style=\"width: 10px;height: 52px\"><\/td>\n<td style=\"width: 1307.95px;height: 52px\">\n<h3 style=\"text-align: justify\">Tecnolog\u00eda desarrollada<\/h3>\n<\/td>\n<td style=\"width: 3px;height: 52px;text-align: justify\">\n<h3><\/h3>\n<\/td>\n<\/tr>\n<tr style=\"height: 300px\">\n<td style=\"width: 3px;height: 181px\"><\/td>\n<td style=\"width: 70.0469px;height: 181px\"><\/td>\n<td style=\"width: 10px;height: 181px\"><\/td>\n<td style=\"width: 1307.95px;height: 181px\">\n<p style=\"text-align: justify\">Es un sistema f\u00edsico (disco de fijaci\u00f3n) y un m\u00e9todo que permite la remoci\u00f3n r\u00e1pida y continua de residuos s\u00f3lidos que se acumulan al interior de los estanques circulares de cultivo utilizados en acuicultura en tierra. El sistema optimiza las condiciones fluido-din\u00e1micas que aseguran la formaci\u00f3n del efecto de autolimpieza y mezcla en el estanque con bajo consumo de agua y energ\u00eda. La remoci\u00f3n de los residuos y la mezcla se realiza incluso cuando las condiciones fluido-din\u00e1micas en el estanque, velocidad de rotaci\u00f3n del agua y\/o la relaci\u00f3n de aspecto entre el di\u00e1metro del estanque y la altura del agua, no son las consideradas adecuadas o convencionales seg\u00fan el estado del arte. La presente tecnolog\u00eda no requiere para su operaci\u00f3n generar valores de velocidad circular en el agua que afecten negativamente al normal desarrollo de las especies en cultivo, as\u00ed como tambi\u00e9n, no requiere modificar estructuralmente los estanques existentes.<\/p>\n<\/td>\n<td style=\"width: 3px;height: 181px\"><\/td>\n<\/tr>\n<tr style=\"height: 52px;text-align: justify\">\n<td style=\"width: 3px;height: 52px\"><\/td>\n<td style=\"width: 70.0469px;height: 52px\"><img loading=\"lazy\" class=\"aligncenter size-full wp-image-2828\" src=\"https:\/\/sitios.ucsc.cl\/ott\/wp-content\/uploads\/sites\/15\/2022\/07\/OTT_TEC_2.png\" alt=\"\" width=\"50\" height=\"50\" \/><\/td>\n<td style=\"width: 10px;height: 52px\"><\/td>\n<td style=\"width: 1307.95px;height: 52px\">\n<h3>Beneficios \/ Ventajas<\/h3>\n<\/td>\n<td style=\"width: 3px;height: 52px\"><\/td>\n<\/tr>\n<tr style=\"height: 556px\">\n<td style=\"width: 3px;height: 347px\"><\/td>\n<td style=\"width: 70.0469px;height: 347px\"><\/td>\n<td style=\"width: 10px;height: 347px\"><\/td>\n<td style=\"width: 1307.95px;height: 347px\">\n<p style=\"text-align: justify\">\u2022 Mejora la calidad del agua al interior de los estanques de cultivo, al permitir la remoci\u00f3n r\u00e1pida y continua los residuos s\u00f3lidos org\u00e1nicos que se acumulan en los estanques, evitando su degradaci\u00f3n.<br \/>\n\u2022 Permite asegurar condiciones hidr\u00e1ulicas adecuadas para el cultivo seguro de las primeras etapas de desarrollo de los alevines (profundidad y velocidad del agua), evitando el estr\u00e9s o da\u00f1o mec\u00e1nico en los individuos.<br \/>\n\u2022 Permite asegurar condiciones de autolimpieza y mezcla apropiadas al interior de los estanques de cultivo, sin la necesidad de satisfacer las condiciones convencionales de velocidad angular del agua y\/o una relaci\u00f3n de aspecto determinada entre el di\u00e1metro del estanque y la altura de agua, no son las consideradas adecuadas o convencionales seg\u00fan el estado del arte.<br \/>\n\u2022 Esta tecnolog\u00eda no requiere del uso de altas tasas de reuso de agua para generar velocidad circular o arrastre de part\u00edculas al interior de los estanques, por lo que se reduce dr\u00e1sticamente el consumo de este insumo, el tama\u00f1o de los sistemas y equipos para su tratamiento y acondicionamiento, el espacio para estos equipamientos y principalmente, la demanda de energ\u00eda para toda la operaci\u00f3n.<br \/>\n\u2022 Dadas las cualidades de la tecnolog\u00eda, esta es muy \u00fatil en las fases tempranas del cultivo de alevines de salmones e igual de relevante para el cultivo de especies bent\u00f3nicas como peces planos, moluscos o crust\u00e1ceos.<br \/>\n\u2022 La tecnolog\u00eda no es invasiva ni da\u00f1ina para las especies en cultivo.<br \/>\n\u2022 No se requiere modificar ni reemplazar los estanques de cultivo existentes.<\/p>\n<\/td>\n<td style=\"width: 3px;height: 347px\"><\/td>\n<\/tr>\n<tr style=\"height: 52px;text-align: justify\">\n<td style=\"width: 3px;height: 30px\"><\/td>\n<td style=\"width: 70.0469px;height: 30px\"><img loading=\"lazy\" class=\"aligncenter size-full wp-image-2829\" src=\"https:\/\/sitios.ucsc.cl\/ott\/wp-content\/uploads\/sites\/15\/2022\/07\/OTT_TEC_3.png\" alt=\"\" width=\"50\" height=\"50\" \/><\/td>\n<td style=\"width: 10px;height: 30px\"><\/td>\n<td style=\"width: 1307.95px;height: 30px\">\n<h3>Usos \/ Aplicaciones<\/h3>\n<\/td>\n<td style=\"width: 3px;height: 30px\"><\/td>\n<\/tr>\n<tr style=\"height: 105px;text-align: justify\">\n<td style=\"width: 3px;height: 105px\"><\/td>\n<td style=\"width: 70.0469px;height: 105px\"><\/td>\n<td style=\"width: 10px;height: 105px\"><\/td>\n<td style=\"width: 1307.95px;height: 105px\">El sistema de autolimpieza puede ser utilizado en acuicultura confinada en tierra de peque\u00f1a, mediana y gran escala, en donde se requiera generar y asegurar condiciones de cultivo y de calidad de agua adecuadas para la especie de inter\u00e9s comercial, y reducir consumos de agua y energ\u00eda. En particular, aplicaci\u00f3n en la industria acu\u00edcola de moluscos, crust\u00e1ceos, algas y peces (pel\u00e1gicos, bent\u00f3nicos, demersales).<\/td>\n<td style=\"width: 3px;height: 105px\"><\/td>\n<\/tr>\n<tr style=\"height: 52px;text-align: justify\">\n<td style=\"width: 3px;height: 52px\"><\/td>\n<td style=\"width: 70.0469px;height: 52px\"><img loading=\"lazy\" class=\"aligncenter size-full wp-image-2830\" src=\"https:\/\/sitios.ucsc.cl\/ott\/wp-content\/uploads\/sites\/15\/2022\/07\/OTT_TEC_4.png\" alt=\"\" width=\"50\" height=\"50\" \/><\/td>\n<td style=\"width: 10px;height: 52px\"><\/td>\n<td style=\"width: 1307.95px;height: 52px\">\n<h3>Oferta tecnol\u00f3gica<\/h3>\n<\/td>\n<td style=\"width: 3px;height: 52px\"><\/td>\n<\/tr>\n<tr style=\"height: 28px;text-align: justify\">\n<td style=\"width: 3px;height: 28px\"><\/td>\n<td style=\"width: 70.0469px;height: 28px\"><\/td>\n<td style=\"width: 10px;height: 28px\"><\/td>\n<td style=\"width: 1307.95px;height: 28px\">Tecnolog\u00eda disponible para licenciamiento.<\/td>\n<td style=\"width: 3px;height: 28px\"><\/td>\n<\/tr>\n<tr style=\"height: 52px;text-align: justify\">\n<td style=\"width: 3px;height: 52px\"><\/td>\n<td style=\"width: 70.0469px;height: 52px\"><img loading=\"lazy\" class=\"aligncenter size-full wp-image-2831\" src=\"https:\/\/sitios.ucsc.cl\/ott\/wp-content\/uploads\/sites\/15\/2022\/07\/OTT_TEC_5.png\" alt=\"\" width=\"50\" height=\"50\" \/><\/td>\n<td style=\"width: 10px;height: 52px\"><\/td>\n<td style=\"width: 1307.95px;height: 52px\">\n<h3>Estado de desarrollo<\/h3>\n<\/td>\n<td style=\"width: 3px;height: 52px\"><\/td>\n<\/tr>\n<tr style=\"height: 53px;text-align: justify\">\n<td style=\"width: 3px;height: 53px\"><\/td>\n<td style=\"width: 70.0469px;height: 53px\"><\/td>\n<td style=\"width: 10px;height: 53px\"><\/td>\n<td style=\"width: 1307.95px;height: 53px\">TRL 5, ya que cuenta con pruebas a nivel experimental y validaci\u00f3n de componentes y\/o disposici\u00f3n de los mismos en entorno relevante, espec\u00edficamente en estanques de 2,3 metros de di\u00e1metro.<\/td>\n<td style=\"width: 3px;height: 53px\"><\/td>\n<\/tr>\n<tr style=\"height: 52px;text-align: justify\">\n<td style=\"width: 3px;height: 52px\"><\/td>\n<td style=\"width: 70.0469px;height: 52px\"><img loading=\"lazy\" class=\"aligncenter size-full wp-image-2832\" src=\"https:\/\/sitios.ucsc.cl\/ott\/wp-content\/uploads\/sites\/15\/2022\/07\/OTT_TEC_6.png\" alt=\"\" width=\"50\" height=\"50\" \/><\/td>\n<td style=\"width: 10px;height: 52px\"><\/td>\n<td style=\"width: 1307.95px;height: 52px\">\n<h3>Investigador principal<\/h3>\n<\/td>\n<td style=\"width: 3px;height: 52px\"><\/td>\n<\/tr>\n<tr style=\"height: 53px\">\n<td style=\"width: 3px;height: 53px;text-align: justify\"><\/td>\n<td style=\"width: 70.0469px;height: 53px;text-align: justify\"><\/td>\n<td style=\"width: 10px;text-align: justify;height: 53px\"><\/td>\n<td style=\"width: 1307.95px;height: 53px;text-align: justify\"><a href=\"https:\/\/ingenieria.ucsc.cl\/persona\/pablo-venegas-cabello\/\">MSc. Pablo Venegas Cabello<\/a>, Facultad de Ingenier\u00eda.<br \/>\nMSc. Katherine Llancaleo S\u00e1nchez, Facultad de Ingenier\u00eda.<\/td>\n<td style=\"width: 3px;height: 53px\"><\/td>\n<\/tr>\n<tr style=\"height: 85px\">\n<td style=\"width: 3px;height: 54px;text-align: center\"><\/td>\n<td style=\"height: 54px;text-align: center;width: 1388px\" colspan=\"3\"><a href=\"http:\/\/sitios.ucsc.cl\/ott\/wp-content\/uploads\/sites\/15\/2020\/04\/brochure-ucscVF.pdf\"><strong>Ver brochure (espa\u00f1ol)<\/strong><\/a><\/td>\n<td style=\"width: 3px;height: 54px\"><\/td>\n<\/tr>\n<tr style=\"height: 66px\">\n<td style=\"width: 3px;text-align: center;height: 66px\"><\/td>\n<td style=\"width: 1388px;text-align: center;height: 66px\" colspan=\"3\"><iframe loading=\"lazy\" title=\"Sistema de Autolimpieza para Acuicultura\" width=\"500\" height=\"281\" src=\"https:\/\/www.youtube.com\/embed\/ZmKEDjjJlcQ?feature=oembed\" frameborder=\"0\" allow=\"accelerometer; autoplay; clipboard-write; encrypted-media; gyroscope; picture-in-picture; web-share\" referrerpolicy=\"strict-origin-when-cross-origin\" allowfullscreen><\/iframe><\/td>\n<td style=\"width: 3px;height: 66px\"><\/td>\n<\/tr>\n<tr style=\"height: 136px\">\n<td style=\"width: 3px;height: 111px\"><\/td>\n<td style=\"height: 111px;width: 1388px\" colspan=\"3\"><a href=\"https:\/\/dinn.ucsc.cl\/wp-content\/uploads\/sites\/14\/2023\/07\/OTT_Tec_6.pdf\"><img loading=\"lazy\" class=\"aligncenter wp-image-2220 size-medium\" src=\"https:\/\/sitios.ucsc.cl\/ott\/wp-content\/uploads\/sites\/15\/2022\/06\/Bot\u00f3n-descarga-300x61.png\" alt=\"\" width=\"300\" height=\"61\" \/><\/a><\/td>\n<td style=\"width: 3px;height: 111px\"><\/td>\n<\/tr>\n<tr style=\"height: 105px\">\n<td style=\"width: 1394px;height: 105px\" colspan=\"5\"><img loading=\"lazy\" class=\"aligncenter wp-image-3029\" src=\"https:\/\/sitios.ucsc.cl\/ott\/wp-content\/uploads\/sites\/15\/2022\/08\/Banner-1.png\" alt=\"\" width=\"774\" height=\"88\" \/><\/td>\n<\/tr>\n<\/tbody>\n<\/table>\n<p>&nbsp;<\/p>\n<p>&nbsp;<\/p>\n<p>&nbsp;<\/p>\n<p>&nbsp;<\/p>\n<p>&nbsp;<\/p>\n<p>&nbsp;<\/p>\n<div class=\"row\">\n\t<\/div>\n\n<p>&nbsp;<\/p>\n","protected":false},"excerpt":{"rendered":"<p>Propiedad Intelectual \u2013 Patentes en Fase Nacional: Chile: N\u00b0 registro 68.740 (patente concedida) Canad\u00e1: N\u00b0 registro 3.161.544 (patente concedida) Uni\u00f3n Europea: EP4074175 (solicitud de patente) Tecnolog\u00eda desarrollada Es un sistema f\u00edsico (disco de fijaci\u00f3n) y un m\u00e9todo que permite la remoci\u00f3n r\u00e1pida y continua de residuos s\u00f3lidos que se acumulan al interior de los estanques [&hellip;]<\/p>\n","protected":false},"author":84,"featured_media":0,"parent":0,"menu_order":0,"comment_status":"closed","ping_status":"closed","template":"","meta":[],"yoast_head":"<!-- This site is optimized with the Yoast SEO plugin v18.9 - https:\/\/yoast.com\/wordpress\/plugins\/seo\/ -->\n<title>Sistema de Autolimpieza para Acuicultura -<\/title>\n<meta name=\"robots\" content=\"index, follow, max-snippet:-1, max-image-preview:large, max-video-preview:-1\" \/>\n<link rel=\"canonical\" href=\"https:\/\/dinn.ucsc.cl\/index.php\/sistema-de-autolimpieza-para-acuicultura\/\" \/>\n<meta property=\"og:locale\" content=\"es_ES\" \/>\n<meta property=\"og:type\" content=\"article\" \/>\n<meta property=\"og:title\" content=\"Sistema de Autolimpieza para Acuicultura -\" \/>\n<meta property=\"og:description\" content=\"Propiedad Intelectual \u2013 Patentes en Fase Nacional: Chile: N\u00b0 registro 68.740 (patente concedida) Canad\u00e1: N\u00b0 registro 3.161.544 (patente concedida) Uni\u00f3n Europea: EP4074175 (solicitud de patente) Tecnolog\u00eda desarrollada Es un sistema f\u00edsico (disco de fijaci\u00f3n) y un m\u00e9todo que permite la remoci\u00f3n r\u00e1pida y continua de residuos s\u00f3lidos que se acumulan al interior de los estanques [&hellip;]\" \/>\n<meta property=\"og:url\" content=\"https:\/\/dinn.ucsc.cl\/index.php\/sistema-de-autolimpieza-para-acuicultura\/\" \/>\n<meta property=\"article:publisher\" content=\"https:\/\/m.facebook.com\/DINNUCSC\" \/>\n<meta property=\"article:modified_time\" content=\"2024-10-10T13:34:36+00:00\" \/>\n<meta property=\"og:image\" content=\"https:\/\/sitios.ucsc.cl\/ott\/wp-content\/uploads\/sites\/15\/2022\/09\/OTT_Tec_6_2022.png\" \/>\n<meta name=\"twitter:card\" content=\"summary\" \/>\n<meta name=\"twitter:site\" content=\"@dinn_ucsc\" \/>\n<meta name=\"twitter:label1\" content=\"Tiempo de lectura\" \/>\n\t<meta name=\"twitter:data1\" content=\"3 minutos\" \/>\n<script type=\"application\/ld+json\" class=\"yoast-schema-graph\">{\"@context\":\"https:\/\/schema.org\",\"@graph\":[{\"@type\":\"WebSite\",\"@id\":\"https:\/\/dinn.ucsc.cl\/#website\",\"url\":\"https:\/\/dinn.ucsc.cl\/\",\"name\":\"Direcci\u00f3n de Innovaci\u00f3n UCSC\",\"description\":\"Direcci\u00f3n de Innovaci\u00f3n\",\"potentialAction\":[{\"@type\":\"SearchAction\",\"target\":{\"@type\":\"EntryPoint\",\"urlTemplate\":\"https:\/\/dinn.ucsc.cl\/?s={search_term_string}\"},\"query-input\":\"required name=search_term_string\"}],\"inLanguage\":\"es\"},{\"@type\":\"ImageObject\",\"inLanguage\":\"es\",\"@id\":\"https:\/\/dinn.ucsc.cl\/index.php\/sistema-de-autolimpieza-para-acuicultura\/#primaryimage\",\"url\":\"https:\/\/sitios.ucsc.cl\/ott\/wp-content\/uploads\/sites\/15\/2022\/09\/OTT_Tec_6_2022.png\",\"contentUrl\":\"https:\/\/sitios.ucsc.cl\/ott\/wp-content\/uploads\/sites\/15\/2022\/09\/OTT_Tec_6_2022.png\"},{\"@type\":\"WebPage\",\"@id\":\"https:\/\/dinn.ucsc.cl\/index.php\/sistema-de-autolimpieza-para-acuicultura\/#webpage\",\"url\":\"https:\/\/dinn.ucsc.cl\/index.php\/sistema-de-autolimpieza-para-acuicultura\/\",\"name\":\"Sistema de Autolimpieza para Acuicultura -\",\"isPartOf\":{\"@id\":\"https:\/\/dinn.ucsc.cl\/#website\"},\"primaryImageOfPage\":{\"@id\":\"https:\/\/dinn.ucsc.cl\/index.php\/sistema-de-autolimpieza-para-acuicultura\/#primaryimage\"},\"datePublished\":\"2022-11-23T20:35:40+00:00\",\"dateModified\":\"2024-10-10T13:34:36+00:00\",\"breadcrumb\":{\"@id\":\"https:\/\/dinn.ucsc.cl\/index.php\/sistema-de-autolimpieza-para-acuicultura\/#breadcrumb\"},\"inLanguage\":\"es\",\"potentialAction\":[{\"@type\":\"ReadAction\",\"target\":[\"https:\/\/dinn.ucsc.cl\/index.php\/sistema-de-autolimpieza-para-acuicultura\/\"]}]},{\"@type\":\"BreadcrumbList\",\"@id\":\"https:\/\/dinn.ucsc.cl\/index.php\/sistema-de-autolimpieza-para-acuicultura\/#breadcrumb\",\"itemListElement\":[{\"@type\":\"ListItem\",\"position\":1,\"name\":\"Inicio\",\"item\":\"https:\/\/dinn.ucsc.cl\/\"},{\"@type\":\"ListItem\",\"position\":2,\"name\":\"Sistema de Autolimpieza para Acuicultura\"}]}]}<\/script>\n<!-- \/ Yoast SEO plugin. -->","yoast_head_json":{"title":"Sistema de Autolimpieza para Acuicultura -","robots":{"index":"index","follow":"follow","max-snippet":"max-snippet:-1","max-image-preview":"max-image-preview:large","max-video-preview":"max-video-preview:-1"},"canonical":"https:\/\/dinn.ucsc.cl\/index.php\/sistema-de-autolimpieza-para-acuicultura\/","og_locale":"es_ES","og_type":"article","og_title":"Sistema de Autolimpieza para Acuicultura -","og_description":"Propiedad Intelectual \u2013 Patentes en Fase Nacional: Chile: N\u00b0 registro 68.740 (patente concedida) Canad\u00e1: N\u00b0 registro 3.161.544 (patente concedida) Uni\u00f3n Europea: EP4074175 (solicitud de patente) Tecnolog\u00eda desarrollada Es un sistema f\u00edsico (disco de fijaci\u00f3n) y un m\u00e9todo que permite la remoci\u00f3n r\u00e1pida y continua de residuos s\u00f3lidos que se acumulan al interior de los estanques [&hellip;]","og_url":"https:\/\/dinn.ucsc.cl\/index.php\/sistema-de-autolimpieza-para-acuicultura\/","article_publisher":"https:\/\/m.facebook.com\/DINNUCSC","article_modified_time":"2024-10-10T13:34:36+00:00","og_image":[{"url":"https:\/\/sitios.ucsc.cl\/ott\/wp-content\/uploads\/sites\/15\/2022\/09\/OTT_Tec_6_2022.png"}],"twitter_card":"summary","twitter_site":"@dinn_ucsc","twitter_misc":{"Tiempo de lectura":"3 minutos"},"schema":{"@context":"https:\/\/schema.org","@graph":[{"@type":"WebSite","@id":"https:\/\/dinn.ucsc.cl\/#website","url":"https:\/\/dinn.ucsc.cl\/","name":"Direcci\u00f3n de Innovaci\u00f3n UCSC","description":"Direcci\u00f3n de Innovaci\u00f3n","potentialAction":[{"@type":"SearchAction","target":{"@type":"EntryPoint","urlTemplate":"https:\/\/dinn.ucsc.cl\/?s={search_term_string}"},"query-input":"required name=search_term_string"}],"inLanguage":"es"},{"@type":"ImageObject","inLanguage":"es","@id":"https:\/\/dinn.ucsc.cl\/index.php\/sistema-de-autolimpieza-para-acuicultura\/#primaryimage","url":"https:\/\/sitios.ucsc.cl\/ott\/wp-content\/uploads\/sites\/15\/2022\/09\/OTT_Tec_6_2022.png","contentUrl":"https:\/\/sitios.ucsc.cl\/ott\/wp-content\/uploads\/sites\/15\/2022\/09\/OTT_Tec_6_2022.png"},{"@type":"WebPage","@id":"https:\/\/dinn.ucsc.cl\/index.php\/sistema-de-autolimpieza-para-acuicultura\/#webpage","url":"https:\/\/dinn.ucsc.cl\/index.php\/sistema-de-autolimpieza-para-acuicultura\/","name":"Sistema de Autolimpieza para Acuicultura -","isPartOf":{"@id":"https:\/\/dinn.ucsc.cl\/#website"},"primaryImageOfPage":{"@id":"https:\/\/dinn.ucsc.cl\/index.php\/sistema-de-autolimpieza-para-acuicultura\/#primaryimage"},"datePublished":"2022-11-23T20:35:40+00:00","dateModified":"2024-10-10T13:34:36+00:00","breadcrumb":{"@id":"https:\/\/dinn.ucsc.cl\/index.php\/sistema-de-autolimpieza-para-acuicultura\/#breadcrumb"},"inLanguage":"es","potentialAction":[{"@type":"ReadAction","target":["https:\/\/dinn.ucsc.cl\/index.php\/sistema-de-autolimpieza-para-acuicultura\/"]}]},{"@type":"BreadcrumbList","@id":"https:\/\/dinn.ucsc.cl\/index.php\/sistema-de-autolimpieza-para-acuicultura\/#breadcrumb","itemListElement":[{"@type":"ListItem","position":1,"name":"Inicio","item":"https:\/\/dinn.ucsc.cl\/"},{"@type":"ListItem","position":2,"name":"Sistema de Autolimpieza para Acuicultura"}]}]}},"_links":{"self":[{"href":"https:\/\/dinn.ucsc.cl\/index.php\/wp-json\/wp\/v2\/pages\/4108"}],"collection":[{"href":"https:\/\/dinn.ucsc.cl\/index.php\/wp-json\/wp\/v2\/pages"}],"about":[{"href":"https:\/\/dinn.ucsc.cl\/index.php\/wp-json\/wp\/v2\/types\/page"}],"author":[{"embeddable":true,"href":"https:\/\/dinn.ucsc.cl\/index.php\/wp-json\/wp\/v2\/users\/84"}],"replies":[{"embeddable":true,"href":"https:\/\/dinn.ucsc.cl\/index.php\/wp-json\/wp\/v2\/comments?post=4108"}],"version-history":[{"count":12,"href":"https:\/\/dinn.ucsc.cl\/index.php\/wp-json\/wp\/v2\/pages\/4108\/revisions"}],"predecessor-version":[{"id":5982,"href":"https:\/\/dinn.ucsc.cl\/index.php\/wp-json\/wp\/v2\/pages\/4108\/revisions\/5982"}],"wp:attachment":[{"href":"https:\/\/dinn.ucsc.cl\/index.php\/wp-json\/wp\/v2\/media?parent=4108"}],"curies":[{"name":"wp","href":"https:\/\/api.w.org\/{rel}","templated":true}]}}