{"id":4119,"date":"2022-11-23T17:40:17","date_gmt":"2022-11-23T20:40:17","guid":{"rendered":"https:\/\/dinn.ucsc.cl\/?page_id=4119"},"modified":"2023-07-09T22:50:54","modified_gmt":"2023-07-10T02:50:54","slug":"sistema-de-cultivo-con-bandeja-para-moluscos-bivalvos","status":"publish","type":"page","link":"https:\/\/dinn.ucsc.cl\/index.php\/sistema-de-cultivo-con-bandeja-para-moluscos-bivalvos\/","title":{"rendered":"Sistema de cultivo con bandeja para moluscos bivalvos"},"content":{"rendered":"<table class=\" alignleft\" style=\"font-size: 1rem;width: 772px;height: 1469px\">\n<tbody>\n<tr style=\"height: 172px\">\n<td style=\"width: 771.2px;height: 172px\" colspan=\"4\"><img loading=\"lazy\" class=\"wp-image-3164 aligncenter\" src=\"https:\/\/sitios.ucsc.cl\/ott\/wp-content\/uploads\/sites\/15\/2022\/09\/OTT_Tec_11_2022.png\" alt=\"\" width=\"767\" height=\"157\" \/><\/td>\n<\/tr>\n<tr style=\"height: 57px\">\n<td style=\"width: 50.2px;text-align: justify;height: 57px\"><\/td>\n<td style=\"width: 56.225px;text-align: justify;height: 57px\"><\/td>\n<td style=\"width: 626.6px;text-align: justify;height: 57px\"><strong>Propiedad Intelectual \u2013 Solicitud de Patente PCT: PCT\/CL2021\/050129<\/strong><\/td>\n<td style=\"width: 38.175px;text-align: justify;height: 57px\">\n<h3><\/h3>\n<\/td>\n<\/tr>\n<tr style=\"text-align: justify\">\n<td style=\"width: 50.2px;height: 52px\"><\/td>\n<td style=\"width: 56.225px;height: 52px\"><img loading=\"lazy\" class=\"aligncenter size-full wp-image-2827\" src=\"https:\/\/sitios.ucsc.cl\/ott\/wp-content\/uploads\/sites\/15\/2022\/07\/OTT_TEC_1.png\" alt=\"\" width=\"50\" height=\"50\" \/><\/td>\n<td style=\"width: 626.6px;height: 52px\">\n<h3>Tecnolog\u00eda desarrollada<\/h3>\n<\/td>\n<td style=\"width: 38.175px;height: 52px\">\n<h3><\/h3>\n<\/td>\n<\/tr>\n<tr>\n<td style=\"width: 50.2px\"><\/td>\n<td style=\"width: 56.225px\"><\/td>\n<td style=\"width: 626.6px\">\n<p style=\"text-align: justify\"><span style=\"font-weight: 400\">Consiste en un sistema de cultivo con bandeja que maximiza el cultivo acu\u00edcola por unidad de \u00e1rea, evitando generar estr\u00e9s en los organismos s\u00e9siles en cultivo. A trav\u00e9s de una configuraci\u00f3n de pares de medios de flotaci\u00f3n alargados y conectados a un medio de cultivo con bandejas, se minimiza el movimiento horizontal por oleaje y corrientes marinas. Este sistema es apto para cultivo en zonas expuestas, propiciando mayores tama\u00f1os de crecimiento en moluscos bivalvos y gaster\u00f3podos, dada la riqueza de nutrientes y menor cantidad de contaminantes.<\/span><\/p>\n<\/td>\n<td style=\"width: 38.175px\"><\/td>\n<\/tr>\n<tr style=\"text-align: justify\">\n<td style=\"width: 50.2px;height: 52px\"><\/td>\n<td style=\"width: 56.225px;height: 52px\"><img loading=\"lazy\" class=\"aligncenter size-full wp-image-2828\" src=\"https:\/\/sitios.ucsc.cl\/ott\/wp-content\/uploads\/sites\/15\/2022\/07\/OTT_TEC_2.png\" alt=\"\" width=\"50\" height=\"50\" \/><\/td>\n<td style=\"width: 626.6px;height: 52px\">\n<h3>Beneficios \/ Ventajas<\/h3>\n<\/td>\n<td style=\"width: 38.175px;height: 52px\"><\/td>\n<\/tr>\n<tr style=\"text-align: justify\">\n<td style=\"width: 50.2px;height: 226px\"><\/td>\n<td style=\"width: 56.225px;height: 226px\"><\/td>\n<td style=\"width: 626.6px;height: 226px\">\u2022 <b><\/b>Evita el estr\u00e9s de los moluscos bivalvos en cultivo al reducir el movimiento de las unidades de crecimiento.<\/p>\n<p>\u2022 Minimiza oscilaciones de los sistemas de cultivos cuando son expuestos a condiciones ambientales adversas, tal como alto oleaje y corrientes marinas.<\/p>\n<p>\u2022 Maximiza la productividad de moluscos bivalvos y gaster\u00f3podos por unidad de \u00e1rea de cultivo, haciendo un uso m\u00e1s eficiente de la columna de agua.<\/p>\n<p>\u2022 Incrementa la tasa de crecimiento de las especies cultivadas en el sistema con bandeja, en hasta 25% superior en comparaci\u00f3n con sistemas tradicionales.<b><\/b><\/td>\n<td style=\"width: 38.175px;height: 226px\"><\/td>\n<\/tr>\n<tr style=\"text-align: justify\">\n<td style=\"width: 50.2px;height: 52px\"><\/td>\n<td style=\"width: 56.225px;height: 52px\"><img loading=\"lazy\" class=\"aligncenter size-full wp-image-2829\" src=\"https:\/\/sitios.ucsc.cl\/ott\/wp-content\/uploads\/sites\/15\/2022\/07\/OTT_TEC_3.png\" alt=\"\" width=\"50\" height=\"50\" \/><\/td>\n<td style=\"width: 626.6px;height: 52px\">\n<h3>Usos \/ Aplicaciones<\/h3>\n<\/td>\n<td style=\"width: 38.175px;height: 52px\"><\/td>\n<\/tr>\n<tr style=\"text-align: justify\">\n<td style=\"width: 50.2px;height: 80px\"><\/td>\n<td style=\"width: 56.225px;height: 80px\"><\/td>\n<td style=\"width: 626.6px;height: 80px\">Tecnolog\u00eda aplicable de manera productiva, tanto para el cultivo en zonas protegidas como en zonas expuestas. Esto se debe al sistema de flotaci\u00f3n de doble l\u00ednea madre, el cual permite maximizar la productividad de especies de cultivo por unidad de \u00e1rea, haciendo un uso eficiente de la columna de agua.<\/td>\n<td style=\"width: 38.175px;height: 80px\"><\/td>\n<\/tr>\n<tr style=\"text-align: justify\">\n<td style=\"width: 50.2px;height: 52px\"><\/td>\n<td style=\"width: 56.225px;height: 52px\"><img loading=\"lazy\" class=\"aligncenter size-full wp-image-2830\" src=\"https:\/\/sitios.ucsc.cl\/ott\/wp-content\/uploads\/sites\/15\/2022\/07\/OTT_TEC_4.png\" alt=\"\" width=\"50\" height=\"50\" \/><\/td>\n<td style=\"width: 626.6px;height: 52px\">\n<h3>Oferta tecnol\u00f3gica<\/h3>\n<\/td>\n<td style=\"width: 38.175px;height: 52px\"><\/td>\n<\/tr>\n<tr style=\"text-align: justify\">\n<td style=\"width: 50.2px;height: 28px\"><\/td>\n<td style=\"width: 56.225px;height: 28px\"><\/td>\n<td style=\"width: 626.6px;height: 28px\">La tecnolog\u00eda est\u00e1 disponible para licenciamiento.<\/td>\n<td style=\"width: 38.175px;height: 28px\"><\/td>\n<\/tr>\n<tr style=\"text-align: justify\">\n<td style=\"width: 50.2px;height: 52px\"><\/td>\n<td style=\"width: 56.225px;height: 52px\"><img loading=\"lazy\" class=\"aligncenter size-full wp-image-2831\" src=\"https:\/\/sitios.ucsc.cl\/ott\/wp-content\/uploads\/sites\/15\/2022\/07\/OTT_TEC_5.png\" alt=\"\" width=\"50\" height=\"50\" \/><\/td>\n<td style=\"width: 626.6px;height: 52px\">\n<h3>Estado de desarrollo<\/h3>\n<\/td>\n<td style=\"width: 38.175px;height: 52px\"><\/td>\n<\/tr>\n<tr style=\"text-align: justify\">\n<td style=\"width: 50.2px;height: 54px\"><\/td>\n<td style=\"width: 56.225px;height: 54px\"><\/td>\n<td style=\"width: 626.6px;height: 54px\">TRL 5, ya que la tecnolog\u00eda y sus componentes han sido probados en una zona costera expuesta, en este caso Punta Lober\u00eda del Golfo de Arauco, Chile.<\/td>\n<td style=\"width: 38.175px;height: 54px\"><\/td>\n<\/tr>\n<tr style=\"text-align: justify\">\n<td style=\"width: 50.2px;height: 52px\"><\/td>\n<td style=\"width: 56.225px;height: 52px\"><img loading=\"lazy\" class=\"aligncenter size-full wp-image-2832\" src=\"https:\/\/sitios.ucsc.cl\/ott\/wp-content\/uploads\/sites\/15\/2022\/07\/OTT_TEC_6.png\" alt=\"\" width=\"50\" height=\"50\" \/><\/td>\n<td style=\"width: 626.6px;height: 52px\">\n<h3>Investigador principal<\/h3>\n<\/td>\n<td style=\"width: 38.175px;height: 52px\"><\/td>\n<\/tr>\n<tr style=\"height: 86px\">\n<td style=\"width: 50.2px;text-align: justify;height: 86px\"><\/td>\n<td style=\"width: 56.225px;text-align: justify;height: 86px\"><\/td>\n<td style=\"width: 626.6px;height: 86px\"><a href=\"https:\/\/ingenieria.ucsc.cl\/persona\/catterina-sobenes-vennekool\/\">Dra. Catterina Sobenes Vennekool<\/a>, Facultad de Ingenier\u00eda.<\/p>\n<p style=\"text-align: justify\"><a href=\"https:\/\/ingenieria.ucsc.cl\/persona\/christian-diaz-peralta\/\">MSc. Christian D\u00edaz Peralta<\/a>, Facultad de Ingenier\u00eda.<\/p>\n<\/td>\n<td style=\"width: 38.175px;height: 86px\"><\/td>\n<\/tr>\n<tr style=\"height: 158px\">\n<td style=\"width: 50.2px;height: 158px\"><\/td>\n<td style=\"width: 682.825px;height: 158px\" colspan=\"2\">&nbsp;<\/p>\n<p><a href=\"https:\/\/dinn.ucsc.cl\/wp-content\/uploads\/sites\/14\/2023\/07\/OTT_Tec_11.pdf\"><img loading=\"lazy\" class=\"aligncenter wp-image-2220 size-medium\" src=\"https:\/\/sitios.ucsc.cl\/ott\/wp-content\/uploads\/sites\/15\/2022\/06\/Bot\u00f3n-descarga-300x61.png\" alt=\"\" width=\"300\" height=\"61\" \/><\/a><\/p>\n<p>&nbsp;<\/td>\n<td style=\"width: 38.175px;height: 158px\"><\/td>\n<\/tr>\n<tr style=\"height: 89px\">\n<td style=\"width: 771.2px;height: 89px\" colspan=\"4\"><img loading=\"lazy\" class=\"aligncenter wp-image-3029\" src=\"https:\/\/sitios.ucsc.cl\/ott\/wp-content\/uploads\/sites\/15\/2022\/08\/Banner-1.png\" alt=\"\" width=\"750\" height=\"85\" \/><\/td>\n<\/tr>\n<\/tbody>\n<\/table>\n<p>&nbsp;<\/p>\n","protected":false},"excerpt":{"rendered":"<p>Propiedad Intelectual \u2013 Solicitud de Patente PCT: PCT\/CL2021\/050129 Tecnolog\u00eda desarrollada Consiste en un sistema de cultivo con bandeja que maximiza el cultivo acu\u00edcola por unidad de \u00e1rea, evitando generar estr\u00e9s en los organismos s\u00e9siles en cultivo. A trav\u00e9s de una configuraci\u00f3n de pares de medios de flotaci\u00f3n alargados y conectados a un medio de cultivo [&hellip;]<\/p>\n","protected":false},"author":84,"featured_media":0,"parent":0,"menu_order":0,"comment_status":"closed","ping_status":"closed","template":"","meta":[],"yoast_head":"<!-- This site is optimized with the Yoast SEO plugin v18.9 - https:\/\/yoast.com\/wordpress\/plugins\/seo\/ -->\n<title>Sistema de cultivo con bandeja para moluscos bivalvos -<\/title>\n<meta name=\"robots\" content=\"index, follow, max-snippet:-1, max-image-preview:large, max-video-preview:-1\" \/>\n<link rel=\"canonical\" href=\"https:\/\/dinn.ucsc.cl\/index.php\/sistema-de-cultivo-con-bandeja-para-moluscos-bivalvos\/\" \/>\n<meta property=\"og:locale\" content=\"es_ES\" \/>\n<meta property=\"og:type\" content=\"article\" \/>\n<meta property=\"og:title\" content=\"Sistema de cultivo con bandeja para moluscos bivalvos -\" \/>\n<meta property=\"og:description\" content=\"Propiedad Intelectual \u2013 Solicitud de Patente PCT: PCT\/CL2021\/050129 Tecnolog\u00eda desarrollada Consiste en un sistema de cultivo con bandeja que maximiza el cultivo acu\u00edcola por unidad de \u00e1rea, evitando generar estr\u00e9s en los organismos s\u00e9siles en cultivo. A trav\u00e9s de una configuraci\u00f3n de pares de medios de flotaci\u00f3n alargados y conectados a un medio de cultivo [&hellip;]\" \/>\n<meta property=\"og:url\" content=\"https:\/\/dinn.ucsc.cl\/index.php\/sistema-de-cultivo-con-bandeja-para-moluscos-bivalvos\/\" \/>\n<meta property=\"article:publisher\" content=\"https:\/\/m.facebook.com\/DINNUCSC\" \/>\n<meta property=\"article:modified_time\" content=\"2023-07-10T02:50:54+00:00\" \/>\n<meta property=\"og:image\" content=\"https:\/\/sitios.ucsc.cl\/ott\/wp-content\/uploads\/sites\/15\/2022\/09\/OTT_Tec_11_2022.png\" \/>\n<meta name=\"twitter:card\" content=\"summary\" \/>\n<meta name=\"twitter:site\" content=\"@dinn_ucsc\" \/>\n<meta name=\"twitter:label1\" content=\"Tiempo de lectura\" \/>\n\t<meta name=\"twitter:data1\" content=\"2 minutos\" \/>\n<script type=\"application\/ld+json\" class=\"yoast-schema-graph\">{\"@context\":\"https:\/\/schema.org\",\"@graph\":[{\"@type\":\"WebSite\",\"@id\":\"https:\/\/dinn.ucsc.cl\/#website\",\"url\":\"https:\/\/dinn.ucsc.cl\/\",\"name\":\"Direcci\u00f3n de Innovaci\u00f3n UCSC\",\"description\":\"Direcci\u00f3n de Innovaci\u00f3n\",\"potentialAction\":[{\"@type\":\"SearchAction\",\"target\":{\"@type\":\"EntryPoint\",\"urlTemplate\":\"https:\/\/dinn.ucsc.cl\/?s={search_term_string}\"},\"query-input\":\"required name=search_term_string\"}],\"inLanguage\":\"es\"},{\"@type\":\"ImageObject\",\"inLanguage\":\"es\",\"@id\":\"https:\/\/dinn.ucsc.cl\/index.php\/sistema-de-cultivo-con-bandeja-para-moluscos-bivalvos\/#primaryimage\",\"url\":\"https:\/\/sitios.ucsc.cl\/ott\/wp-content\/uploads\/sites\/15\/2022\/09\/OTT_Tec_11_2022.png\",\"contentUrl\":\"https:\/\/sitios.ucsc.cl\/ott\/wp-content\/uploads\/sites\/15\/2022\/09\/OTT_Tec_11_2022.png\"},{\"@type\":\"WebPage\",\"@id\":\"https:\/\/dinn.ucsc.cl\/index.php\/sistema-de-cultivo-con-bandeja-para-moluscos-bivalvos\/#webpage\",\"url\":\"https:\/\/dinn.ucsc.cl\/index.php\/sistema-de-cultivo-con-bandeja-para-moluscos-bivalvos\/\",\"name\":\"Sistema de cultivo con bandeja para moluscos bivalvos -\",\"isPartOf\":{\"@id\":\"https:\/\/dinn.ucsc.cl\/#website\"},\"primaryImageOfPage\":{\"@id\":\"https:\/\/dinn.ucsc.cl\/index.php\/sistema-de-cultivo-con-bandeja-para-moluscos-bivalvos\/#primaryimage\"},\"datePublished\":\"2022-11-23T20:40:17+00:00\",\"dateModified\":\"2023-07-10T02:50:54+00:00\",\"breadcrumb\":{\"@id\":\"https:\/\/dinn.ucsc.cl\/index.php\/sistema-de-cultivo-con-bandeja-para-moluscos-bivalvos\/#breadcrumb\"},\"inLanguage\":\"es\",\"potentialAction\":[{\"@type\":\"ReadAction\",\"target\":[\"https:\/\/dinn.ucsc.cl\/index.php\/sistema-de-cultivo-con-bandeja-para-moluscos-bivalvos\/\"]}]},{\"@type\":\"BreadcrumbList\",\"@id\":\"https:\/\/dinn.ucsc.cl\/index.php\/sistema-de-cultivo-con-bandeja-para-moluscos-bivalvos\/#breadcrumb\",\"itemListElement\":[{\"@type\":\"ListItem\",\"position\":1,\"name\":\"Inicio\",\"item\":\"https:\/\/dinn.ucsc.cl\/\"},{\"@type\":\"ListItem\",\"position\":2,\"name\":\"Sistema de cultivo con bandeja para moluscos bivalvos\"}]}]}<\/script>\n<!-- \/ Yoast SEO plugin. -->","yoast_head_json":{"title":"Sistema de cultivo con bandeja para moluscos bivalvos -","robots":{"index":"index","follow":"follow","max-snippet":"max-snippet:-1","max-image-preview":"max-image-preview:large","max-video-preview":"max-video-preview:-1"},"canonical":"https:\/\/dinn.ucsc.cl\/index.php\/sistema-de-cultivo-con-bandeja-para-moluscos-bivalvos\/","og_locale":"es_ES","og_type":"article","og_title":"Sistema de cultivo con bandeja para moluscos bivalvos -","og_description":"Propiedad Intelectual \u2013 Solicitud de Patente PCT: PCT\/CL2021\/050129 Tecnolog\u00eda desarrollada Consiste en un sistema de cultivo con bandeja que maximiza el cultivo acu\u00edcola por unidad de \u00e1rea, evitando generar estr\u00e9s en los organismos s\u00e9siles en cultivo. A trav\u00e9s de una configuraci\u00f3n de pares de medios de flotaci\u00f3n alargados y conectados a un medio de cultivo [&hellip;]","og_url":"https:\/\/dinn.ucsc.cl\/index.php\/sistema-de-cultivo-con-bandeja-para-moluscos-bivalvos\/","article_publisher":"https:\/\/m.facebook.com\/DINNUCSC","article_modified_time":"2023-07-10T02:50:54+00:00","og_image":[{"url":"https:\/\/sitios.ucsc.cl\/ott\/wp-content\/uploads\/sites\/15\/2022\/09\/OTT_Tec_11_2022.png"}],"twitter_card":"summary","twitter_site":"@dinn_ucsc","twitter_misc":{"Tiempo de lectura":"2 minutos"},"schema":{"@context":"https:\/\/schema.org","@graph":[{"@type":"WebSite","@id":"https:\/\/dinn.ucsc.cl\/#website","url":"https:\/\/dinn.ucsc.cl\/","name":"Direcci\u00f3n de Innovaci\u00f3n UCSC","description":"Direcci\u00f3n de Innovaci\u00f3n","potentialAction":[{"@type":"SearchAction","target":{"@type":"EntryPoint","urlTemplate":"https:\/\/dinn.ucsc.cl\/?s={search_term_string}"},"query-input":"required name=search_term_string"}],"inLanguage":"es"},{"@type":"ImageObject","inLanguage":"es","@id":"https:\/\/dinn.ucsc.cl\/index.php\/sistema-de-cultivo-con-bandeja-para-moluscos-bivalvos\/#primaryimage","url":"https:\/\/sitios.ucsc.cl\/ott\/wp-content\/uploads\/sites\/15\/2022\/09\/OTT_Tec_11_2022.png","contentUrl":"https:\/\/sitios.ucsc.cl\/ott\/wp-content\/uploads\/sites\/15\/2022\/09\/OTT_Tec_11_2022.png"},{"@type":"WebPage","@id":"https:\/\/dinn.ucsc.cl\/index.php\/sistema-de-cultivo-con-bandeja-para-moluscos-bivalvos\/#webpage","url":"https:\/\/dinn.ucsc.cl\/index.php\/sistema-de-cultivo-con-bandeja-para-moluscos-bivalvos\/","name":"Sistema de cultivo con bandeja para moluscos bivalvos -","isPartOf":{"@id":"https:\/\/dinn.ucsc.cl\/#website"},"primaryImageOfPage":{"@id":"https:\/\/dinn.ucsc.cl\/index.php\/sistema-de-cultivo-con-bandeja-para-moluscos-bivalvos\/#primaryimage"},"datePublished":"2022-11-23T20:40:17+00:00","dateModified":"2023-07-10T02:50:54+00:00","breadcrumb":{"@id":"https:\/\/dinn.ucsc.cl\/index.php\/sistema-de-cultivo-con-bandeja-para-moluscos-bivalvos\/#breadcrumb"},"inLanguage":"es","potentialAction":[{"@type":"ReadAction","target":["https:\/\/dinn.ucsc.cl\/index.php\/sistema-de-cultivo-con-bandeja-para-moluscos-bivalvos\/"]}]},{"@type":"BreadcrumbList","@id":"https:\/\/dinn.ucsc.cl\/index.php\/sistema-de-cultivo-con-bandeja-para-moluscos-bivalvos\/#breadcrumb","itemListElement":[{"@type":"ListItem","position":1,"name":"Inicio","item":"https:\/\/dinn.ucsc.cl\/"},{"@type":"ListItem","position":2,"name":"Sistema de cultivo con bandeja para moluscos bivalvos"}]}]}},"_links":{"self":[{"href":"https:\/\/dinn.ucsc.cl\/index.php\/wp-json\/wp\/v2\/pages\/4119"}],"collection":[{"href":"https:\/\/dinn.ucsc.cl\/index.php\/wp-json\/wp\/v2\/pages"}],"about":[{"href":"https:\/\/dinn.ucsc.cl\/index.php\/wp-json\/wp\/v2\/types\/page"}],"author":[{"embeddable":true,"href":"https:\/\/dinn.ucsc.cl\/index.php\/wp-json\/wp\/v2\/users\/84"}],"replies":[{"embeddable":true,"href":"https:\/\/dinn.ucsc.cl\/index.php\/wp-json\/wp\/v2\/comments?post=4119"}],"version-history":[{"count":3,"href":"https:\/\/dinn.ucsc.cl\/index.php\/wp-json\/wp\/v2\/pages\/4119\/revisions"}],"predecessor-version":[{"id":5215,"href":"https:\/\/dinn.ucsc.cl\/index.php\/wp-json\/wp\/v2\/pages\/4119\/revisions\/5215"}],"wp:attachment":[{"href":"https:\/\/dinn.ucsc.cl\/index.php\/wp-json\/wp\/v2\/media?parent=4119"}],"curies":[{"name":"wp","href":"https:\/\/api.w.org\/{rel}","templated":true}]}}