{"id":4161,"date":"2022-11-23T18:05:30","date_gmt":"2022-11-23T21:05:30","guid":{"rendered":"https:\/\/dinn.ucsc.cl\/?page_id=4161"},"modified":"2022-12-01T10:42:32","modified_gmt":"2022-12-01T13:42:32","slug":"tecnica-para-el-repoblamiento-de-la-luga-corta","status":"publish","type":"page","link":"https:\/\/dinn.ucsc.cl\/index.php\/tecnica-para-el-repoblamiento-de-la-luga-corta\/","title":{"rendered":"Te\u0301cnica para el repoblamiento de la luga corta"},"content":{"rendered":"<table class=\" alignleft\">\n<tbody>\n<tr>\n<td style=\"width: 740px\" colspan=\"4\"><a href=\"https:\/\/sitios.ucsc.cl\/ott\/wp-content\/uploads\/sites\/15\/2022\/06\/OTT_DDA_19_HEADER.png\"><img loading=\"lazy\" class=\"aligncenter wp-image-2360 \" src=\"https:\/\/sitios.ucsc.cl\/ott\/wp-content\/uploads\/sites\/15\/2022\/06\/OTT_DDA_19_HEADER.png\" alt=\"\" width=\"732\" height=\"150\" \/><\/a><\/td>\n<\/tr>\n<tr>\n<td style=\"width: 3px\"><\/td>\n<td style=\"width: 11px\"><img loading=\"lazy\" class=\"aligncenter wp-image-2175 size-full\" src=\"https:\/\/sitios.ucsc.cl\/ott\/wp-content\/uploads\/sites\/15\/2022\/06\/OTT_DDA_1.png\" alt=\"\" width=\"50\" height=\"50\" \/><\/td>\n<td style=\"width: 723px\">\n<h3>Tecnolog\u00eda desarrollada<\/h3>\n<\/td>\n<td style=\"width: 3px\">\n<h3><\/h3>\n<\/td>\n<\/tr>\n<tr>\n<td style=\"width: 3px\"><\/td>\n<td style=\"width: 11px\"><\/td>\n<td style=\"width: 723px\">La \u201cluga corta\u201d es un alga roja de zonas intermareales rocosas, que se cosecha desde praderas naturales como materia prima para la extracci\u00f3n de carragenanos (geles de uso en una gran diversidad de industrias). La t\u00e9cnica desarrollada, y descrita en el manual, consiste en incubar sustratos artificiales (esponjas abrasivas de uso dom\u00e9stico) con esporas de luga corta en condiciones de laboratorio, y luego trasplantar estos sustratos a perforaciones taladradas en la roca en la zona intermareal.<\/td>\n<td style=\"width: 3px\">\n<h3><\/h3>\n<\/td>\n<\/tr>\n<tr>\n<td style=\"width: 3px\"><\/td>\n<td style=\"width: 11px\"><img loading=\"lazy\" class=\"aligncenter wp-image-2176 size-full\" src=\"https:\/\/sitios.ucsc.cl\/ott\/wp-content\/uploads\/sites\/15\/2022\/06\/OTT_DDA_2.png\" alt=\"\" width=\"50\" height=\"50\" \/><\/td>\n<td style=\"width: 723px\">\n<h3>Beneficios \/ Ventajas<\/h3>\n<\/td>\n<td style=\"width: 3px\"><\/td>\n<\/tr>\n<tr>\n<td style=\"width: 3px\"><\/td>\n<td style=\"width: 11px\"><\/td>\n<td style=\"width: 723px\">\u2022 Esta t\u00e9cnica permite recuperar roquer\u00edos intermareales que pudieron ser afectados por factores naturales o por el ser humano. La roca sedimentaria (arenisca o pizarra) es f\u00e1cil de perforar con taladros comunes a bater\u00eda recargables. La roca sedimentaria es frecuente en muchos sitios.<br \/>\n\u2022 Si bien esta t\u00e9cnica es efectiva, requiere un laboratorio o hatchery para la etapa de inoculaci\u00f3n de los sustratos y su incubaci\u00f3n durante las etapas tempranas. Esta etapa es compleja para ser desarrollada por pescadores artesanales. Se est\u00e1 trabajando en una t\u00e9cnica m\u00e1s sencilla que no requiera incubaci\u00f3n en laboratorio.<br \/>\n\u2022 Por otra parte, la t\u00e9cnica tambi\u00e9n puede ser usada por ONGs u otras organizaciones para recuperar praderas afectadas por factores naturales o de origen antropog\u00e9nico. Al momento del terremoto de 2010, que produjo el levantamiento tect\u00f3nico de la l\u00ednea de costa, no se ten\u00eda ning\u00fan mecanismo para iniciar un repoblamiento de un recurso y organismo tan relevante como \u00e9ste.<br \/>\n\u2022 Finalmente, estas t\u00e9cnicas son f\u00e1cilmente adaptables a otros recursos algales con similares caracter\u00edsticas biol\u00f3gicas.<\/td>\n<td style=\"width: 3px\"><\/td>\n<\/tr>\n<tr>\n<td style=\"width: 3px\"><\/td>\n<td style=\"width: 11px\"><img loading=\"lazy\" class=\"aligncenter wp-image-2177 size-full\" src=\"https:\/\/sitios.ucsc.cl\/ott\/wp-content\/uploads\/sites\/15\/2022\/06\/OTT_DDA_3.png\" alt=\"\" width=\"50\" height=\"50\" \/><\/td>\n<td style=\"width: 723px\">\n<h3>Usos \/ Aplicaciones<\/h3>\n<\/td>\n<td style=\"width: 3px\"><\/td>\n<\/tr>\n<tr>\n<td style=\"width: 3px\"><\/td>\n<td style=\"width: 11px\"><\/td>\n<td style=\"width: 723px\">Esta t\u00e9cnica permite instalar nuevos individuos y aumentar la abundancia de la luga corta en roquer\u00edos intermareales donde puede haber disminuido por factores naturales o antropog\u00e9nicos.<\/td>\n<td style=\"width: 3px\"><\/td>\n<\/tr>\n<tr>\n<td style=\"width: 3px\"><\/td>\n<td style=\"width: 11px\"><img loading=\"lazy\" class=\"aligncenter wp-image-2178 size-full\" src=\"https:\/\/sitios.ucsc.cl\/ott\/wp-content\/uploads\/sites\/15\/2022\/06\/OTT_DDA_4.png\" alt=\"\" width=\"50\" height=\"50\" \/><\/td>\n<td style=\"width: 723px\">\n<h3>Oferta tecnol\u00f3gica<\/h3>\n<p>Disponible para licenciamiento.<\/td>\n<td style=\"width: 3px\"><\/td>\n<\/tr>\n<tr>\n<td style=\"width: 3px\"><\/td>\n<td style=\"width: 11px\"><img loading=\"lazy\" class=\"aligncenter wp-image-2179 size-full\" src=\"https:\/\/sitios.ucsc.cl\/ott\/wp-content\/uploads\/sites\/15\/2022\/06\/OTT_DDA_5.png\" alt=\"\" width=\"50\" height=\"50\" \/><\/td>\n<td style=\"width: 723px\">\n<h3>Propiedad intelectual<\/h3>\n<p>Registro Derecho de Autor: N\u00b0 258.540<\/td>\n<td style=\"width: 3px\"><\/td>\n<\/tr>\n<tr>\n<td style=\"width: 3px\"><\/td>\n<td style=\"width: 11px\"><img loading=\"lazy\" class=\"aligncenter wp-image-2180 size-full\" src=\"https:\/\/sitios.ucsc.cl\/ott\/wp-content\/uploads\/sites\/15\/2022\/06\/OTT_DDA_6.png\" alt=\"\" width=\"50\" height=\"50\" \/><\/td>\n<td style=\"width: 723px\">\n<h3>Investigador principal<\/h3>\n<p>Ricardo Ota\u00edza, Facultad de Ciencias.<br \/>\nJulian C\u00e1ceres, Facultad de Ciencias.<\/td>\n<td style=\"width: 3px\"><\/td>\n<\/tr>\n<tr>\n<td style=\"width: 3px\"><\/td>\n<td style=\"width: 734px\" colspan=\"2\">&nbsp;<\/p>\n<p>&nbsp;<\/p>\n<p><a href=\"https:\/\/sitios.ucsc.cl\/ott\/wp-content\/uploads\/sites\/15\/2022\/06\/OTT_DDA_19.pdf\"><img loading=\"lazy\" class=\"aligncenter wp-image-2220 size-medium\" src=\"https:\/\/sitios.ucsc.cl\/ott\/wp-content\/uploads\/sites\/15\/2022\/06\/Bot\u00f3n-descarga-300x61.png\" alt=\"\" width=\"300\" height=\"61\" \/><\/a><\/p>\n<p>&nbsp;<\/p>\n<p>&nbsp;<\/td>\n<td style=\"width: 3px\"><\/td>\n<\/tr>\n<\/tbody>\n<\/table>\n<h4><\/h4>\n<h4>Manual de una te\u0301cnica para el repoblamiento de la luga corta, Mazzaella laminarioides (Bory) Fredericq (Rhodophyta, Gigartinales), en roqueri\u0301os intermareales, Regio\u0301n del Biobi\u0301o.<\/h4>\n<div data-url=\"https:\/\/issuu.com\/ottucsc\/docs\/lugacorta\" style=\"width: 500px; height: 327px;\" class=\"issuuembed\"><\/div>\n<p><script type=\"text\/javascript\" src=\"\/\/e.issuu.com\/embed.js\" async=\"true\"><\/script><\/p>\n","protected":false},"excerpt":{"rendered":"<p>Tecnolog\u00eda desarrollada La \u201cluga corta\u201d es un alga roja de zonas intermareales rocosas, que se cosecha desde praderas naturales como materia prima para la extracci\u00f3n de carragenanos (geles de uso en una gran diversidad de industrias). La t\u00e9cnica desarrollada, y descrita en el manual, consiste en incubar sustratos artificiales (esponjas abrasivas de uso dom\u00e9stico) con [&hellip;]<\/p>\n","protected":false},"author":84,"featured_media":0,"parent":0,"menu_order":0,"comment_status":"closed","ping_status":"closed","template":"","meta":[],"yoast_head":"<!-- This site is optimized with the Yoast SEO plugin v18.9 - https:\/\/yoast.com\/wordpress\/plugins\/seo\/ -->\n<title>Te\u0301cnica para el repoblamiento de la luga corta -<\/title>\n<meta name=\"robots\" content=\"index, follow, max-snippet:-1, max-image-preview:large, max-video-preview:-1\" \/>\n<link rel=\"canonical\" href=\"https:\/\/dinn.ucsc.cl\/index.php\/tecnica-para-el-repoblamiento-de-la-luga-corta\/\" \/>\n<meta property=\"og:locale\" content=\"es_ES\" \/>\n<meta property=\"og:type\" content=\"article\" \/>\n<meta property=\"og:title\" content=\"Te\u0301cnica para el repoblamiento de la luga corta -\" \/>\n<meta property=\"og:description\" content=\"Tecnolog\u00eda desarrollada La \u201cluga corta\u201d es un alga roja de zonas intermareales rocosas, que se cosecha desde praderas naturales como materia prima para la extracci\u00f3n de carragenanos (geles de uso en una gran diversidad de industrias). La t\u00e9cnica desarrollada, y descrita en el manual, consiste en incubar sustratos artificiales (esponjas abrasivas de uso dom\u00e9stico) con [&hellip;]\" \/>\n<meta property=\"og:url\" content=\"https:\/\/dinn.ucsc.cl\/index.php\/tecnica-para-el-repoblamiento-de-la-luga-corta\/\" \/>\n<meta property=\"article:publisher\" content=\"https:\/\/m.facebook.com\/DINNUCSC\" \/>\n<meta property=\"article:modified_time\" content=\"2022-12-01T13:42:32+00:00\" \/>\n<meta property=\"og:image\" content=\"https:\/\/sitios.ucsc.cl\/ott\/wp-content\/uploads\/sites\/15\/2022\/06\/OTT_DDA_19_HEADER.png\" \/>\n<meta name=\"twitter:card\" content=\"summary\" \/>\n<meta name=\"twitter:site\" content=\"@dinn_ucsc\" \/>\n<meta name=\"twitter:label1\" content=\"Tiempo de lectura\" \/>\n\t<meta name=\"twitter:data1\" content=\"2 minutos\" \/>\n<script type=\"application\/ld+json\" class=\"yoast-schema-graph\">{\"@context\":\"https:\/\/schema.org\",\"@graph\":[{\"@type\":\"WebSite\",\"@id\":\"https:\/\/dinn.ucsc.cl\/#website\",\"url\":\"https:\/\/dinn.ucsc.cl\/\",\"name\":\"Direcci\u00f3n de Innovaci\u00f3n UCSC\",\"description\":\"Direcci\u00f3n de Innovaci\u00f3n\",\"potentialAction\":[{\"@type\":\"SearchAction\",\"target\":{\"@type\":\"EntryPoint\",\"urlTemplate\":\"https:\/\/dinn.ucsc.cl\/?s={search_term_string}\"},\"query-input\":\"required name=search_term_string\"}],\"inLanguage\":\"es\"},{\"@type\":\"ImageObject\",\"inLanguage\":\"es\",\"@id\":\"https:\/\/dinn.ucsc.cl\/index.php\/tecnica-para-el-repoblamiento-de-la-luga-corta\/#primaryimage\",\"url\":\"https:\/\/sitios.ucsc.cl\/ott\/wp-content\/uploads\/sites\/15\/2022\/06\/OTT_DDA_19_HEADER.png\",\"contentUrl\":\"https:\/\/sitios.ucsc.cl\/ott\/wp-content\/uploads\/sites\/15\/2022\/06\/OTT_DDA_19_HEADER.png\"},{\"@type\":\"WebPage\",\"@id\":\"https:\/\/dinn.ucsc.cl\/index.php\/tecnica-para-el-repoblamiento-de-la-luga-corta\/#webpage\",\"url\":\"https:\/\/dinn.ucsc.cl\/index.php\/tecnica-para-el-repoblamiento-de-la-luga-corta\/\",\"name\":\"Te\u0301cnica para el repoblamiento de la luga corta -\",\"isPartOf\":{\"@id\":\"https:\/\/dinn.ucsc.cl\/#website\"},\"primaryImageOfPage\":{\"@id\":\"https:\/\/dinn.ucsc.cl\/index.php\/tecnica-para-el-repoblamiento-de-la-luga-corta\/#primaryimage\"},\"datePublished\":\"2022-11-23T21:05:30+00:00\",\"dateModified\":\"2022-12-01T13:42:32+00:00\",\"breadcrumb\":{\"@id\":\"https:\/\/dinn.ucsc.cl\/index.php\/tecnica-para-el-repoblamiento-de-la-luga-corta\/#breadcrumb\"},\"inLanguage\":\"es\",\"potentialAction\":[{\"@type\":\"ReadAction\",\"target\":[\"https:\/\/dinn.ucsc.cl\/index.php\/tecnica-para-el-repoblamiento-de-la-luga-corta\/\"]}]},{\"@type\":\"BreadcrumbList\",\"@id\":\"https:\/\/dinn.ucsc.cl\/index.php\/tecnica-para-el-repoblamiento-de-la-luga-corta\/#breadcrumb\",\"itemListElement\":[{\"@type\":\"ListItem\",\"position\":1,\"name\":\"Inicio\",\"item\":\"https:\/\/dinn.ucsc.cl\/\"},{\"@type\":\"ListItem\",\"position\":2,\"name\":\"Te\u0301cnica para el repoblamiento de la luga corta\"}]}]}<\/script>\n<!-- \/ Yoast SEO plugin. -->","yoast_head_json":{"title":"Te\u0301cnica para el repoblamiento de la luga corta -","robots":{"index":"index","follow":"follow","max-snippet":"max-snippet:-1","max-image-preview":"max-image-preview:large","max-video-preview":"max-video-preview:-1"},"canonical":"https:\/\/dinn.ucsc.cl\/index.php\/tecnica-para-el-repoblamiento-de-la-luga-corta\/","og_locale":"es_ES","og_type":"article","og_title":"Te\u0301cnica para el repoblamiento de la luga corta -","og_description":"Tecnolog\u00eda desarrollada La \u201cluga corta\u201d es un alga roja de zonas intermareales rocosas, que se cosecha desde praderas naturales como materia prima para la extracci\u00f3n de carragenanos (geles de uso en una gran diversidad de industrias). La t\u00e9cnica desarrollada, y descrita en el manual, consiste en incubar sustratos artificiales (esponjas abrasivas de uso dom\u00e9stico) con [&hellip;]","og_url":"https:\/\/dinn.ucsc.cl\/index.php\/tecnica-para-el-repoblamiento-de-la-luga-corta\/","article_publisher":"https:\/\/m.facebook.com\/DINNUCSC","article_modified_time":"2022-12-01T13:42:32+00:00","og_image":[{"url":"https:\/\/sitios.ucsc.cl\/ott\/wp-content\/uploads\/sites\/15\/2022\/06\/OTT_DDA_19_HEADER.png"}],"twitter_card":"summary","twitter_site":"@dinn_ucsc","twitter_misc":{"Tiempo de lectura":"2 minutos"},"schema":{"@context":"https:\/\/schema.org","@graph":[{"@type":"WebSite","@id":"https:\/\/dinn.ucsc.cl\/#website","url":"https:\/\/dinn.ucsc.cl\/","name":"Direcci\u00f3n de Innovaci\u00f3n UCSC","description":"Direcci\u00f3n de Innovaci\u00f3n","potentialAction":[{"@type":"SearchAction","target":{"@type":"EntryPoint","urlTemplate":"https:\/\/dinn.ucsc.cl\/?s={search_term_string}"},"query-input":"required name=search_term_string"}],"inLanguage":"es"},{"@type":"ImageObject","inLanguage":"es","@id":"https:\/\/dinn.ucsc.cl\/index.php\/tecnica-para-el-repoblamiento-de-la-luga-corta\/#primaryimage","url":"https:\/\/sitios.ucsc.cl\/ott\/wp-content\/uploads\/sites\/15\/2022\/06\/OTT_DDA_19_HEADER.png","contentUrl":"https:\/\/sitios.ucsc.cl\/ott\/wp-content\/uploads\/sites\/15\/2022\/06\/OTT_DDA_19_HEADER.png"},{"@type":"WebPage","@id":"https:\/\/dinn.ucsc.cl\/index.php\/tecnica-para-el-repoblamiento-de-la-luga-corta\/#webpage","url":"https:\/\/dinn.ucsc.cl\/index.php\/tecnica-para-el-repoblamiento-de-la-luga-corta\/","name":"Te\u0301cnica para el repoblamiento de la luga corta -","isPartOf":{"@id":"https:\/\/dinn.ucsc.cl\/#website"},"primaryImageOfPage":{"@id":"https:\/\/dinn.ucsc.cl\/index.php\/tecnica-para-el-repoblamiento-de-la-luga-corta\/#primaryimage"},"datePublished":"2022-11-23T21:05:30+00:00","dateModified":"2022-12-01T13:42:32+00:00","breadcrumb":{"@id":"https:\/\/dinn.ucsc.cl\/index.php\/tecnica-para-el-repoblamiento-de-la-luga-corta\/#breadcrumb"},"inLanguage":"es","potentialAction":[{"@type":"ReadAction","target":["https:\/\/dinn.ucsc.cl\/index.php\/tecnica-para-el-repoblamiento-de-la-luga-corta\/"]}]},{"@type":"BreadcrumbList","@id":"https:\/\/dinn.ucsc.cl\/index.php\/tecnica-para-el-repoblamiento-de-la-luga-corta\/#breadcrumb","itemListElement":[{"@type":"ListItem","position":1,"name":"Inicio","item":"https:\/\/dinn.ucsc.cl\/"},{"@type":"ListItem","position":2,"name":"Te\u0301cnica para el repoblamiento de la luga corta"}]}]}},"_links":{"self":[{"href":"https:\/\/dinn.ucsc.cl\/index.php\/wp-json\/wp\/v2\/pages\/4161"}],"collection":[{"href":"https:\/\/dinn.ucsc.cl\/index.php\/wp-json\/wp\/v2\/pages"}],"about":[{"href":"https:\/\/dinn.ucsc.cl\/index.php\/wp-json\/wp\/v2\/types\/page"}],"author":[{"embeddable":true,"href":"https:\/\/dinn.ucsc.cl\/index.php\/wp-json\/wp\/v2\/users\/84"}],"replies":[{"embeddable":true,"href":"https:\/\/dinn.ucsc.cl\/index.php\/wp-json\/wp\/v2\/comments?post=4161"}],"version-history":[{"count":2,"href":"https:\/\/dinn.ucsc.cl\/index.php\/wp-json\/wp\/v2\/pages\/4161\/revisions"}],"predecessor-version":[{"id":4400,"href":"https:\/\/dinn.ucsc.cl\/index.php\/wp-json\/wp\/v2\/pages\/4161\/revisions\/4400"}],"wp:attachment":[{"href":"https:\/\/dinn.ucsc.cl\/index.php\/wp-json\/wp\/v2\/media?parent=4161"}],"curies":[{"name":"wp","href":"https:\/\/api.w.org\/{rel}","templated":true}]}}