{"id":4182,"date":"2022-11-28T22:33:32","date_gmt":"2022-11-29T01:33:32","guid":{"rendered":"https:\/\/dinn.ucsc.cl\/?page_id=4182"},"modified":"2022-11-28T22:33:32","modified_gmt":"2022-11-29T01:33:32","slug":"cibas-departamento-de-proceso-produccion-y-tecnologias-sustentable","status":"publish","type":"page","link":"https:\/\/dinn.ucsc.cl\/index.php\/cibas-departamento-de-proceso-produccion-y-tecnologias-sustentable\/","title":{"rendered":"CIBAS: Departamento de Proceso, Producci\u00f3n y Tecnolog\u00edas Sustentable"},"content":{"rendered":"<table class=\" alignleft\">\n<tbody>\n<tr>\n<td style=\"width: 741px\" colspan=\"4\"><img loading=\"lazy\" class=\"aligncenter size-full wp-image-2892\" src=\"https:\/\/sitios.ucsc.cl\/ott\/wp-content\/uploads\/sites\/15\/2022\/07\/capucsc2.png\" alt=\"\" width=\"950\" height=\"194\" \/><\/td>\n<\/tr>\n<tr>\n<td style=\"width: 73px\"><\/td>\n<td style=\"width: 71px\"><img loading=\"lazy\" class=\"aligncenter wp-image-2512 size-full\" src=\"https:\/\/sitios.ucsc.cl\/ott\/wp-content\/uploads\/sites\/15\/2022\/07\/CU_1.png\" alt=\"\" width=\"50\" height=\"50\" \/><\/td>\n<td style=\"width: 594px\">\n<h3>Presentaci\u00f3n<\/h3>\n<\/td>\n<td style=\"width: 3px\"><\/td>\n<\/tr>\n<tr>\n<td style=\"width: 73px\"><\/td>\n<td style=\"width: 71px\"><\/td>\n<td style=\"width: 594px\">El departamento de proceso, producci\u00f3n y tecnolog\u00edas sustentables, se orienta al estudio y desarrollo de procesos o transformaciones aplicables al \u00e1mbito productivo y tecnol\u00f3gico en un marco de acci\u00f3n que privilegie la utilizaci\u00f3n sustentable de los recursos renovables y no renovables, considerando adem\u00e1s la integraci\u00f3n de sistemas para lograr mayores eficiencias energ\u00e9ticas y menores costos ambientales.<\/td>\n<td style=\"width: 3px\"><\/td>\n<\/tr>\n<tr>\n<td style=\"width: 73px\"><\/td>\n<td style=\"width: 71px\"><img loading=\"lazy\" class=\"aligncenter wp-image-2511 size-full\" src=\"https:\/\/sitios.ucsc.cl\/ott\/wp-content\/uploads\/sites\/15\/2022\/07\/CU_2.png\" alt=\"\" width=\"50\" height=\"50\" \/><\/td>\n<td style=\"width: 594px\">\n<h3>L\u00edneas de investigaci\u00f3n<\/h3>\n<\/td>\n<td style=\"width: 3px\"><\/td>\n<\/tr>\n<tr>\n<td style=\"width: 73px\"><\/td>\n<td style=\"width: 71px\"><\/td>\n<td style=\"width: 594px\">Manejo y repoblaci\u00f3n de especies marinas \/ Acuicultura \/ Biotecnolog\u00eda para la de biomol\u00e9culas y alimentos \/ tratamiento de desechos de procesos industriales y biorremediaci\u00f3n \/Tecnolog\u00edas Limpias \/ Sistemas eficientes de conversi\u00f3n de energ\u00eda y energ\u00edas renovables \/Econom\u00eda de recursos Naturales \/ Propuesta de pol\u00edticas y Estrategias de Desarrollo de zonas costeras y rivere\u00f1as \/responsabilidad Empresarial \/ Valorizaci\u00f3n de Biomasa residual de la industria forestal acu\u00edcola y agr\u00edcola.<\/td>\n<td style=\"width: 3px\"><\/td>\n<\/tr>\n<tr>\n<td style=\"width: 73px\"><\/td>\n<td style=\"width: 665px\" colspan=\"2\">&nbsp;<\/p>\n<p>&nbsp;<\/td>\n<td style=\"width: 3px\"><\/td>\n<\/tr>\n<\/tbody>\n<\/table>\n<h5><\/h5>\n","protected":false},"excerpt":{"rendered":"<p>Presentaci\u00f3n El departamento de proceso, producci\u00f3n y tecnolog\u00edas sustentables, se orienta al estudio y desarrollo de procesos o transformaciones aplicables al \u00e1mbito productivo y tecnol\u00f3gico en un marco de acci\u00f3n que privilegie la utilizaci\u00f3n sustentable de los recursos renovables y no renovables, considerando adem\u00e1s la integraci\u00f3n de sistemas para lograr mayores eficiencias energ\u00e9ticas y menores [&hellip;]<\/p>\n","protected":false},"author":84,"featured_media":0,"parent":0,"menu_order":0,"comment_status":"closed","ping_status":"closed","template":"","meta":[],"yoast_head":"<!-- This site is optimized with the Yoast SEO plugin v18.9 - https:\/\/yoast.com\/wordpress\/plugins\/seo\/ -->\n<title>CIBAS: Departamento de Proceso, Producci\u00f3n y Tecnolog\u00edas Sustentable -<\/title>\n<meta name=\"robots\" content=\"index, follow, max-snippet:-1, max-image-preview:large, max-video-preview:-1\" \/>\n<link rel=\"canonical\" href=\"https:\/\/dinn.ucsc.cl\/index.php\/cibas-departamento-de-proceso-produccion-y-tecnologias-sustentable\/\" \/>\n<meta property=\"og:locale\" content=\"es_ES\" \/>\n<meta property=\"og:type\" content=\"article\" \/>\n<meta property=\"og:title\" content=\"CIBAS: Departamento de Proceso, Producci\u00f3n y Tecnolog\u00edas Sustentable -\" \/>\n<meta property=\"og:description\" content=\"Presentaci\u00f3n El departamento de proceso, producci\u00f3n y tecnolog\u00edas sustentables, se orienta al estudio y desarrollo de procesos o transformaciones aplicables al \u00e1mbito productivo y tecnol\u00f3gico en un marco de acci\u00f3n que privilegie la utilizaci\u00f3n sustentable de los recursos renovables y no renovables, considerando adem\u00e1s la integraci\u00f3n de sistemas para lograr mayores eficiencias energ\u00e9ticas y menores [&hellip;]\" \/>\n<meta property=\"og:url\" content=\"https:\/\/dinn.ucsc.cl\/index.php\/cibas-departamento-de-proceso-produccion-y-tecnologias-sustentable\/\" \/>\n<meta property=\"article:publisher\" content=\"https:\/\/m.facebook.com\/DINNUCSC\" \/>\n<meta property=\"og:image\" content=\"https:\/\/sitios.ucsc.cl\/ott\/wp-content\/uploads\/sites\/15\/2022\/07\/capucsc2.png\" \/>\n<meta name=\"twitter:card\" content=\"summary\" \/>\n<meta name=\"twitter:site\" content=\"@dinn_ucsc\" \/>\n<meta name=\"twitter:label1\" content=\"Tiempo de lectura\" \/>\n\t<meta name=\"twitter:data1\" content=\"1 minuto\" \/>\n<script type=\"application\/ld+json\" class=\"yoast-schema-graph\">{\"@context\":\"https:\/\/schema.org\",\"@graph\":[{\"@type\":\"WebSite\",\"@id\":\"https:\/\/dinn.ucsc.cl\/#website\",\"url\":\"https:\/\/dinn.ucsc.cl\/\",\"name\":\"Direcci\u00f3n de Innovaci\u00f3n UCSC\",\"description\":\"Direcci\u00f3n de Innovaci\u00f3n\",\"potentialAction\":[{\"@type\":\"SearchAction\",\"target\":{\"@type\":\"EntryPoint\",\"urlTemplate\":\"https:\/\/dinn.ucsc.cl\/?s={search_term_string}\"},\"query-input\":\"required name=search_term_string\"}],\"inLanguage\":\"es\"},{\"@type\":\"ImageObject\",\"inLanguage\":\"es\",\"@id\":\"https:\/\/dinn.ucsc.cl\/index.php\/cibas-departamento-de-proceso-produccion-y-tecnologias-sustentable\/#primaryimage\",\"url\":\"https:\/\/sitios.ucsc.cl\/ott\/wp-content\/uploads\/sites\/15\/2022\/07\/capucsc2.png\",\"contentUrl\":\"https:\/\/sitios.ucsc.cl\/ott\/wp-content\/uploads\/sites\/15\/2022\/07\/capucsc2.png\"},{\"@type\":\"WebPage\",\"@id\":\"https:\/\/dinn.ucsc.cl\/index.php\/cibas-departamento-de-proceso-produccion-y-tecnologias-sustentable\/#webpage\",\"url\":\"https:\/\/dinn.ucsc.cl\/index.php\/cibas-departamento-de-proceso-produccion-y-tecnologias-sustentable\/\",\"name\":\"CIBAS: Departamento de Proceso, Producci\u00f3n y Tecnolog\u00edas Sustentable -\",\"isPartOf\":{\"@id\":\"https:\/\/dinn.ucsc.cl\/#website\"},\"primaryImageOfPage\":{\"@id\":\"https:\/\/dinn.ucsc.cl\/index.php\/cibas-departamento-de-proceso-produccion-y-tecnologias-sustentable\/#primaryimage\"},\"datePublished\":\"2022-11-29T01:33:32+00:00\",\"dateModified\":\"2022-11-29T01:33:32+00:00\",\"breadcrumb\":{\"@id\":\"https:\/\/dinn.ucsc.cl\/index.php\/cibas-departamento-de-proceso-produccion-y-tecnologias-sustentable\/#breadcrumb\"},\"inLanguage\":\"es\",\"potentialAction\":[{\"@type\":\"ReadAction\",\"target\":[\"https:\/\/dinn.ucsc.cl\/index.php\/cibas-departamento-de-proceso-produccion-y-tecnologias-sustentable\/\"]}]},{\"@type\":\"BreadcrumbList\",\"@id\":\"https:\/\/dinn.ucsc.cl\/index.php\/cibas-departamento-de-proceso-produccion-y-tecnologias-sustentable\/#breadcrumb\",\"itemListElement\":[{\"@type\":\"ListItem\",\"position\":1,\"name\":\"Inicio\",\"item\":\"https:\/\/dinn.ucsc.cl\/\"},{\"@type\":\"ListItem\",\"position\":2,\"name\":\"CIBAS: Departamento de Proceso, Producci\u00f3n y Tecnolog\u00edas Sustentable\"}]}]}<\/script>\n<!-- \/ Yoast SEO plugin. -->","yoast_head_json":{"title":"CIBAS: Departamento de Proceso, Producci\u00f3n y Tecnolog\u00edas Sustentable -","robots":{"index":"index","follow":"follow","max-snippet":"max-snippet:-1","max-image-preview":"max-image-preview:large","max-video-preview":"max-video-preview:-1"},"canonical":"https:\/\/dinn.ucsc.cl\/index.php\/cibas-departamento-de-proceso-produccion-y-tecnologias-sustentable\/","og_locale":"es_ES","og_type":"article","og_title":"CIBAS: Departamento de Proceso, Producci\u00f3n y Tecnolog\u00edas Sustentable -","og_description":"Presentaci\u00f3n El departamento de proceso, producci\u00f3n y tecnolog\u00edas sustentables, se orienta al estudio y desarrollo de procesos o transformaciones aplicables al \u00e1mbito productivo y tecnol\u00f3gico en un marco de acci\u00f3n que privilegie la utilizaci\u00f3n sustentable de los recursos renovables y no renovables, considerando adem\u00e1s la integraci\u00f3n de sistemas para lograr mayores eficiencias energ\u00e9ticas y menores [&hellip;]","og_url":"https:\/\/dinn.ucsc.cl\/index.php\/cibas-departamento-de-proceso-produccion-y-tecnologias-sustentable\/","article_publisher":"https:\/\/m.facebook.com\/DINNUCSC","og_image":[{"url":"https:\/\/sitios.ucsc.cl\/ott\/wp-content\/uploads\/sites\/15\/2022\/07\/capucsc2.png"}],"twitter_card":"summary","twitter_site":"@dinn_ucsc","twitter_misc":{"Tiempo de lectura":"1 minuto"},"schema":{"@context":"https:\/\/schema.org","@graph":[{"@type":"WebSite","@id":"https:\/\/dinn.ucsc.cl\/#website","url":"https:\/\/dinn.ucsc.cl\/","name":"Direcci\u00f3n de Innovaci\u00f3n UCSC","description":"Direcci\u00f3n de Innovaci\u00f3n","potentialAction":[{"@type":"SearchAction","target":{"@type":"EntryPoint","urlTemplate":"https:\/\/dinn.ucsc.cl\/?s={search_term_string}"},"query-input":"required name=search_term_string"}],"inLanguage":"es"},{"@type":"ImageObject","inLanguage":"es","@id":"https:\/\/dinn.ucsc.cl\/index.php\/cibas-departamento-de-proceso-produccion-y-tecnologias-sustentable\/#primaryimage","url":"https:\/\/sitios.ucsc.cl\/ott\/wp-content\/uploads\/sites\/15\/2022\/07\/capucsc2.png","contentUrl":"https:\/\/sitios.ucsc.cl\/ott\/wp-content\/uploads\/sites\/15\/2022\/07\/capucsc2.png"},{"@type":"WebPage","@id":"https:\/\/dinn.ucsc.cl\/index.php\/cibas-departamento-de-proceso-produccion-y-tecnologias-sustentable\/#webpage","url":"https:\/\/dinn.ucsc.cl\/index.php\/cibas-departamento-de-proceso-produccion-y-tecnologias-sustentable\/","name":"CIBAS: Departamento de Proceso, Producci\u00f3n y Tecnolog\u00edas Sustentable -","isPartOf":{"@id":"https:\/\/dinn.ucsc.cl\/#website"},"primaryImageOfPage":{"@id":"https:\/\/dinn.ucsc.cl\/index.php\/cibas-departamento-de-proceso-produccion-y-tecnologias-sustentable\/#primaryimage"},"datePublished":"2022-11-29T01:33:32+00:00","dateModified":"2022-11-29T01:33:32+00:00","breadcrumb":{"@id":"https:\/\/dinn.ucsc.cl\/index.php\/cibas-departamento-de-proceso-produccion-y-tecnologias-sustentable\/#breadcrumb"},"inLanguage":"es","potentialAction":[{"@type":"ReadAction","target":["https:\/\/dinn.ucsc.cl\/index.php\/cibas-departamento-de-proceso-produccion-y-tecnologias-sustentable\/"]}]},{"@type":"BreadcrumbList","@id":"https:\/\/dinn.ucsc.cl\/index.php\/cibas-departamento-de-proceso-produccion-y-tecnologias-sustentable\/#breadcrumb","itemListElement":[{"@type":"ListItem","position":1,"name":"Inicio","item":"https:\/\/dinn.ucsc.cl\/"},{"@type":"ListItem","position":2,"name":"CIBAS: Departamento de Proceso, Producci\u00f3n y Tecnolog\u00edas Sustentable"}]}]}},"_links":{"self":[{"href":"https:\/\/dinn.ucsc.cl\/index.php\/wp-json\/wp\/v2\/pages\/4182"}],"collection":[{"href":"https:\/\/dinn.ucsc.cl\/index.php\/wp-json\/wp\/v2\/pages"}],"about":[{"href":"https:\/\/dinn.ucsc.cl\/index.php\/wp-json\/wp\/v2\/types\/page"}],"author":[{"embeddable":true,"href":"https:\/\/dinn.ucsc.cl\/index.php\/wp-json\/wp\/v2\/users\/84"}],"replies":[{"embeddable":true,"href":"https:\/\/dinn.ucsc.cl\/index.php\/wp-json\/wp\/v2\/comments?post=4182"}],"version-history":[{"count":1,"href":"https:\/\/dinn.ucsc.cl\/index.php\/wp-json\/wp\/v2\/pages\/4182\/revisions"}],"predecessor-version":[{"id":4183,"href":"https:\/\/dinn.ucsc.cl\/index.php\/wp-json\/wp\/v2\/pages\/4182\/revisions\/4183"}],"wp:attachment":[{"href":"https:\/\/dinn.ucsc.cl\/index.php\/wp-json\/wp\/v2\/media?parent=4182"}],"curies":[{"name":"wp","href":"https:\/\/api.w.org\/{rel}","templated":true}]}}