{"id":4212,"date":"2022-11-28T23:04:21","date_gmt":"2022-11-29T02:04:21","guid":{"rendered":"https:\/\/dinn.ucsc.cl\/?page_id=4212"},"modified":"2023-10-15T20:26:16","modified_gmt":"2023-10-15T23:26:16","slug":"laboratorio-de-quimica-de-recursos-naturales-y-bioenergia","status":"publish","type":"page","link":"https:\/\/dinn.ucsc.cl\/index.php\/laboratorio-de-quimica-de-recursos-naturales-y-bioenergia\/","title":{"rendered":"Laboratorio de Qu\u00edmica de Recursos Naturales y Bioenerg\u00eda"},"content":{"rendered":"<table class=\" alignleft\" style=\"height: 2526px\">\n<tbody>\n<tr style=\"height: 153px\">\n<td style=\"width: 741px;height: 153px\" colspan=\"4\"><img loading=\"lazy\" class=\"aligncenter size-full wp-image-2922\" src=\"https:\/\/sitios.ucsc.cl\/ott\/wp-content\/uploads\/sites\/15\/2022\/07\/LABUCSC2.png\" alt=\"\" width=\"950\" height=\"194\" \/><\/td>\n<\/tr>\n<tr style=\"height: 130px\">\n<td style=\"width: 68px;height: 130px\"><\/td>\n<td style=\"width: 71px;height: 130px\"><img loading=\"lazy\" class=\"aligncenter wp-image-2512 size-full\" src=\"https:\/\/sitios.ucsc.cl\/ott\/wp-content\/uploads\/sites\/15\/2022\/07\/CU_1.png\" alt=\"\" width=\"50\" height=\"50\" \/><\/td>\n<td style=\"width: 599px;height: 130px\">\n<h3>Descripci\u00f3n<\/h3>\n<p>Creado en el a\u00f1o 2019 para realizar investigaci\u00f3n cient\u00edfica\u00a0b\u00e1sica y aplicada en el \u00e1rea de Tecnolog\u00eda de Biorecursos; Bioenerg\u00eda y Biorrefiner\u00eda. Privilegia las colaboraciones acad\u00e9micas, pero abierto a establecer acuerdos de servicios formales.<\/td>\n<td style=\"width: 3px;height: 130px\"><\/td>\n<\/tr>\n<tr style=\"height: 79px\">\n<td style=\"width: 68px;height: 79px\"><\/td>\n<td style=\"width: 71px;height: 79px\"><img loading=\"lazy\" class=\"aligncenter size-full wp-image-2558\" src=\"https:\/\/sitios.ucsc.cl\/ott\/wp-content\/uploads\/sites\/15\/2022\/07\/CU_5.png\" alt=\"\" width=\"50\" height=\"50\" \/><\/td>\n<td style=\"width: 599px;height: 79px\">\n<h3>Dependencia<\/h3>\n<p>Facultad de Ciencias.<\/td>\n<td style=\"width: 3px;height: 79px\"><\/td>\n<\/tr>\n<tr style=\"height: 79px\">\n<td style=\"width: 68px;height: 79px\"><\/td>\n<td style=\"width: 71px;height: 79px\"><img loading=\"lazy\" class=\"aligncenter size-full wp-image-2555\" src=\"https:\/\/sitios.ucsc.cl\/ott\/wp-content\/uploads\/sites\/15\/2022\/07\/CU_10.png\" alt=\"\" width=\"50\" height=\"50\" \/><\/td>\n<td style=\"width: 599px;height: 79px\">\n<h3>Director(a) responsable<\/h3>\n<p>Dra. Laura Az\u00f3car.<\/td>\n<td style=\"width: 3px;height: 79px\"><\/td>\n<\/tr>\n<tr style=\"height: 104px\">\n<td style=\"width: 68px;height: 104px\"><\/td>\n<td style=\"width: 71px;height: 104px\"><img loading=\"lazy\" class=\"aligncenter size-full wp-image-2557\" src=\"https:\/\/sitios.ucsc.cl\/ott\/wp-content\/uploads\/sites\/15\/2022\/07\/CU_4.png\" alt=\"\" width=\"50\" height=\"50\" \/><\/td>\n<td style=\"width: 599px;height: 104px\">\n<h3>Contacto<\/h3>\n<p>Tel\u00e9fono: +56 41-2345504<br \/>\nMail: lazocar@ucsc.cl<\/td>\n<td style=\"width: 3px;height: 104px\"><\/td>\n<\/tr>\n<tr style=\"height: 79px\">\n<td style=\"width: 68px;height: 79px\"><\/td>\n<td style=\"width: 71px;height: 79px\"><img loading=\"lazy\" class=\"aligncenter size-full wp-image-2559\" src=\"https:\/\/sitios.ucsc.cl\/ott\/wp-content\/uploads\/sites\/15\/2022\/07\/CU_6.png\" alt=\"\" width=\"50\" height=\"50\" \/><\/td>\n<td style=\"width: 599px;height: 79px\">\n<h3>Web<\/h3>\n<p>No tiene.<\/td>\n<td style=\"width: 3px;height: 79px\"><\/td>\n<\/tr>\n<tr style=\"height: 130px\">\n<td style=\"width: 68px;height: 130px\"><\/td>\n<td style=\"width: 71px;height: 130px\"><img loading=\"lazy\" class=\"aligncenter size-full wp-image-2512\" src=\"https:\/\/sitios.ucsc.cl\/ott\/wp-content\/uploads\/sites\/15\/2022\/07\/CU_1.png\" alt=\"\" width=\"50\" height=\"50\" \/><\/td>\n<td style=\"width: 599px;height: 130px\">\n<h3>\u00c1reas de conocimiento<\/h3>\n<p>\u2022 Bioenerg\u00eda<br \/>\n\u2022 Biorrefiner\u00eda<br \/>\n\u2022 Biopol\u00edmeros<\/td>\n<td style=\"width: 3px;height: 130px\"><\/td>\n<\/tr>\n<tr style=\"height: 181px\">\n<td style=\"width: 68px;height: 181px\"><\/td>\n<td style=\"width: 71px;height: 181px\"><img loading=\"lazy\" class=\"aligncenter size-full wp-image-2556\" src=\"https:\/\/sitios.ucsc.cl\/ott\/wp-content\/uploads\/sites\/15\/2022\/07\/CU_3.png\" alt=\"\" width=\"50\" height=\"50\" \/><\/td>\n<td style=\"width: 599px;height: 181px\">\n<h3>Oferta tecnol\u00f3gica<\/h3>\n<p>\u2022 Tiene capacidad de realizar investigaci\u00f3n cient\u00edfica b\u00e1sica y aplicada en el \u00e1rea de Tecnolog\u00eda de Biorecursos; Bioenerg\u00eda. Tiene capacidades instaladas, y 2 proyectos de I+D a nivel de investigaci\u00f3n (Quality Wood y GASCO).<br \/>\n\u2022 Potencial de prestaci\u00f3n de servicios en caracterizaci\u00f3n de biomasa con potencial energ\u00e9tico y an\u00e1lisis de pellet. A partir de finales de 2022.<\/td>\n<td style=\"width: 3px;height: 181px\"><\/td>\n<\/tr>\n<tr style=\"height: 52px\">\n<td style=\"width: 68px;height: 52px\"><\/td>\n<td style=\"width: 71px;height: 52px\"><img loading=\"lazy\" class=\"aligncenter size-full wp-image-2561\" src=\"https:\/\/sitios.ucsc.cl\/ott\/wp-content\/uploads\/sites\/15\/2022\/07\/CU_8.png\" alt=\"\" width=\"50\" height=\"50\" \/><\/td>\n<td style=\"width: 599px;height: 52px\">\n<h3>Experiencia de la unidad<\/h3>\n<\/td>\n<td style=\"width: 3px;height: 52px\"><\/td>\n<\/tr>\n<tr style=\"height: 505px\">\n<td style=\"width: 68px;height: 505px\"><\/td>\n<td style=\"width: 71px;height: 505px\"><\/td>\n<td style=\"width: 599px;height: 505px\"><strong>Proyectos ejecutados:<\/strong><br \/>\n<strong>2020 \u2013 2022<\/strong><br \/>\n\u2022 FONDEF ID20I10331. Producci\u00f3n de biopropano de segunda generaci\u00f3n a trav\u00e9s de un proceso integrado biotecnol\u00f3gico\/termoqu\u00edmico. Investigador Responsable.<br \/>\n<strong>2020-2021<\/strong><br \/>\n\u2022 Convocatoria Posiciones Postdoctorales UCSC 2020. Investigador patrocinante UCSC.<br \/>\n\u2022 Proyecto I+D. Uso de corteza de eucaliptus generada en la industria de procesamiento de madera en la regi\u00f3n del B\u00edo B\u00edo para la generaci\u00f3n de compost y tecnosuelo como enmienda de suelos urbanos. Investigador Responsable.<strong>2019-2021<\/strong><br \/>\n\u2022 Fondo Estatal Gobierno Regional Biob\u00edo FIC2018. Generaci\u00f3n de bioenerg\u00eda para combusti\u00f3n a partir del manejo forestal sustentable en la Regi\u00f3n del Biob\u00edo. Investigador Responsable.<br \/>\n<strong>2018-2020:<\/strong><br \/>\n\u2022 Millenium Nuclei on Catalytic Processes towards Sustainable Chemistry (CSC). Investigador joven.<br \/>\n\u2022 FONDECYT Posdoctoral 3180648. Bio-precipitation of heavy metals in wastewaters through Microbial Induced Calcite Precipitation (MICP). Investigador patrocinante.<\/td>\n<td style=\"width: 3px;height: 505px\"><\/td>\n<\/tr>\n<tr style=\"height: 79px\">\n<td style=\"width: 68px;height: 79px\"><\/td>\n<td style=\"width: 71px;height: 79px\"><img loading=\"lazy\" class=\"aligncenter size-full wp-image-2560\" src=\"https:\/\/sitios.ucsc.cl\/ott\/wp-content\/uploads\/sites\/15\/2022\/07\/CU_7.png\" alt=\"\" width=\"50\" height=\"50\" \/><\/td>\n<td style=\"width: 599px;height: 79px\">\n<h3>Infraestructura<\/h3>\n<p>El Laboratorio es de nueva adquisici\u00f3n y cuenta con 20 m2.<\/td>\n<td style=\"width: 3px;height: 79px\"><\/td>\n<\/tr>\n<tr style=\"height: 52px\">\n<td style=\"width: 68px;height: 52px\"><\/td>\n<td style=\"width: 71px;height: 52px\"><img loading=\"lazy\" class=\"aligncenter size-full wp-image-2562\" src=\"https:\/\/sitios.ucsc.cl\/ott\/wp-content\/uploads\/sites\/15\/2022\/07\/CU_9.png\" alt=\"\" width=\"50\" height=\"50\" \/><\/td>\n<td style=\"width: 599px;height: 52px\">\n<h3>Equipamiento<\/h3>\n<\/td>\n<td style=\"width: 3px;height: 52px\"><\/td>\n<\/tr>\n<tr style=\"height: 361px\">\n<td style=\"width: 68px;height: 361px\"><\/td>\n<td style=\"width: 71px;height: 361px\"><\/td>\n<td style=\"width: 599px;height: 361px\">\u2022 Equipamiento b\u00e1sico de laboratorio.<br \/>\n\u2022 Material volum\u00e9trico.<br \/>\n\u2022 Calor\u00edmetro.<br \/>\n\u2022 Grindability tester.<br \/>\n\u2022 Durabilimetro.<br \/>\n\u2022 Mufla.<br \/>\n\u2022 Estufa de secado.<br \/>\n\u2022 Ba\u00f1o termostatizado.<br \/>\n\u2022 pH metro.<br \/>\n\u2022 2 Placas calefactoras.<br \/>\n\u2022 Balanza anal\u00edtica.<br \/>\n\u2022 Balanza granataria.<br \/>\n\u2022 Bomba de vac\u00edo.<br \/>\n\u2022 Refrigerador para preservaci\u00f3n de muestras.<\/td>\n<td style=\"width: 3px;height: 361px\"><\/td>\n<\/tr>\n<tr style=\"height: 207px\">\n<td style=\"width: 68px;height: 207px\"><\/td>\n<td style=\"width: 71px;height: 207px\"><img loading=\"lazy\" class=\"aligncenter size-full wp-image-2555\" src=\"https:\/\/sitios.ucsc.cl\/ott\/wp-content\/uploads\/sites\/15\/2022\/07\/CU_10.png\" alt=\"\" width=\"50\" height=\"50\" \/><\/td>\n<td style=\"width: 599px;height: 207px\">\n<h3>Integrantes de la unidad<\/h3>\n<p>El Laboratorio cuenta con un equipo humano interdisciplinario integrado por:<br \/>\n\u2022 Dra. Laura Az\u00f3car.<br \/>\n\u2022 Dra. Fabiola Valdebenito.<br \/>\n\u2022 Dr. (c) Flavio Espinoza.<br \/>\n\u2022 Dr. (c) Gerald Cifuentes.<br \/>\n\u2022 Carlos Queirolo (Qu\u00edmica ambiental).<\/td>\n<td style=\"width: 3px;height: 207px\"><\/td>\n<\/tr>\n<tr style=\"height: 246px\">\n<td style=\"width: 68px;height: 246px\"><\/td>\n<td style=\"width: 670px;height: 246px\" colspan=\"2\">&nbsp;<\/p>\n<p>&nbsp;<\/p>\n<p><a href=\"https:\/\/dinn.ucsc.cl\/wp-content\/uploads\/sites\/14\/2023\/10\/OTT_LAB_2.pdf\"><img loading=\"lazy\" class=\"aligncenter wp-image-3262 size-full\" src=\"https:\/\/sitios.ucsc.cl\/ott\/wp-content\/uploads\/sites\/15\/2022\/10\/Boton-descarga-300x61-1.png\" alt=\"\" width=\"300\" height=\"61\" \/><\/a><\/p>\n<p>&nbsp;<\/p>\n<p>&nbsp;<\/td>\n<td style=\"width: 3px;height: 246px\"><\/td>\n<\/tr>\n<tr style=\"height: 89px\">\n<td style=\"width: 741px;height: 89px\" colspan=\"4\"><img loading=\"lazy\" class=\"aligncenter size-full wp-image-3263\" src=\"https:\/\/sitios.ucsc.cl\/ott\/wp-content\/uploads\/sites\/15\/2022\/10\/banner_LB.png\" alt=\"\" width=\"950\" height=\"111\" \/><\/td>\n<\/tr>\n<\/tbody>\n<\/table>\n<h5><\/h5>\n","protected":false},"excerpt":{"rendered":"<p>Descripci\u00f3n Creado en el a\u00f1o 2019 para realizar investigaci\u00f3n cient\u00edfica\u00a0b\u00e1sica y aplicada en el \u00e1rea de Tecnolog\u00eda de Biorecursos; Bioenerg\u00eda y Biorrefiner\u00eda. Privilegia las colaboraciones acad\u00e9micas, pero abierto a establecer acuerdos de servicios formales. Dependencia Facultad de Ciencias. Director(a) responsable Dra. Laura Az\u00f3car. Contacto Tel\u00e9fono: +56 41-2345504 Mail: lazocar@ucsc.cl Web No tiene. \u00c1reas de conocimiento [&hellip;]<\/p>\n","protected":false},"author":84,"featured_media":0,"parent":0,"menu_order":0,"comment_status":"closed","ping_status":"closed","template":"","meta":[],"yoast_head":"<!-- This site is optimized with the Yoast SEO plugin v18.9 - https:\/\/yoast.com\/wordpress\/plugins\/seo\/ -->\n<title>Laboratorio de Qu\u00edmica de Recursos Naturales y Bioenerg\u00eda -<\/title>\n<meta name=\"robots\" content=\"index, follow, max-snippet:-1, max-image-preview:large, max-video-preview:-1\" \/>\n<link rel=\"canonical\" href=\"https:\/\/dinn.ucsc.cl\/index.php\/laboratorio-de-quimica-de-recursos-naturales-y-bioenergia\/\" \/>\n<meta property=\"og:locale\" content=\"es_ES\" \/>\n<meta property=\"og:type\" content=\"article\" \/>\n<meta property=\"og:title\" content=\"Laboratorio de Qu\u00edmica de Recursos Naturales y Bioenerg\u00eda -\" \/>\n<meta property=\"og:description\" content=\"Descripci\u00f3n Creado en el a\u00f1o 2019 para realizar investigaci\u00f3n cient\u00edfica\u00a0b\u00e1sica y aplicada en el \u00e1rea de Tecnolog\u00eda de Biorecursos; Bioenerg\u00eda y Biorrefiner\u00eda. Privilegia las colaboraciones acad\u00e9micas, pero abierto a establecer acuerdos de servicios formales. Dependencia Facultad de Ciencias. Director(a) responsable Dra. Laura Az\u00f3car. Contacto Tel\u00e9fono: +56 41-2345504 Mail: lazocar@ucsc.cl Web No tiene. \u00c1reas de conocimiento [&hellip;]\" \/>\n<meta property=\"og:url\" content=\"https:\/\/dinn.ucsc.cl\/index.php\/laboratorio-de-quimica-de-recursos-naturales-y-bioenergia\/\" \/>\n<meta property=\"article:publisher\" content=\"https:\/\/m.facebook.com\/DINNUCSC\" \/>\n<meta property=\"article:modified_time\" content=\"2023-10-15T23:26:16+00:00\" \/>\n<meta property=\"og:image\" content=\"https:\/\/sitios.ucsc.cl\/ott\/wp-content\/uploads\/sites\/15\/2022\/07\/LABUCSC2.png\" \/>\n<meta name=\"twitter:card\" content=\"summary\" \/>\n<meta name=\"twitter:site\" content=\"@dinn_ucsc\" \/>\n<meta name=\"twitter:label1\" content=\"Tiempo de lectura\" \/>\n\t<meta name=\"twitter:data1\" content=\"2 minutos\" \/>\n<script type=\"application\/ld+json\" class=\"yoast-schema-graph\">{\"@context\":\"https:\/\/schema.org\",\"@graph\":[{\"@type\":\"WebSite\",\"@id\":\"https:\/\/dinn.ucsc.cl\/#website\",\"url\":\"https:\/\/dinn.ucsc.cl\/\",\"name\":\"Direcci\u00f3n de Innovaci\u00f3n UCSC\",\"description\":\"Direcci\u00f3n de Innovaci\u00f3n\",\"potentialAction\":[{\"@type\":\"SearchAction\",\"target\":{\"@type\":\"EntryPoint\",\"urlTemplate\":\"https:\/\/dinn.ucsc.cl\/?s={search_term_string}\"},\"query-input\":\"required name=search_term_string\"}],\"inLanguage\":\"es\"},{\"@type\":\"ImageObject\",\"inLanguage\":\"es\",\"@id\":\"https:\/\/dinn.ucsc.cl\/index.php\/laboratorio-de-quimica-de-recursos-naturales-y-bioenergia\/#primaryimage\",\"url\":\"https:\/\/sitios.ucsc.cl\/ott\/wp-content\/uploads\/sites\/15\/2022\/07\/LABUCSC2.png\",\"contentUrl\":\"https:\/\/sitios.ucsc.cl\/ott\/wp-content\/uploads\/sites\/15\/2022\/07\/LABUCSC2.png\"},{\"@type\":\"WebPage\",\"@id\":\"https:\/\/dinn.ucsc.cl\/index.php\/laboratorio-de-quimica-de-recursos-naturales-y-bioenergia\/#webpage\",\"url\":\"https:\/\/dinn.ucsc.cl\/index.php\/laboratorio-de-quimica-de-recursos-naturales-y-bioenergia\/\",\"name\":\"Laboratorio de Qu\u00edmica de Recursos Naturales y Bioenerg\u00eda -\",\"isPartOf\":{\"@id\":\"https:\/\/dinn.ucsc.cl\/#website\"},\"primaryImageOfPage\":{\"@id\":\"https:\/\/dinn.ucsc.cl\/index.php\/laboratorio-de-quimica-de-recursos-naturales-y-bioenergia\/#primaryimage\"},\"datePublished\":\"2022-11-29T02:04:21+00:00\",\"dateModified\":\"2023-10-15T23:26:16+00:00\",\"breadcrumb\":{\"@id\":\"https:\/\/dinn.ucsc.cl\/index.php\/laboratorio-de-quimica-de-recursos-naturales-y-bioenergia\/#breadcrumb\"},\"inLanguage\":\"es\",\"potentialAction\":[{\"@type\":\"ReadAction\",\"target\":[\"https:\/\/dinn.ucsc.cl\/index.php\/laboratorio-de-quimica-de-recursos-naturales-y-bioenergia\/\"]}]},{\"@type\":\"BreadcrumbList\",\"@id\":\"https:\/\/dinn.ucsc.cl\/index.php\/laboratorio-de-quimica-de-recursos-naturales-y-bioenergia\/#breadcrumb\",\"itemListElement\":[{\"@type\":\"ListItem\",\"position\":1,\"name\":\"Inicio\",\"item\":\"https:\/\/dinn.ucsc.cl\/\"},{\"@type\":\"ListItem\",\"position\":2,\"name\":\"Laboratorio de Qu\u00edmica de Recursos Naturales y Bioenerg\u00eda\"}]}]}<\/script>\n<!-- \/ Yoast SEO plugin. -->","yoast_head_json":{"title":"Laboratorio de Qu\u00edmica de Recursos Naturales y Bioenerg\u00eda -","robots":{"index":"index","follow":"follow","max-snippet":"max-snippet:-1","max-image-preview":"max-image-preview:large","max-video-preview":"max-video-preview:-1"},"canonical":"https:\/\/dinn.ucsc.cl\/index.php\/laboratorio-de-quimica-de-recursos-naturales-y-bioenergia\/","og_locale":"es_ES","og_type":"article","og_title":"Laboratorio de Qu\u00edmica de Recursos Naturales y Bioenerg\u00eda -","og_description":"Descripci\u00f3n Creado en el a\u00f1o 2019 para realizar investigaci\u00f3n cient\u00edfica\u00a0b\u00e1sica y aplicada en el \u00e1rea de Tecnolog\u00eda de Biorecursos; Bioenerg\u00eda y Biorrefiner\u00eda. Privilegia las colaboraciones acad\u00e9micas, pero abierto a establecer acuerdos de servicios formales. Dependencia Facultad de Ciencias. Director(a) responsable Dra. Laura Az\u00f3car. Contacto Tel\u00e9fono: +56 41-2345504 Mail: lazocar@ucsc.cl Web No tiene. \u00c1reas de conocimiento [&hellip;]","og_url":"https:\/\/dinn.ucsc.cl\/index.php\/laboratorio-de-quimica-de-recursos-naturales-y-bioenergia\/","article_publisher":"https:\/\/m.facebook.com\/DINNUCSC","article_modified_time":"2023-10-15T23:26:16+00:00","og_image":[{"url":"https:\/\/sitios.ucsc.cl\/ott\/wp-content\/uploads\/sites\/15\/2022\/07\/LABUCSC2.png"}],"twitter_card":"summary","twitter_site":"@dinn_ucsc","twitter_misc":{"Tiempo de lectura":"2 minutos"},"schema":{"@context":"https:\/\/schema.org","@graph":[{"@type":"WebSite","@id":"https:\/\/dinn.ucsc.cl\/#website","url":"https:\/\/dinn.ucsc.cl\/","name":"Direcci\u00f3n de Innovaci\u00f3n UCSC","description":"Direcci\u00f3n de Innovaci\u00f3n","potentialAction":[{"@type":"SearchAction","target":{"@type":"EntryPoint","urlTemplate":"https:\/\/dinn.ucsc.cl\/?s={search_term_string}"},"query-input":"required name=search_term_string"}],"inLanguage":"es"},{"@type":"ImageObject","inLanguage":"es","@id":"https:\/\/dinn.ucsc.cl\/index.php\/laboratorio-de-quimica-de-recursos-naturales-y-bioenergia\/#primaryimage","url":"https:\/\/sitios.ucsc.cl\/ott\/wp-content\/uploads\/sites\/15\/2022\/07\/LABUCSC2.png","contentUrl":"https:\/\/sitios.ucsc.cl\/ott\/wp-content\/uploads\/sites\/15\/2022\/07\/LABUCSC2.png"},{"@type":"WebPage","@id":"https:\/\/dinn.ucsc.cl\/index.php\/laboratorio-de-quimica-de-recursos-naturales-y-bioenergia\/#webpage","url":"https:\/\/dinn.ucsc.cl\/index.php\/laboratorio-de-quimica-de-recursos-naturales-y-bioenergia\/","name":"Laboratorio de Qu\u00edmica de Recursos Naturales y Bioenerg\u00eda -","isPartOf":{"@id":"https:\/\/dinn.ucsc.cl\/#website"},"primaryImageOfPage":{"@id":"https:\/\/dinn.ucsc.cl\/index.php\/laboratorio-de-quimica-de-recursos-naturales-y-bioenergia\/#primaryimage"},"datePublished":"2022-11-29T02:04:21+00:00","dateModified":"2023-10-15T23:26:16+00:00","breadcrumb":{"@id":"https:\/\/dinn.ucsc.cl\/index.php\/laboratorio-de-quimica-de-recursos-naturales-y-bioenergia\/#breadcrumb"},"inLanguage":"es","potentialAction":[{"@type":"ReadAction","target":["https:\/\/dinn.ucsc.cl\/index.php\/laboratorio-de-quimica-de-recursos-naturales-y-bioenergia\/"]}]},{"@type":"BreadcrumbList","@id":"https:\/\/dinn.ucsc.cl\/index.php\/laboratorio-de-quimica-de-recursos-naturales-y-bioenergia\/#breadcrumb","itemListElement":[{"@type":"ListItem","position":1,"name":"Inicio","item":"https:\/\/dinn.ucsc.cl\/"},{"@type":"ListItem","position":2,"name":"Laboratorio de Qu\u00edmica de Recursos Naturales y Bioenerg\u00eda"}]}]}},"_links":{"self":[{"href":"https:\/\/dinn.ucsc.cl\/index.php\/wp-json\/wp\/v2\/pages\/4212"}],"collection":[{"href":"https:\/\/dinn.ucsc.cl\/index.php\/wp-json\/wp\/v2\/pages"}],"about":[{"href":"https:\/\/dinn.ucsc.cl\/index.php\/wp-json\/wp\/v2\/types\/page"}],"author":[{"embeddable":true,"href":"https:\/\/dinn.ucsc.cl\/index.php\/wp-json\/wp\/v2\/users\/84"}],"replies":[{"embeddable":true,"href":"https:\/\/dinn.ucsc.cl\/index.php\/wp-json\/wp\/v2\/comments?post=4212"}],"version-history":[{"count":3,"href":"https:\/\/dinn.ucsc.cl\/index.php\/wp-json\/wp\/v2\/pages\/4212\/revisions"}],"predecessor-version":[{"id":5489,"href":"https:\/\/dinn.ucsc.cl\/index.php\/wp-json\/wp\/v2\/pages\/4212\/revisions\/5489"}],"wp:attachment":[{"href":"https:\/\/dinn.ucsc.cl\/index.php\/wp-json\/wp\/v2\/media?parent=4212"}],"curies":[{"name":"wp","href":"https:\/\/api.w.org\/{rel}","templated":true}]}}