{"id":4245,"date":"2022-11-28T23:23:30","date_gmt":"2022-11-29T02:23:30","guid":{"rendered":"https:\/\/dinn.ucsc.cl\/?page_id=4245"},"modified":"2022-11-28T23:23:30","modified_gmt":"2022-11-29T02:23:30","slug":"bpm-bi-diagnostico-diseno-e-implementacion-procesos-inteligentes-para-el-gerenciamiento-estrategico-y-operativo","status":"publish","type":"page","link":"https:\/\/dinn.ucsc.cl\/index.php\/bpm-bi-diagnostico-diseno-e-implementacion-procesos-inteligentes-para-el-gerenciamiento-estrategico-y-operativo\/","title":{"rendered":"BPM, BI, Diagn\u00f3stico, dise\u00f1o e implementaci\u00f3n procesos inteligentes para el gerenciamiento estrat\u00e9gico y operativo"},"content":{"rendered":"<table class=\" alignleft\">\n<tbody>\n<tr>\n<td style=\"width: 741px\" colspan=\"4\"><img loading=\"lazy\" class=\"aligncenter wp-image-2458 size-full\" src=\"https:\/\/sitios.ucsc.cl\/ott\/wp-content\/uploads\/sites\/15\/2022\/06\/OTT_SAE_1_HEADER.png\" alt=\"\" width=\"950\" height=\"194\" \/><\/td>\n<\/tr>\n<tr>\n<td style=\"width: 68px\"><\/td>\n<td style=\"width: 78px\"><img loading=\"lazy\" class=\"aligncenter wp-image-2182 size-full\" src=\"https:\/\/sitios.ucsc.cl\/ott\/wp-content\/uploads\/sites\/15\/2022\/06\/OTT_SAE_1.png\" alt=\"\" width=\"50\" height=\"50\" \/><\/td>\n<td style=\"width: 592px\">El servicio pretende identificar los factores claves de \u00e9xito de la organizaci\u00f3n y estructurarlos en plataformas TI para que pueda organizar ,informar y aportar a decisiones inteligentemente, permitiendo tener nuevas perspectivas de sus negocios y procesos, que conduzcan a decisiones orientadas a maximizar asertividad comercial, productiva y organizacional. Se incluye taller que permitir\u00e1 incrementar las capacidades de innovaci\u00f3n en la empresa. El resultado de dicho proceso se divide en tres puntos, estos son:<\/td>\n<td style=\"width: 3px\">\n<h3><\/h3>\n<\/td>\n<\/tr>\n<tr>\n<td style=\"width: 68px\"><\/td>\n<td style=\"width: 78px\"><\/td>\n<td style=\"width: 592px\">\u2022\u00a0 Estudio, diagn\u00f3sticos, ing. conceptual, b\u00e1sica y detalle; recomendaciones.<br \/>\n\u2022\u00a0 Plataforma TI para ser instalada en la empresa.<br \/>\n\u2022\u00a0 Plan de capacitaci\u00f3n, implementaci\u00f3n y mantenci\u00f3n de procesos.<\/td>\n<td style=\"width: 3px\"><\/td>\n<\/tr>\n<tr>\n<td style=\"width: 68px\"><\/td>\n<td style=\"width: 670px\" colspan=\"2\">&nbsp;<\/p>\n<p><a href=\"https:\/\/sitios.ucsc.cl\/ott\/wp-content\/uploads\/sites\/15\/2022\/10\/OTT_SAE_1_2022.pdf\"><img loading=\"lazy\" class=\"aligncenter wp-image-2220 size-medium\" src=\"https:\/\/sitios.ucsc.cl\/ott\/wp-content\/uploads\/sites\/15\/2022\/06\/Bot\u00f3n-descarga-300x61.png\" alt=\"\" width=\"300\" height=\"61\" \/><\/a><\/p>\n<p>&nbsp;<\/p>\n<p>&nbsp;<\/td>\n<td style=\"width: 3px\"><\/td>\n<\/tr>\n<tr>\n<td style=\"width: 741px\" colspan=\"4\"><img loading=\"lazy\" class=\"aligncenter size-full wp-image-3032\" src=\"https:\/\/sitios.ucsc.cl\/ott\/wp-content\/uploads\/sites\/15\/2022\/08\/Banner-4.png\" alt=\"\" width=\"950\" height=\"108\" \/><\/td>\n<\/tr>\n<\/tbody>\n<\/table>\n","protected":false},"excerpt":{"rendered":"<p>El servicio pretende identificar los factores claves de \u00e9xito de la organizaci\u00f3n y estructurarlos en plataformas TI para que pueda organizar ,informar y aportar a decisiones inteligentemente, permitiendo tener nuevas perspectivas de sus negocios y procesos, que conduzcan a decisiones orientadas a maximizar asertividad comercial, productiva y organizacional. Se incluye taller que permitir\u00e1 incrementar las [&hellip;]<\/p>\n","protected":false},"author":84,"featured_media":0,"parent":0,"menu_order":0,"comment_status":"closed","ping_status":"closed","template":"","meta":[],"yoast_head":"<!-- This site is optimized with the Yoast SEO plugin v18.9 - https:\/\/yoast.com\/wordpress\/plugins\/seo\/ -->\n<title>BPM, BI, Diagn\u00f3stico, dise\u00f1o e implementaci\u00f3n procesos inteligentes para el gerenciamiento estrat\u00e9gico y operativo -<\/title>\n<meta name=\"robots\" content=\"index, follow, max-snippet:-1, max-image-preview:large, max-video-preview:-1\" \/>\n<link rel=\"canonical\" href=\"https:\/\/dinn.ucsc.cl\/index.php\/bpm-bi-diagnostico-diseno-e-implementacion-procesos-inteligentes-para-el-gerenciamiento-estrategico-y-operativo\/\" \/>\n<meta property=\"og:locale\" content=\"es_ES\" \/>\n<meta property=\"og:type\" content=\"article\" \/>\n<meta property=\"og:title\" content=\"BPM, BI, Diagn\u00f3stico, dise\u00f1o e implementaci\u00f3n procesos inteligentes para el gerenciamiento estrat\u00e9gico y operativo -\" \/>\n<meta property=\"og:description\" content=\"El servicio pretende identificar los factores claves de \u00e9xito de la organizaci\u00f3n y estructurarlos en plataformas TI para que pueda organizar ,informar y aportar a decisiones inteligentemente, permitiendo tener nuevas perspectivas de sus negocios y procesos, que conduzcan a decisiones orientadas a maximizar asertividad comercial, productiva y organizacional. Se incluye taller que permitir\u00e1 incrementar las [&hellip;]\" \/>\n<meta property=\"og:url\" content=\"https:\/\/dinn.ucsc.cl\/index.php\/bpm-bi-diagnostico-diseno-e-implementacion-procesos-inteligentes-para-el-gerenciamiento-estrategico-y-operativo\/\" \/>\n<meta property=\"article:publisher\" content=\"https:\/\/m.facebook.com\/DINNUCSC\" \/>\n<meta property=\"og:image\" content=\"https:\/\/sitios.ucsc.cl\/ott\/wp-content\/uploads\/sites\/15\/2022\/06\/OTT_SAE_1_HEADER.png\" \/>\n<meta name=\"twitter:card\" content=\"summary\" \/>\n<meta name=\"twitter:site\" content=\"@dinn_ucsc\" \/>\n<meta name=\"twitter:label1\" content=\"Tiempo de lectura\" \/>\n\t<meta name=\"twitter:data1\" content=\"1 minuto\" \/>\n<script type=\"application\/ld+json\" class=\"yoast-schema-graph\">{\"@context\":\"https:\/\/schema.org\",\"@graph\":[{\"@type\":\"WebSite\",\"@id\":\"https:\/\/dinn.ucsc.cl\/#website\",\"url\":\"https:\/\/dinn.ucsc.cl\/\",\"name\":\"Direcci\u00f3n de Innovaci\u00f3n UCSC\",\"description\":\"Direcci\u00f3n de Innovaci\u00f3n\",\"potentialAction\":[{\"@type\":\"SearchAction\",\"target\":{\"@type\":\"EntryPoint\",\"urlTemplate\":\"https:\/\/dinn.ucsc.cl\/?s={search_term_string}\"},\"query-input\":\"required name=search_term_string\"}],\"inLanguage\":\"es\"},{\"@type\":\"ImageObject\",\"inLanguage\":\"es\",\"@id\":\"https:\/\/dinn.ucsc.cl\/index.php\/bpm-bi-diagnostico-diseno-e-implementacion-procesos-inteligentes-para-el-gerenciamiento-estrategico-y-operativo\/#primaryimage\",\"url\":\"https:\/\/sitios.ucsc.cl\/ott\/wp-content\/uploads\/sites\/15\/2022\/06\/OTT_SAE_1_HEADER.png\",\"contentUrl\":\"https:\/\/sitios.ucsc.cl\/ott\/wp-content\/uploads\/sites\/15\/2022\/06\/OTT_SAE_1_HEADER.png\"},{\"@type\":\"WebPage\",\"@id\":\"https:\/\/dinn.ucsc.cl\/index.php\/bpm-bi-diagnostico-diseno-e-implementacion-procesos-inteligentes-para-el-gerenciamiento-estrategico-y-operativo\/#webpage\",\"url\":\"https:\/\/dinn.ucsc.cl\/index.php\/bpm-bi-diagnostico-diseno-e-implementacion-procesos-inteligentes-para-el-gerenciamiento-estrategico-y-operativo\/\",\"name\":\"BPM, BI, Diagn\u00f3stico, dise\u00f1o e implementaci\u00f3n procesos inteligentes para el gerenciamiento estrat\u00e9gico y operativo -\",\"isPartOf\":{\"@id\":\"https:\/\/dinn.ucsc.cl\/#website\"},\"primaryImageOfPage\":{\"@id\":\"https:\/\/dinn.ucsc.cl\/index.php\/bpm-bi-diagnostico-diseno-e-implementacion-procesos-inteligentes-para-el-gerenciamiento-estrategico-y-operativo\/#primaryimage\"},\"datePublished\":\"2022-11-29T02:23:30+00:00\",\"dateModified\":\"2022-11-29T02:23:30+00:00\",\"breadcrumb\":{\"@id\":\"https:\/\/dinn.ucsc.cl\/index.php\/bpm-bi-diagnostico-diseno-e-implementacion-procesos-inteligentes-para-el-gerenciamiento-estrategico-y-operativo\/#breadcrumb\"},\"inLanguage\":\"es\",\"potentialAction\":[{\"@type\":\"ReadAction\",\"target\":[\"https:\/\/dinn.ucsc.cl\/index.php\/bpm-bi-diagnostico-diseno-e-implementacion-procesos-inteligentes-para-el-gerenciamiento-estrategico-y-operativo\/\"]}]},{\"@type\":\"BreadcrumbList\",\"@id\":\"https:\/\/dinn.ucsc.cl\/index.php\/bpm-bi-diagnostico-diseno-e-implementacion-procesos-inteligentes-para-el-gerenciamiento-estrategico-y-operativo\/#breadcrumb\",\"itemListElement\":[{\"@type\":\"ListItem\",\"position\":1,\"name\":\"Inicio\",\"item\":\"https:\/\/dinn.ucsc.cl\/\"},{\"@type\":\"ListItem\",\"position\":2,\"name\":\"BPM, BI, Diagn\u00f3stico, dise\u00f1o e implementaci\u00f3n procesos inteligentes para el gerenciamiento estrat\u00e9gico y operativo\"}]}]}<\/script>\n<!-- \/ Yoast SEO plugin. -->","yoast_head_json":{"title":"BPM, BI, Diagn\u00f3stico, dise\u00f1o e implementaci\u00f3n procesos inteligentes para el gerenciamiento estrat\u00e9gico y operativo -","robots":{"index":"index","follow":"follow","max-snippet":"max-snippet:-1","max-image-preview":"max-image-preview:large","max-video-preview":"max-video-preview:-1"},"canonical":"https:\/\/dinn.ucsc.cl\/index.php\/bpm-bi-diagnostico-diseno-e-implementacion-procesos-inteligentes-para-el-gerenciamiento-estrategico-y-operativo\/","og_locale":"es_ES","og_type":"article","og_title":"BPM, BI, Diagn\u00f3stico, dise\u00f1o e implementaci\u00f3n procesos inteligentes para el gerenciamiento estrat\u00e9gico y operativo -","og_description":"El servicio pretende identificar los factores claves de \u00e9xito de la organizaci\u00f3n y estructurarlos en plataformas TI para que pueda organizar ,informar y aportar a decisiones inteligentemente, permitiendo tener nuevas perspectivas de sus negocios y procesos, que conduzcan a decisiones orientadas a maximizar asertividad comercial, productiva y organizacional. Se incluye taller que permitir\u00e1 incrementar las [&hellip;]","og_url":"https:\/\/dinn.ucsc.cl\/index.php\/bpm-bi-diagnostico-diseno-e-implementacion-procesos-inteligentes-para-el-gerenciamiento-estrategico-y-operativo\/","article_publisher":"https:\/\/m.facebook.com\/DINNUCSC","og_image":[{"url":"https:\/\/sitios.ucsc.cl\/ott\/wp-content\/uploads\/sites\/15\/2022\/06\/OTT_SAE_1_HEADER.png"}],"twitter_card":"summary","twitter_site":"@dinn_ucsc","twitter_misc":{"Tiempo de lectura":"1 minuto"},"schema":{"@context":"https:\/\/schema.org","@graph":[{"@type":"WebSite","@id":"https:\/\/dinn.ucsc.cl\/#website","url":"https:\/\/dinn.ucsc.cl\/","name":"Direcci\u00f3n de Innovaci\u00f3n UCSC","description":"Direcci\u00f3n de Innovaci\u00f3n","potentialAction":[{"@type":"SearchAction","target":{"@type":"EntryPoint","urlTemplate":"https:\/\/dinn.ucsc.cl\/?s={search_term_string}"},"query-input":"required name=search_term_string"}],"inLanguage":"es"},{"@type":"ImageObject","inLanguage":"es","@id":"https:\/\/dinn.ucsc.cl\/index.php\/bpm-bi-diagnostico-diseno-e-implementacion-procesos-inteligentes-para-el-gerenciamiento-estrategico-y-operativo\/#primaryimage","url":"https:\/\/sitios.ucsc.cl\/ott\/wp-content\/uploads\/sites\/15\/2022\/06\/OTT_SAE_1_HEADER.png","contentUrl":"https:\/\/sitios.ucsc.cl\/ott\/wp-content\/uploads\/sites\/15\/2022\/06\/OTT_SAE_1_HEADER.png"},{"@type":"WebPage","@id":"https:\/\/dinn.ucsc.cl\/index.php\/bpm-bi-diagnostico-diseno-e-implementacion-procesos-inteligentes-para-el-gerenciamiento-estrategico-y-operativo\/#webpage","url":"https:\/\/dinn.ucsc.cl\/index.php\/bpm-bi-diagnostico-diseno-e-implementacion-procesos-inteligentes-para-el-gerenciamiento-estrategico-y-operativo\/","name":"BPM, BI, Diagn\u00f3stico, dise\u00f1o e implementaci\u00f3n procesos inteligentes para el gerenciamiento estrat\u00e9gico y operativo -","isPartOf":{"@id":"https:\/\/dinn.ucsc.cl\/#website"},"primaryImageOfPage":{"@id":"https:\/\/dinn.ucsc.cl\/index.php\/bpm-bi-diagnostico-diseno-e-implementacion-procesos-inteligentes-para-el-gerenciamiento-estrategico-y-operativo\/#primaryimage"},"datePublished":"2022-11-29T02:23:30+00:00","dateModified":"2022-11-29T02:23:30+00:00","breadcrumb":{"@id":"https:\/\/dinn.ucsc.cl\/index.php\/bpm-bi-diagnostico-diseno-e-implementacion-procesos-inteligentes-para-el-gerenciamiento-estrategico-y-operativo\/#breadcrumb"},"inLanguage":"es","potentialAction":[{"@type":"ReadAction","target":["https:\/\/dinn.ucsc.cl\/index.php\/bpm-bi-diagnostico-diseno-e-implementacion-procesos-inteligentes-para-el-gerenciamiento-estrategico-y-operativo\/"]}]},{"@type":"BreadcrumbList","@id":"https:\/\/dinn.ucsc.cl\/index.php\/bpm-bi-diagnostico-diseno-e-implementacion-procesos-inteligentes-para-el-gerenciamiento-estrategico-y-operativo\/#breadcrumb","itemListElement":[{"@type":"ListItem","position":1,"name":"Inicio","item":"https:\/\/dinn.ucsc.cl\/"},{"@type":"ListItem","position":2,"name":"BPM, BI, Diagn\u00f3stico, dise\u00f1o e implementaci\u00f3n procesos inteligentes para el gerenciamiento estrat\u00e9gico y operativo"}]}]}},"_links":{"self":[{"href":"https:\/\/dinn.ucsc.cl\/index.php\/wp-json\/wp\/v2\/pages\/4245"}],"collection":[{"href":"https:\/\/dinn.ucsc.cl\/index.php\/wp-json\/wp\/v2\/pages"}],"about":[{"href":"https:\/\/dinn.ucsc.cl\/index.php\/wp-json\/wp\/v2\/types\/page"}],"author":[{"embeddable":true,"href":"https:\/\/dinn.ucsc.cl\/index.php\/wp-json\/wp\/v2\/users\/84"}],"replies":[{"embeddable":true,"href":"https:\/\/dinn.ucsc.cl\/index.php\/wp-json\/wp\/v2\/comments?post=4245"}],"version-history":[{"count":1,"href":"https:\/\/dinn.ucsc.cl\/index.php\/wp-json\/wp\/v2\/pages\/4245\/revisions"}],"predecessor-version":[{"id":4246,"href":"https:\/\/dinn.ucsc.cl\/index.php\/wp-json\/wp\/v2\/pages\/4245\/revisions\/4246"}],"wp:attachment":[{"href":"https:\/\/dinn.ucsc.cl\/index.php\/wp-json\/wp\/v2\/media?parent=4245"}],"curies":[{"name":"wp","href":"https:\/\/api.w.org\/{rel}","templated":true}]}}