{"id":5254,"date":"2023-07-10T00:48:58","date_gmt":"2023-07-10T04:48:58","guid":{"rendered":"https:\/\/dinn.ucsc.cl\/?page_id=5254"},"modified":"2023-07-10T01:03:10","modified_gmt":"2023-07-10T05:03:10","slug":"metodo-y-dispositivo-para-un-conmutador-optico-basado-en-fibras-multi-nucleo","status":"publish","type":"page","link":"https:\/\/dinn.ucsc.cl\/index.php\/metodo-y-dispositivo-para-un-conmutador-optico-basado-en-fibras-multi-nucleo\/","title":{"rendered":"M\u00e9todo y dispositivo para un conmutador \u00f3ptico basado en fibras multi-n\u00facleo"},"content":{"rendered":"<table class=\" alignleft\" style=\"font-size: 1rem;width: 733px;height: 1296px\">\n<tbody>\n<tr style=\"height: 158px\">\n<td style=\"width: 732.2px;height: 158px\" colspan=\"4\">\n<h3><img loading=\"lazy\" class=\"aligncenter size-full wp-image-5255\" src=\"https:\/\/dinn.ucsc.cl\/wp-content\/uploads\/sites\/14\/2023\/07\/OTT_Tec_14_Banner_1.png\" alt=\"\" width=\"950\" height=\"193\" srcset=\"https:\/\/dinn.ucsc.cl\/wp-content\/uploads\/sites\/14\/2023\/07\/OTT_Tec_14_Banner_1.png 950w, https:\/\/dinn.ucsc.cl\/wp-content\/uploads\/sites\/14\/2023\/07\/OTT_Tec_14_Banner_1-300x61.png 300w, https:\/\/dinn.ucsc.cl\/wp-content\/uploads\/sites\/14\/2023\/07\/OTT_Tec_14_Banner_1-768x156.png 768w, https:\/\/dinn.ucsc.cl\/wp-content\/uploads\/sites\/14\/2023\/07\/OTT_Tec_14_Banner_1-200x41.png 200w\" sizes=\"(max-width: 950px) 100vw, 950px\" \/><\/h3>\n<\/td>\n<\/tr>\n<tr style=\"height: 54px\">\n<td style=\"width: 51.2125px;height: 54px\"><\/td>\n<td style=\"width: 49.2125px;height: 54px\"><\/td>\n<td style=\"width: 594.588px;height: 54px\"><strong>Propiedad Intelectual \u2013 Patente en Fase Nacional:<\/strong><br \/>\nChile: CL202201855<\/td>\n<td style=\"width: 37.1875px;height: 54px\">\n<h3><\/h3>\n<\/td>\n<\/tr>\n<tr style=\"height: 47px\">\n<td style=\"width: 51.2125px;height: 47px\"><\/td>\n<td style=\"width: 49.2125px;height: 47px\"><img loading=\"lazy\" class=\"aligncenter size-full wp-image-2827\" src=\"https:\/\/sitios.ucsc.cl\/ott\/wp-content\/uploads\/sites\/15\/2022\/07\/OTT_TEC_1.png\" alt=\"\" width=\"50\" height=\"50\" \/><\/td>\n<td style=\"width: 594.588px;text-align: justify;height: 47px\">\n<h3>Tecnolog\u00eda desarrollada<\/h3>\n<\/td>\n<td style=\"width: 37.1875px;height: 47px\">\n<h3><\/h3>\n<\/td>\n<\/tr>\n<tr>\n<td style=\"width: 51.2125px\"><\/td>\n<td style=\"width: 49.2125px\"><\/td>\n<td style=\"width: 594.588px;text-align: justify\">Dispositivo dise\u00f1ado para conmutar se\u00f1ales \u00f3pticas de alta velocidad en redes de fibras \u00f3pticas con directo acople a fibras del tipo multi-n\u00facleo. Comprende un m\u00f3dulo Beam Splitter (BS) que divide las se\u00f1ales de entrada en m\u00faltiples modos, acoplado a una etapa con dispositivos optoelectr\u00f3nicos. Estos dispositivos modulan la fase \u00f3ptica en cada modo para manipular el efecto de interferencia \u00f3ptica en un segundo BS, permitiendo determinar de forma controlada el puerto de salida de la se\u00f1al a conmutar.<\/td>\n<td style=\"width: 37.1875px\"><\/td>\n<\/tr>\n<tr style=\"height: 47px\">\n<td style=\"width: 51.2125px;height: 47px\"><\/td>\n<td style=\"width: 49.2125px;height: 47px\"><img loading=\"lazy\" class=\"aligncenter size-full wp-image-2828\" src=\"https:\/\/sitios.ucsc.cl\/ott\/wp-content\/uploads\/sites\/15\/2022\/07\/OTT_TEC_2.png\" alt=\"\" width=\"50\" height=\"50\" \/><\/td>\n<td style=\"width: 594.588px;text-align: justify;height: 47px\">\n<h3>Beneficios \/ Ventajas<\/h3>\n<\/td>\n<td style=\"width: 37.1875px;height: 47px\"><\/td>\n<\/tr>\n<tr style=\"height: 126px\">\n<td style=\"width: 51.2125px;height: 126px\"><\/td>\n<td style=\"width: 49.2125px;height: 126px\"><\/td>\n<td style=\"width: 594.588px;text-align: justify;height: 126px\">\u2022 Alta velocidad de conmutaci\u00f3n dentro de fibras monomodo e incluso con fibras multin\u00facleo (MCF), operando a velocidades tres veces mayor a otros dispositivos comerciales.<br \/>\n\u2022 Capacidad para integrarse directamente con fibras MCF comerciales, beneficiando a clientes y usuarios quienes podr\u00edan acceder a una transmisi\u00f3n de informaci\u00f3n m\u00e1s veloz y segura, frente a los dispositivos actuales centrados en electromec\u00e1nica.<br \/>\n\u2022 Conmutaci\u00f3n \u00f3ptica directa, no requiere lectura ni escritura de la informaci\u00f3n a conmutar.<br \/>\n\u2022 Tecnolog\u00eda no invasiva que protege la informaci\u00f3n sin dejar registro de lo conmutado.<\/td>\n<td style=\"width: 37.1875px;height: 126px\"><\/td>\n<\/tr>\n<tr style=\"height: 47px\">\n<td style=\"width: 51.2125px;height: 47px\"><\/td>\n<td style=\"width: 49.2125px;height: 47px\"><img loading=\"lazy\" class=\"aligncenter size-full wp-image-2829\" src=\"https:\/\/sitios.ucsc.cl\/ott\/wp-content\/uploads\/sites\/15\/2022\/07\/OTT_TEC_3.png\" alt=\"\" width=\"50\" height=\"50\" \/><\/td>\n<td style=\"width: 594.588px;text-align: justify;height: 47px\">\n<h3>Usos \/ Aplicaciones<\/h3>\n<\/td>\n<td style=\"width: 37.1875px;height: 47px\"><\/td>\n<\/tr>\n<tr style=\"height: 105px\">\n<td style=\"width: 51.2125px;height: 105px\"><\/td>\n<td style=\"width: 49.2125px;height: 105px\"><\/td>\n<td style=\"width: 594.588px;text-align: justify;height: 105px\">Puede ser utilizada por empresas que prestan servicios de telecomunicaciones, basados en fibras \u00f3ptica a nivel nacional e internacional; empresas que ofrecen servicios de telecomunicaciones; Instituciones p\u00fablicas como el Ministerio de Transportes y Telecomunicaciones.<\/td>\n<td style=\"width: 37.1875px;height: 105px\"><\/td>\n<\/tr>\n<tr style=\"height: 47px\">\n<td style=\"width: 51.2125px;height: 47px\"><\/td>\n<td style=\"width: 49.2125px;height: 47px\"><img loading=\"lazy\" class=\"aligncenter size-full wp-image-2830\" src=\"https:\/\/sitios.ucsc.cl\/ott\/wp-content\/uploads\/sites\/15\/2022\/07\/OTT_TEC_4.png\" alt=\"\" width=\"50\" height=\"50\" \/><\/td>\n<td style=\"width: 594.588px;text-align: justify;height: 47px\">\n<h3>Oferta tecnol\u00f3gica<\/h3>\n<\/td>\n<td style=\"width: 37.1875px;height: 47px\"><\/td>\n<\/tr>\n<tr style=\"height: 28px\">\n<td style=\"width: 51.2125px;height: 28px\"><\/td>\n<td style=\"width: 49.2125px;height: 28px\"><\/td>\n<td style=\"width: 594.588px;text-align: justify;height: 28px\">La tecnolog\u00eda est\u00e1 disponible para licenciamiento.<\/td>\n<td style=\"width: 37.1875px;height: 28px\"><\/td>\n<\/tr>\n<tr style=\"height: 47px\">\n<td style=\"width: 51.2125px;height: 47px\"><\/td>\n<td style=\"width: 49.2125px;height: 47px\"><img loading=\"lazy\" class=\"aligncenter size-full wp-image-2831\" src=\"https:\/\/sitios.ucsc.cl\/ott\/wp-content\/uploads\/sites\/15\/2022\/07\/OTT_TEC_5.png\" alt=\"\" width=\"50\" height=\"50\" \/><\/td>\n<td style=\"width: 594.588px;text-align: justify;height: 47px\">\n<h3>Estado de desarrollo<\/h3>\n<\/td>\n<td style=\"width: 37.1875px;height: 47px\"><\/td>\n<\/tr>\n<tr style=\"height: 54px\">\n<td style=\"width: 51.2125px;height: 54px\"><\/td>\n<td style=\"width: 49.2125px;height: 54px\"><\/td>\n<td style=\"width: 594.588px;text-align: justify;height: 54px\">TRL 4, ya que se cuenta con validaciones de componente y disposici\u00f3n de los mismos en entorno de laboratorio.<\/td>\n<td style=\"width: 37.1875px;height: 54px\"><\/td>\n<\/tr>\n<tr style=\"height: 47px\">\n<td style=\"width: 51.2125px;height: 32px\"><\/td>\n<td style=\"width: 49.2125px;height: 32px\"><img loading=\"lazy\" class=\"aligncenter size-full wp-image-2832\" src=\"https:\/\/sitios.ucsc.cl\/ott\/wp-content\/uploads\/sites\/15\/2022\/07\/OTT_TEC_6.png\" alt=\"\" width=\"50\" height=\"50\" \/><\/td>\n<td style=\"width: 594.588px;text-align: justify;height: 32px\">\n<h3>Investigadores principales<\/h3>\n<\/td>\n<td style=\"width: 37.1875px;height: 32px\"><\/td>\n<\/tr>\n<tr style=\"height: 105px\">\n<td style=\"width: 51.2125px;height: 105px\"><\/td>\n<td style=\"width: 49.2125px;height: 105px\"><\/td>\n<td style=\"width: 594.588px;text-align: justify;height: 105px\">Dr. Jaime Cari\u00f1e Catrileo, Facultad de Ingenier\u00eda UCSC.<br \/>\nDr. Gabriel Saavedra Mondaca, Facultad de Ingenier\u00eda UdeC.<br \/>\nDr. Gustavo Lima Moreira, Facultad de Cs. F\u00edsicas y Matem\u00e1ticas UdeC.<br \/>\nDr. Stephen Walborn, Facultad de Cs. F\u00edsicas y Matem\u00e1ticas UdeC.<\/td>\n<td style=\"width: 37.1875px;height: 105px\"><\/td>\n<\/tr>\n<tr style=\"height: 121px\">\n<td style=\"width: 51.2125px;height: 121px\"><\/td>\n<td style=\"width: 643.8px;height: 121px\" colspan=\"2\">&nbsp;<\/p>\n<p><a href=\"https:\/\/dinn.ucsc.cl\/wp-content\/uploads\/sites\/14\/2023\/07\/OTT_Tec_14.pdf\"><img loading=\"lazy\" class=\"aligncenter wp-image-2220 size-medium\" src=\"https:\/\/sitios.ucsc.cl\/ott\/wp-content\/uploads\/sites\/15\/2022\/06\/Bot\u00f3n-descarga-300x61.png\" alt=\"\" width=\"300\" height=\"61\" \/><\/a><\/td>\n<td style=\"width: 37.1875px;height: 121px\"><\/td>\n<\/tr>\n<tr style=\"height: 96px\">\n<td style=\"width: 732.2px;height: 96px\" colspan=\"4\">\n<h3><img loading=\"lazy\" class=\"aligncenter size-full wp-image-5233\" src=\"https:\/\/dinn.ucsc.cl\/wp-content\/uploads\/sites\/14\/2023\/07\/OTT_Tec_Footer_1.png\" alt=\"\" width=\"950\" height=\"111\" srcset=\"https:\/\/dinn.ucsc.cl\/wp-content\/uploads\/sites\/14\/2023\/07\/OTT_Tec_Footer_1.png 950w, https:\/\/dinn.ucsc.cl\/wp-content\/uploads\/sites\/14\/2023\/07\/OTT_Tec_Footer_1-300x35.png 300w, https:\/\/dinn.ucsc.cl\/wp-content\/uploads\/sites\/14\/2023\/07\/OTT_Tec_Footer_1-768x90.png 768w, https:\/\/dinn.ucsc.cl\/wp-content\/uploads\/sites\/14\/2023\/07\/OTT_Tec_Footer_1-200x23.png 200w\" sizes=\"(max-width: 950px) 100vw, 950px\" \/><\/h3>\n<\/td>\n<\/tr>\n<\/tbody>\n<\/table>\n<h3><\/h3>\n","protected":false},"excerpt":{"rendered":"<p>Propiedad Intelectual \u2013 Patente en Fase Nacional: Chile: CL202201855 Tecnolog\u00eda desarrollada Dispositivo dise\u00f1ado para conmutar se\u00f1ales \u00f3pticas de alta velocidad en redes de fibras \u00f3pticas con directo acople a fibras del tipo multi-n\u00facleo. Comprende un m\u00f3dulo Beam Splitter (BS) que divide las se\u00f1ales de entrada en m\u00faltiples modos, acoplado a una etapa con dispositivos optoelectr\u00f3nicos. [&hellip;]<\/p>\n","protected":false},"author":84,"featured_media":0,"parent":0,"menu_order":0,"comment_status":"closed","ping_status":"closed","template":"","meta":[],"yoast_head":"<!-- This site is optimized with the Yoast SEO plugin v18.9 - https:\/\/yoast.com\/wordpress\/plugins\/seo\/ -->\n<title>M\u00e9todo y dispositivo para un conmutador \u00f3ptico basado en fibras multi-n\u00facleo -<\/title>\n<meta name=\"robots\" content=\"index, follow, max-snippet:-1, max-image-preview:large, max-video-preview:-1\" \/>\n<link rel=\"canonical\" href=\"https:\/\/dinn.ucsc.cl\/index.php\/metodo-y-dispositivo-para-un-conmutador-optico-basado-en-fibras-multi-nucleo\/\" \/>\n<meta property=\"og:locale\" content=\"es_ES\" \/>\n<meta property=\"og:type\" content=\"article\" \/>\n<meta property=\"og:title\" content=\"M\u00e9todo y dispositivo para un conmutador \u00f3ptico basado en fibras multi-n\u00facleo -\" \/>\n<meta property=\"og:description\" content=\"Propiedad Intelectual \u2013 Patente en Fase Nacional: Chile: CL202201855 Tecnolog\u00eda desarrollada Dispositivo dise\u00f1ado para conmutar se\u00f1ales \u00f3pticas de alta velocidad en redes de fibras \u00f3pticas con directo acople a fibras del tipo multi-n\u00facleo. Comprende un m\u00f3dulo Beam Splitter (BS) que divide las se\u00f1ales de entrada en m\u00faltiples modos, acoplado a una etapa con dispositivos optoelectr\u00f3nicos. [&hellip;]\" \/>\n<meta property=\"og:url\" content=\"https:\/\/dinn.ucsc.cl\/index.php\/metodo-y-dispositivo-para-un-conmutador-optico-basado-en-fibras-multi-nucleo\/\" \/>\n<meta property=\"article:publisher\" content=\"https:\/\/m.facebook.com\/DINNUCSC\" \/>\n<meta property=\"article:modified_time\" content=\"2023-07-10T05:03:10+00:00\" \/>\n<meta property=\"og:image\" content=\"https:\/\/sitios.ucsc.cl\/investigacion\/wp-content\/uploads\/sites\/14\/2023\/07\/OTT_Tec_14_Banner_1.png\" \/>\n<meta name=\"twitter:card\" content=\"summary\" \/>\n<meta name=\"twitter:site\" content=\"@dinn_ucsc\" \/>\n<meta name=\"twitter:label1\" content=\"Tiempo de lectura\" \/>\n\t<meta name=\"twitter:data1\" content=\"2 minutos\" \/>\n<script type=\"application\/ld+json\" class=\"yoast-schema-graph\">{\"@context\":\"https:\/\/schema.org\",\"@graph\":[{\"@type\":\"WebSite\",\"@id\":\"https:\/\/dinn.ucsc.cl\/#website\",\"url\":\"https:\/\/dinn.ucsc.cl\/\",\"name\":\"Direcci\u00f3n de Innovaci\u00f3n UCSC\",\"description\":\"Direcci\u00f3n de Innovaci\u00f3n\",\"potentialAction\":[{\"@type\":\"SearchAction\",\"target\":{\"@type\":\"EntryPoint\",\"urlTemplate\":\"https:\/\/dinn.ucsc.cl\/?s={search_term_string}\"},\"query-input\":\"required name=search_term_string\"}],\"inLanguage\":\"es\"},{\"@type\":\"ImageObject\",\"inLanguage\":\"es\",\"@id\":\"https:\/\/dinn.ucsc.cl\/index.php\/metodo-y-dispositivo-para-un-conmutador-optico-basado-en-fibras-multi-nucleo\/#primaryimage\",\"url\":\"https:\/\/sitios.ucsc.cl\/investigacion\/wp-content\/uploads\/sites\/14\/2023\/07\/OTT_Tec_14_Banner_1.png\",\"contentUrl\":\"https:\/\/sitios.ucsc.cl\/investigacion\/wp-content\/uploads\/sites\/14\/2023\/07\/OTT_Tec_14_Banner_1.png\"},{\"@type\":\"WebPage\",\"@id\":\"https:\/\/dinn.ucsc.cl\/index.php\/metodo-y-dispositivo-para-un-conmutador-optico-basado-en-fibras-multi-nucleo\/#webpage\",\"url\":\"https:\/\/dinn.ucsc.cl\/index.php\/metodo-y-dispositivo-para-un-conmutador-optico-basado-en-fibras-multi-nucleo\/\",\"name\":\"M\u00e9todo y dispositivo para un conmutador \u00f3ptico basado en fibras multi-n\u00facleo -\",\"isPartOf\":{\"@id\":\"https:\/\/dinn.ucsc.cl\/#website\"},\"primaryImageOfPage\":{\"@id\":\"https:\/\/dinn.ucsc.cl\/index.php\/metodo-y-dispositivo-para-un-conmutador-optico-basado-en-fibras-multi-nucleo\/#primaryimage\"},\"datePublished\":\"2023-07-10T04:48:58+00:00\",\"dateModified\":\"2023-07-10T05:03:10+00:00\",\"breadcrumb\":{\"@id\":\"https:\/\/dinn.ucsc.cl\/index.php\/metodo-y-dispositivo-para-un-conmutador-optico-basado-en-fibras-multi-nucleo\/#breadcrumb\"},\"inLanguage\":\"es\",\"potentialAction\":[{\"@type\":\"ReadAction\",\"target\":[\"https:\/\/dinn.ucsc.cl\/index.php\/metodo-y-dispositivo-para-un-conmutador-optico-basado-en-fibras-multi-nucleo\/\"]}]},{\"@type\":\"BreadcrumbList\",\"@id\":\"https:\/\/dinn.ucsc.cl\/index.php\/metodo-y-dispositivo-para-un-conmutador-optico-basado-en-fibras-multi-nucleo\/#breadcrumb\",\"itemListElement\":[{\"@type\":\"ListItem\",\"position\":1,\"name\":\"Inicio\",\"item\":\"https:\/\/dinn.ucsc.cl\/\"},{\"@type\":\"ListItem\",\"position\":2,\"name\":\"M\u00e9todo y dispositivo para un conmutador \u00f3ptico basado en fibras multi-n\u00facleo\"}]}]}<\/script>\n<!-- \/ Yoast SEO plugin. -->","yoast_head_json":{"title":"M\u00e9todo y dispositivo para un conmutador \u00f3ptico basado en fibras multi-n\u00facleo -","robots":{"index":"index","follow":"follow","max-snippet":"max-snippet:-1","max-image-preview":"max-image-preview:large","max-video-preview":"max-video-preview:-1"},"canonical":"https:\/\/dinn.ucsc.cl\/index.php\/metodo-y-dispositivo-para-un-conmutador-optico-basado-en-fibras-multi-nucleo\/","og_locale":"es_ES","og_type":"article","og_title":"M\u00e9todo y dispositivo para un conmutador \u00f3ptico basado en fibras multi-n\u00facleo -","og_description":"Propiedad Intelectual \u2013 Patente en Fase Nacional: Chile: CL202201855 Tecnolog\u00eda desarrollada Dispositivo dise\u00f1ado para conmutar se\u00f1ales \u00f3pticas de alta velocidad en redes de fibras \u00f3pticas con directo acople a fibras del tipo multi-n\u00facleo. Comprende un m\u00f3dulo Beam Splitter (BS) que divide las se\u00f1ales de entrada en m\u00faltiples modos, acoplado a una etapa con dispositivos optoelectr\u00f3nicos. [&hellip;]","og_url":"https:\/\/dinn.ucsc.cl\/index.php\/metodo-y-dispositivo-para-un-conmutador-optico-basado-en-fibras-multi-nucleo\/","article_publisher":"https:\/\/m.facebook.com\/DINNUCSC","article_modified_time":"2023-07-10T05:03:10+00:00","og_image":[{"url":"https:\/\/sitios.ucsc.cl\/investigacion\/wp-content\/uploads\/sites\/14\/2023\/07\/OTT_Tec_14_Banner_1.png"}],"twitter_card":"summary","twitter_site":"@dinn_ucsc","twitter_misc":{"Tiempo de lectura":"2 minutos"},"schema":{"@context":"https:\/\/schema.org","@graph":[{"@type":"WebSite","@id":"https:\/\/dinn.ucsc.cl\/#website","url":"https:\/\/dinn.ucsc.cl\/","name":"Direcci\u00f3n de Innovaci\u00f3n UCSC","description":"Direcci\u00f3n de Innovaci\u00f3n","potentialAction":[{"@type":"SearchAction","target":{"@type":"EntryPoint","urlTemplate":"https:\/\/dinn.ucsc.cl\/?s={search_term_string}"},"query-input":"required name=search_term_string"}],"inLanguage":"es"},{"@type":"ImageObject","inLanguage":"es","@id":"https:\/\/dinn.ucsc.cl\/index.php\/metodo-y-dispositivo-para-un-conmutador-optico-basado-en-fibras-multi-nucleo\/#primaryimage","url":"https:\/\/sitios.ucsc.cl\/investigacion\/wp-content\/uploads\/sites\/14\/2023\/07\/OTT_Tec_14_Banner_1.png","contentUrl":"https:\/\/sitios.ucsc.cl\/investigacion\/wp-content\/uploads\/sites\/14\/2023\/07\/OTT_Tec_14_Banner_1.png"},{"@type":"WebPage","@id":"https:\/\/dinn.ucsc.cl\/index.php\/metodo-y-dispositivo-para-un-conmutador-optico-basado-en-fibras-multi-nucleo\/#webpage","url":"https:\/\/dinn.ucsc.cl\/index.php\/metodo-y-dispositivo-para-un-conmutador-optico-basado-en-fibras-multi-nucleo\/","name":"M\u00e9todo y dispositivo para un conmutador \u00f3ptico basado en fibras multi-n\u00facleo -","isPartOf":{"@id":"https:\/\/dinn.ucsc.cl\/#website"},"primaryImageOfPage":{"@id":"https:\/\/dinn.ucsc.cl\/index.php\/metodo-y-dispositivo-para-un-conmutador-optico-basado-en-fibras-multi-nucleo\/#primaryimage"},"datePublished":"2023-07-10T04:48:58+00:00","dateModified":"2023-07-10T05:03:10+00:00","breadcrumb":{"@id":"https:\/\/dinn.ucsc.cl\/index.php\/metodo-y-dispositivo-para-un-conmutador-optico-basado-en-fibras-multi-nucleo\/#breadcrumb"},"inLanguage":"es","potentialAction":[{"@type":"ReadAction","target":["https:\/\/dinn.ucsc.cl\/index.php\/metodo-y-dispositivo-para-un-conmutador-optico-basado-en-fibras-multi-nucleo\/"]}]},{"@type":"BreadcrumbList","@id":"https:\/\/dinn.ucsc.cl\/index.php\/metodo-y-dispositivo-para-un-conmutador-optico-basado-en-fibras-multi-nucleo\/#breadcrumb","itemListElement":[{"@type":"ListItem","position":1,"name":"Inicio","item":"https:\/\/dinn.ucsc.cl\/"},{"@type":"ListItem","position":2,"name":"M\u00e9todo y dispositivo para un conmutador \u00f3ptico basado en fibras multi-n\u00facleo"}]}]}},"_links":{"self":[{"href":"https:\/\/dinn.ucsc.cl\/index.php\/wp-json\/wp\/v2\/pages\/5254"}],"collection":[{"href":"https:\/\/dinn.ucsc.cl\/index.php\/wp-json\/wp\/v2\/pages"}],"about":[{"href":"https:\/\/dinn.ucsc.cl\/index.php\/wp-json\/wp\/v2\/types\/page"}],"author":[{"embeddable":true,"href":"https:\/\/dinn.ucsc.cl\/index.php\/wp-json\/wp\/v2\/users\/84"}],"replies":[{"embeddable":true,"href":"https:\/\/dinn.ucsc.cl\/index.php\/wp-json\/wp\/v2\/comments?post=5254"}],"version-history":[{"count":8,"href":"https:\/\/dinn.ucsc.cl\/index.php\/wp-json\/wp\/v2\/pages\/5254\/revisions"}],"predecessor-version":[{"id":5276,"href":"https:\/\/dinn.ucsc.cl\/index.php\/wp-json\/wp\/v2\/pages\/5254\/revisions\/5276"}],"wp:attachment":[{"href":"https:\/\/dinn.ucsc.cl\/index.php\/wp-json\/wp\/v2\/media?parent=5254"}],"curies":[{"name":"wp","href":"https:\/\/api.w.org\/{rel}","templated":true}]}}