{"id":5517,"date":"2023-10-15T21:42:11","date_gmt":"2023-10-16T00:42:11","guid":{"rendered":"https:\/\/dinn.ucsc.cl\/?page_id=5517"},"modified":"2023-10-15T21:42:17","modified_gmt":"2023-10-16T00:42:17","slug":"laboratorio-de-procesos-quimicos-aplicados","status":"publish","type":"page","link":"https:\/\/dinn.ucsc.cl\/index.php\/laboratorio-de-procesos-quimicos-aplicados\/","title":{"rendered":"Laboratorio de Procesos Qu\u00edmicos Aplicados"},"content":{"rendered":"<table class=\" alignleft\" style=\"font-size: 1rem\">\n<tbody>\n<tr>\n<td style=\"width: 741px\" colspan=\"4\"><img loading=\"lazy\" class=\"aligncenter size-full wp-image-5518\" src=\"https:\/\/dinn.ucsc.cl\/wp-content\/uploads\/sites\/14\/2023\/10\/LAB_21_BANNER.png\" alt=\"\" width=\"839\" height=\"170\" srcset=\"https:\/\/dinn.ucsc.cl\/wp-content\/uploads\/sites\/14\/2023\/10\/LAB_21_BANNER.png 839w, https:\/\/dinn.ucsc.cl\/wp-content\/uploads\/sites\/14\/2023\/10\/LAB_21_BANNER-300x61.png 300w, https:\/\/dinn.ucsc.cl\/wp-content\/uploads\/sites\/14\/2023\/10\/LAB_21_BANNER-768x156.png 768w, https:\/\/dinn.ucsc.cl\/wp-content\/uploads\/sites\/14\/2023\/10\/LAB_21_BANNER-200x41.png 200w\" sizes=\"(max-width: 839px) 100vw, 839px\" \/><\/td>\n<\/tr>\n<tr>\n<td style=\"width: 63px\"><\/td>\n<td style=\"width: 79px\"><img loading=\"lazy\" class=\"aligncenter wp-image-2512 size-full\" src=\"https:\/\/sitios.ucsc.cl\/ott\/wp-content\/uploads\/sites\/15\/2022\/07\/CU_1.png\" alt=\"\" width=\"50\" height=\"50\" \/><\/td>\n<td style=\"width: 596px\">\n<h3>Descripci\u00f3n<\/h3>\n<\/td>\n<td style=\"width: 3px\"><\/td>\n<\/tr>\n<tr>\n<td style=\"width: 63px\"><\/td>\n<td style=\"width: 79px\"><\/td>\n<td style=\"width: 596px\">Creado el 2020 con apoyo de ANID y la Facultad de Ingenier\u00eda, con el objetivo principal de realizar investigaci\u00f3n en el \u00e1rea de nanotecnolog\u00eda aplicada a la remoci\u00f3n de contaminantes en recursos h\u00eddricos. Cuenta con equipamiento para la s\u00edntesis qu\u00edmica de nanomateriales, an\u00e1lisis de par\u00e1metros en calidad de agua (DBO, DQO, metales pesados, nutrientes, pH, conductividad, turbiedad, entre otros), estudios de nanomateriales aplicados a la fotocat\u00e1lisis, y para apoyar en otros proyectos de investigaci\u00f3n en ingenier\u00eda.<\/td>\n<td style=\"width: 3px\"><\/td>\n<\/tr>\n<tr>\n<td style=\"width: 63px\"><\/td>\n<td style=\"width: 79px\"><img loading=\"lazy\" class=\"aligncenter size-full wp-image-2558\" src=\"https:\/\/sitios.ucsc.cl\/ott\/wp-content\/uploads\/sites\/15\/2022\/07\/CU_5.png\" alt=\"\" width=\"50\" height=\"50\" \/><\/td>\n<td style=\"width: 596px\">\n<h3>Dependencia<\/h3>\n<p>Facultad de Ingenier\u00eda.<\/td>\n<td style=\"width: 3px\"><\/td>\n<\/tr>\n<tr>\n<td style=\"width: 63px\"><\/td>\n<td style=\"width: 79px\"><img loading=\"lazy\" class=\"aligncenter size-full wp-image-2555\" src=\"https:\/\/sitios.ucsc.cl\/ott\/wp-content\/uploads\/sites\/15\/2022\/07\/CU_10.png\" alt=\"\" width=\"50\" height=\"50\" \/><\/td>\n<td style=\"width: 596px\">\n<h3>Director(a) responsable<\/h3>\n<p>\u2022 Dr. Pablo Salgado.<\/td>\n<td style=\"width: 3px\"><\/td>\n<\/tr>\n<tr>\n<td style=\"width: 63px\"><\/td>\n<td style=\"width: 79px\"><img loading=\"lazy\" class=\"aligncenter size-full wp-image-2557\" src=\"https:\/\/sitios.ucsc.cl\/ott\/wp-content\/uploads\/sites\/15\/2022\/07\/CU_4.png\" alt=\"\" width=\"50\" height=\"50\" \/><\/td>\n<td style=\"width: 596px\">\n<h3>Contacto<\/h3>\n<p>psalgado@ucsc.cl<\/td>\n<td style=\"width: 3px\"><\/td>\n<\/tr>\n<tr>\n<td style=\"width: 63px\"><\/td>\n<td style=\"width: 79px\"><img loading=\"lazy\" class=\"aligncenter size-full wp-image-2559\" src=\"https:\/\/sitios.ucsc.cl\/ott\/wp-content\/uploads\/sites\/15\/2022\/07\/CU_6.png\" alt=\"\" width=\"50\" height=\"50\" \/><\/td>\n<td style=\"width: 596px\">\n<h3>Web<\/h3>\n<p>No tiene.<\/td>\n<td style=\"width: 3px\"><\/td>\n<\/tr>\n<tr>\n<td style=\"width: 63px\"><\/td>\n<td style=\"width: 79px\"><img loading=\"lazy\" class=\"aligncenter size-full wp-image-2512\" src=\"https:\/\/sitios.ucsc.cl\/ott\/wp-content\/uploads\/sites\/15\/2022\/07\/CU_1.png\" alt=\"\" width=\"50\" height=\"50\" \/><\/td>\n<td style=\"width: 596px\">\n<h3>\u00c1reas de conocimiento<\/h3>\n<\/td>\n<td style=\"width: 3px\"><\/td>\n<\/tr>\n<tr>\n<td style=\"width: 63px\"><\/td>\n<td style=\"width: 79px\"><\/td>\n<td style=\"width: 596px\">\u2022 S\u00edntesis y caracterizaci\u00f3n de nanomateriales.<br \/>\n\u2022 Procesos de oxidaci\u00f3n avanzada.<br \/>\n\u2022 Remoci\u00f3n de contaminantes en recursos h\u00eddricos.<br \/>\n\u2022 Apoyo en aspectos qu\u00edmicos de proyectos de inter\u00e9s en ingenier\u00eda.<br \/>\n\u2022 An\u00e1lisis de par\u00e1metros de calidad de agua.<\/td>\n<td style=\"width: 3px\"><\/td>\n<\/tr>\n<tr>\n<td style=\"width: 63px\"><\/td>\n<td style=\"width: 79px\"><img loading=\"lazy\" class=\"aligncenter size-full wp-image-2556\" src=\"https:\/\/sitios.ucsc.cl\/ott\/wp-content\/uploads\/sites\/15\/2022\/07\/CU_3.png\" alt=\"\" width=\"50\" height=\"50\" \/><\/td>\n<td style=\"width: 596px\">\n<h3>Investigaciones<\/h3>\n<\/td>\n<td style=\"width: 3px\"><\/td>\n<\/tr>\n<tr>\n<td style=\"width: 63px\"><\/td>\n<td style=\"width: 79px\"><\/td>\n<td style=\"width: 596px\">1. K. M\u00e1rquez, F. Jim\u00e9nez-Aspee, N. M\u00e1rquez, P. Salgado, D. Contreras. 2022. Use of NIR spectroscopy and multivariate regression for prediction of pentosan content in wood pulp. European Journal of Wood and Wood Products. DOI: 10.1007\/s00107-022-01896-2.<\/p>\n<p>2. A. Henr\u00edquez, P. Salgado, M. Albornoz, V. Mel\u00edn, H.D. Mansilla, L. Cornejo-Ponce, D. Contreras. 2021. Determination of equilibrium constants of iron(III)-1,2-dihydroxybenzene complexes and the relationship between calculated iron speciation and degradation of rhodamine B. New Journal of Chemistry. p.: 15912-15919. DOI: 10.1039\/D1NJ01579F.<\/p>\n<p>3. V. Mel\u00edn, P. Salgado, A. Thiam, A. Henr\u00edquez, H.D. Mansilla, J. Y\u00e1\u00f1ez, C. Salazar. 2021. Study of degradation of amitriptyline antidepressant by different electrochemical advanced oxidation processes. Chemosphere. p. 1-10. DOI: 10.1016\/j.chemosphere.2021.129683<\/p>\n<p>4. P. Salgado, J.L. Frontela, G. Vidal. 2020. Optimization of Fenton Technology for Recalcitrant Compounds and Bacteria Inactivation. Catalysts, p. 1-15. DOI: 10.3390\/catal10121483.<\/p>\n<p>5. Y. Gonz\u00e1lez, P. Salgado, G. Vidal. 2019. Disinfection behavior of a UV-treated wastewater system using constructed wetlands and the rate of reactivation of pathogenic microorganisms. Water Science &amp; Technology. p. 1870-1879. DOI: 10.2166\/wst.2020.007.<\/p>\n<p>6. P. Salgado, D.O. M\u00e1rtire, G. Vidal. 2019. Eucalyptus extracts-mediated synthesis of metallic and metal oxide nanoparticles: current status and perspectives. Materials Research Express. p. 1-23. DOI: 10.1088\/2053-1591\/ab254c.<\/p>\n<p>7. P. Salgado, K. M\u00e1rquez, O. Rubilar, P. Toledo, D. Contreras, G. Vidal. 2019. The effect of phenolic compounds on the green synthesis of iron nanoparticles (FexOy-NPs) with photocatalytic activity. Applied Nanoscience. p. 1-15. DOI: 10.1007\/s13204-018-0931-5.<\/td>\n<td style=\"width: 3px\"><\/td>\n<\/tr>\n<tr>\n<td style=\"width: 63px\"><\/td>\n<td style=\"width: 79px\"><img loading=\"lazy\" class=\"aligncenter size-full wp-image-2561\" src=\"https:\/\/sitios.ucsc.cl\/ott\/wp-content\/uploads\/sites\/15\/2022\/07\/CU_8.png\" alt=\"\" width=\"50\" height=\"50\" \/><\/td>\n<td style=\"width: 596px\">\n<h3>Proyectos ejecutados<\/h3>\n<\/td>\n<td style=\"width: 3px\"><\/td>\n<\/tr>\n<tr>\n<td style=\"width: 63px\"><\/td>\n<td style=\"width: 79px\"><\/td>\n<td style=\"width: 596px\"><strong>2023-2025:<\/strong> \u201cExploring the biosynthesis of a silver silicate-based nanomaterial using waste materials and seawater for the efficient removal of contaminants in water\u201d, ANID FONDECYT de Iniciaci\u00f3n N\u00b011230671. Responsables.<\/p>\n<p><strong>2022-2023:<\/strong> Contrato tecnol\u00f3gico UCSC-CAP para dar soluci\u00f3n al desaf\u00edo \u201cProducci\u00f3n de ladrillos de mayor densidad a partir de coproductos sider\u00fargicos\u201d. Coinvestigadores.<\/p>\n<p><strong>2021-2023:<\/strong> Fortalecimiento del Ecosistema de Innovaci\u00f3n Basada en I+D y Transferencia Tecnol\u00f3gica de la UCSC\u201d en Proyecto 68-InES. Parte del equipo de trabajo en Objetivo 3. Coinvestigadores.<\/p>\n<p><strong>2021:<\/strong> \u201cConsorcio Tecnol\u00f3gico Minero de Econom\u00eda Circular COTMEC\u201d en Convocatoria BHP Taillings Challenge \u2013 Expande 2021. Coinvestigadores.<\/p>\n<p><strong>2020-2022:<\/strong> \u201cFortalecimiento de la investigaci\u00f3n y docencia del Doctorado en Ingenier\u00eda Civil de la Facultad de Ingenier\u00eda de la UCSC en el \u00e1rea de Hidr\u00e1ulica y Medio Ambiente con \u00e9nfasis en el uso de nanomateriales para la remediaci\u00f3n de aguas contaminadas\u201d, CONICYT PAI N\u00b0 PAI77190082. Responsables<\/td>\n<td style=\"width: 3px\"><\/td>\n<\/tr>\n<tr>\n<td style=\"width: 63px\"><\/td>\n<td style=\"width: 79px\"><img loading=\"lazy\" class=\"aligncenter size-full wp-image-2560\" src=\"https:\/\/sitios.ucsc.cl\/ott\/wp-content\/uploads\/sites\/15\/2022\/07\/CU_7.png\" alt=\"\" width=\"50\" height=\"50\" \/><\/td>\n<td style=\"width: 596px\">\n<h3>Infraestructura<\/h3>\n<p>El Laboratorio se encuentra en Edificio San Jos\u00e9 Obrero, su expansi\u00f3n es de 55 m2.<\/td>\n<td style=\"width: 3px\"><\/td>\n<\/tr>\n<tr>\n<td style=\"width: 63px\"><\/td>\n<td style=\"width: 79px\"><img loading=\"lazy\" class=\"aligncenter size-full wp-image-2562\" src=\"https:\/\/sitios.ucsc.cl\/ott\/wp-content\/uploads\/sites\/15\/2022\/07\/CU_9.png\" alt=\"\" width=\"50\" height=\"50\" \/><\/td>\n<td style=\"width: 596px\">\n<h3>Equipamiento<\/h3>\n<\/td>\n<td style=\"width: 3px\"><\/td>\n<\/tr>\n<tr>\n<td style=\"width: 63px\"><\/td>\n<td style=\"width: 79px\"><\/td>\n<td style=\"width: 596px\">\u2022 Refrigerado<br \/>\n\u2022 Equipo para medir Demanda Biol\u00f3gica de Ox\u00edgeno (DBO) con incubador.<br \/>\n\u2022 Estufa de secado.<br \/>\n\u2022 Placas de agitaci\u00f3n con calefacci\u00f3n y sensores de temperatura.<br \/>\n\u2022 Bomba perist\u00e1ltica.<br \/>\n\u2022 Centr\u00edfuga.<br \/>\n\u2022 Bomba de vac\u00edo.<br \/>\n\u2022 Agitador orbital\/incubadora orbital.<br \/>\n\u2022 Reactor fotocatal\u00edtico con radiaci\u00f3n UV y visible.<br \/>\n\u2022 Campana de extracci\u00f3n sin ducto.<br \/>\n\u2022 Reactor para medir demanda qu\u00edmica de ox\u00edgeno.<br \/>\n\u2022 Ba\u00f1o de ultrasonido.<br \/>\n\u2022 Fot\u00f3metro para par\u00e1metros de calidad de agua.<br \/>\n\u2022 Espectrofot\u00f3metro de doble haz con capacidad para estudios de reflectancia difusa en s\u00f3lidos.<br \/>\n\u2022 Balanza anal\u00edtica.<br \/>\n\u2022 pH metro (pH, conductividad, TDS, salinidad, iones espec\u00edficos, entre otros).<br \/>\n\u2022 Purificador de agua.<br \/>\n\u2022 Turbid\u00edmetro.<br \/>\n\u2022 Sensor de ox\u00edgeno disuelto.<br \/>\n\u2022 Sensor de CO2 disuelto.<\/td>\n<td style=\"width: 3px\"><\/td>\n<\/tr>\n<tr>\n<td style=\"width: 63px\"><\/td>\n<td style=\"width: 79px\"><img loading=\"lazy\" class=\"aligncenter size-full wp-image-2555\" src=\"https:\/\/sitios.ucsc.cl\/ott\/wp-content\/uploads\/sites\/15\/2022\/07\/CU_10.png\" alt=\"\" width=\"50\" height=\"50\" \/><\/td>\n<td style=\"width: 596px\">\n<h3>Integrantes de la unidad<\/h3>\n<\/td>\n<td style=\"width: 3px\"><\/td>\n<\/tr>\n<tr>\n<td style=\"width: 63px\"><\/td>\n<td style=\"width: 79px\"><\/td>\n<td style=\"width: 596px\">\u2022 Dr. Pablo Salgado.<\/td>\n<td style=\"width: 3px\"><\/td>\n<\/tr>\n<tr>\n<td style=\"width: 63px\"><\/td>\n<td style=\"width: 675px\" colspan=\"2\">&nbsp;<\/p>\n<p><a href=\"https:\/\/dinn.ucsc.cl\/wp-content\/uploads\/sites\/14\/2023\/10\/OTT_LAB_21.pdf\"><img loading=\"lazy\" class=\"aligncenter wp-image-3262 size-full\" src=\"https:\/\/sitios.ucsc.cl\/ott\/wp-content\/uploads\/sites\/15\/2022\/10\/Boton-descarga-300x61-1.png\" alt=\"\" width=\"300\" height=\"61\" \/><\/a><\/p>\n<p>&nbsp;<\/p>\n<p>&nbsp;<\/td>\n<td style=\"width: 3px\"><\/td>\n<\/tr>\n<tr>\n<td style=\"width: 741px\" colspan=\"4\"><img loading=\"lazy\" class=\"aligncenter size-full wp-image-3263\" src=\"https:\/\/sitios.ucsc.cl\/ott\/wp-content\/uploads\/sites\/15\/2022\/10\/banner_LB.png\" alt=\"\" width=\"950\" height=\"111\" \/><\/td>\n<\/tr>\n<\/tbody>\n<\/table>\n<h5><\/h5>\n","protected":false},"excerpt":{"rendered":"<p>Descripci\u00f3n Creado el 2020 con apoyo de ANID y la Facultad de Ingenier\u00eda, con el objetivo principal de realizar investigaci\u00f3n en el \u00e1rea de nanotecnolog\u00eda aplicada a la remoci\u00f3n de contaminantes en recursos h\u00eddricos. Cuenta con equipamiento para la s\u00edntesis qu\u00edmica de nanomateriales, an\u00e1lisis de par\u00e1metros en calidad de agua (DBO, DQO, metales pesados, nutrientes, [&hellip;]<\/p>\n","protected":false},"author":84,"featured_media":0,"parent":0,"menu_order":0,"comment_status":"closed","ping_status":"closed","template":"","meta":[],"yoast_head":"<!-- This site is optimized with the Yoast SEO plugin v18.9 - https:\/\/yoast.com\/wordpress\/plugins\/seo\/ -->\n<title>Laboratorio de Procesos Qu\u00edmicos Aplicados -<\/title>\n<meta name=\"robots\" content=\"index, follow, max-snippet:-1, max-image-preview:large, max-video-preview:-1\" \/>\n<link rel=\"canonical\" href=\"https:\/\/dinn.ucsc.cl\/index.php\/laboratorio-de-procesos-quimicos-aplicados\/\" \/>\n<meta property=\"og:locale\" content=\"es_ES\" \/>\n<meta property=\"og:type\" content=\"article\" \/>\n<meta property=\"og:title\" content=\"Laboratorio de Procesos Qu\u00edmicos Aplicados -\" \/>\n<meta property=\"og:description\" content=\"Descripci\u00f3n Creado el 2020 con apoyo de ANID y la Facultad de Ingenier\u00eda, con el objetivo principal de realizar investigaci\u00f3n en el \u00e1rea de nanotecnolog\u00eda aplicada a la remoci\u00f3n de contaminantes en recursos h\u00eddricos. Cuenta con equipamiento para la s\u00edntesis qu\u00edmica de nanomateriales, an\u00e1lisis de par\u00e1metros en calidad de agua (DBO, DQO, metales pesados, nutrientes, [&hellip;]\" \/>\n<meta property=\"og:url\" content=\"https:\/\/dinn.ucsc.cl\/index.php\/laboratorio-de-procesos-quimicos-aplicados\/\" \/>\n<meta property=\"article:publisher\" content=\"https:\/\/m.facebook.com\/DINNUCSC\" \/>\n<meta property=\"article:modified_time\" content=\"2023-10-16T00:42:17+00:00\" \/>\n<meta property=\"og:image\" content=\"https:\/\/sitios.ucsc.cl\/investigacion\/wp-content\/uploads\/sites\/14\/2023\/10\/LAB_21_BANNER.png\" \/>\n<meta name=\"twitter:card\" content=\"summary\" \/>\n<meta name=\"twitter:site\" content=\"@dinn_ucsc\" \/>\n<meta name=\"twitter:label1\" content=\"Tiempo de lectura\" \/>\n\t<meta name=\"twitter:data1\" content=\"4 minutos\" \/>\n<script type=\"application\/ld+json\" class=\"yoast-schema-graph\">{\"@context\":\"https:\/\/schema.org\",\"@graph\":[{\"@type\":\"WebSite\",\"@id\":\"https:\/\/dinn.ucsc.cl\/#website\",\"url\":\"https:\/\/dinn.ucsc.cl\/\",\"name\":\"Direcci\u00f3n de Innovaci\u00f3n UCSC\",\"description\":\"Direcci\u00f3n de Innovaci\u00f3n\",\"potentialAction\":[{\"@type\":\"SearchAction\",\"target\":{\"@type\":\"EntryPoint\",\"urlTemplate\":\"https:\/\/dinn.ucsc.cl\/?s={search_term_string}\"},\"query-input\":\"required name=search_term_string\"}],\"inLanguage\":\"es\"},{\"@type\":\"ImageObject\",\"inLanguage\":\"es\",\"@id\":\"https:\/\/dinn.ucsc.cl\/index.php\/laboratorio-de-procesos-quimicos-aplicados\/#primaryimage\",\"url\":\"https:\/\/sitios.ucsc.cl\/investigacion\/wp-content\/uploads\/sites\/14\/2023\/10\/LAB_21_BANNER.png\",\"contentUrl\":\"https:\/\/sitios.ucsc.cl\/investigacion\/wp-content\/uploads\/sites\/14\/2023\/10\/LAB_21_BANNER.png\"},{\"@type\":\"WebPage\",\"@id\":\"https:\/\/dinn.ucsc.cl\/index.php\/laboratorio-de-procesos-quimicos-aplicados\/#webpage\",\"url\":\"https:\/\/dinn.ucsc.cl\/index.php\/laboratorio-de-procesos-quimicos-aplicados\/\",\"name\":\"Laboratorio de Procesos Qu\u00edmicos Aplicados -\",\"isPartOf\":{\"@id\":\"https:\/\/dinn.ucsc.cl\/#website\"},\"primaryImageOfPage\":{\"@id\":\"https:\/\/dinn.ucsc.cl\/index.php\/laboratorio-de-procesos-quimicos-aplicados\/#primaryimage\"},\"datePublished\":\"2023-10-16T00:42:11+00:00\",\"dateModified\":\"2023-10-16T00:42:17+00:00\",\"breadcrumb\":{\"@id\":\"https:\/\/dinn.ucsc.cl\/index.php\/laboratorio-de-procesos-quimicos-aplicados\/#breadcrumb\"},\"inLanguage\":\"es\",\"potentialAction\":[{\"@type\":\"ReadAction\",\"target\":[\"https:\/\/dinn.ucsc.cl\/index.php\/laboratorio-de-procesos-quimicos-aplicados\/\"]}]},{\"@type\":\"BreadcrumbList\",\"@id\":\"https:\/\/dinn.ucsc.cl\/index.php\/laboratorio-de-procesos-quimicos-aplicados\/#breadcrumb\",\"itemListElement\":[{\"@type\":\"ListItem\",\"position\":1,\"name\":\"Inicio\",\"item\":\"https:\/\/dinn.ucsc.cl\/\"},{\"@type\":\"ListItem\",\"position\":2,\"name\":\"Laboratorio de Procesos Qu\u00edmicos Aplicados\"}]}]}<\/script>\n<!-- \/ Yoast SEO plugin. -->","yoast_head_json":{"title":"Laboratorio de Procesos Qu\u00edmicos Aplicados -","robots":{"index":"index","follow":"follow","max-snippet":"max-snippet:-1","max-image-preview":"max-image-preview:large","max-video-preview":"max-video-preview:-1"},"canonical":"https:\/\/dinn.ucsc.cl\/index.php\/laboratorio-de-procesos-quimicos-aplicados\/","og_locale":"es_ES","og_type":"article","og_title":"Laboratorio de Procesos Qu\u00edmicos Aplicados -","og_description":"Descripci\u00f3n Creado el 2020 con apoyo de ANID y la Facultad de Ingenier\u00eda, con el objetivo principal de realizar investigaci\u00f3n en el \u00e1rea de nanotecnolog\u00eda aplicada a la remoci\u00f3n de contaminantes en recursos h\u00eddricos. Cuenta con equipamiento para la s\u00edntesis qu\u00edmica de nanomateriales, an\u00e1lisis de par\u00e1metros en calidad de agua (DBO, DQO, metales pesados, nutrientes, [&hellip;]","og_url":"https:\/\/dinn.ucsc.cl\/index.php\/laboratorio-de-procesos-quimicos-aplicados\/","article_publisher":"https:\/\/m.facebook.com\/DINNUCSC","article_modified_time":"2023-10-16T00:42:17+00:00","og_image":[{"url":"https:\/\/sitios.ucsc.cl\/investigacion\/wp-content\/uploads\/sites\/14\/2023\/10\/LAB_21_BANNER.png"}],"twitter_card":"summary","twitter_site":"@dinn_ucsc","twitter_misc":{"Tiempo de lectura":"4 minutos"},"schema":{"@context":"https:\/\/schema.org","@graph":[{"@type":"WebSite","@id":"https:\/\/dinn.ucsc.cl\/#website","url":"https:\/\/dinn.ucsc.cl\/","name":"Direcci\u00f3n de Innovaci\u00f3n UCSC","description":"Direcci\u00f3n de Innovaci\u00f3n","potentialAction":[{"@type":"SearchAction","target":{"@type":"EntryPoint","urlTemplate":"https:\/\/dinn.ucsc.cl\/?s={search_term_string}"},"query-input":"required name=search_term_string"}],"inLanguage":"es"},{"@type":"ImageObject","inLanguage":"es","@id":"https:\/\/dinn.ucsc.cl\/index.php\/laboratorio-de-procesos-quimicos-aplicados\/#primaryimage","url":"https:\/\/sitios.ucsc.cl\/investigacion\/wp-content\/uploads\/sites\/14\/2023\/10\/LAB_21_BANNER.png","contentUrl":"https:\/\/sitios.ucsc.cl\/investigacion\/wp-content\/uploads\/sites\/14\/2023\/10\/LAB_21_BANNER.png"},{"@type":"WebPage","@id":"https:\/\/dinn.ucsc.cl\/index.php\/laboratorio-de-procesos-quimicos-aplicados\/#webpage","url":"https:\/\/dinn.ucsc.cl\/index.php\/laboratorio-de-procesos-quimicos-aplicados\/","name":"Laboratorio de Procesos Qu\u00edmicos Aplicados -","isPartOf":{"@id":"https:\/\/dinn.ucsc.cl\/#website"},"primaryImageOfPage":{"@id":"https:\/\/dinn.ucsc.cl\/index.php\/laboratorio-de-procesos-quimicos-aplicados\/#primaryimage"},"datePublished":"2023-10-16T00:42:11+00:00","dateModified":"2023-10-16T00:42:17+00:00","breadcrumb":{"@id":"https:\/\/dinn.ucsc.cl\/index.php\/laboratorio-de-procesos-quimicos-aplicados\/#breadcrumb"},"inLanguage":"es","potentialAction":[{"@type":"ReadAction","target":["https:\/\/dinn.ucsc.cl\/index.php\/laboratorio-de-procesos-quimicos-aplicados\/"]}]},{"@type":"BreadcrumbList","@id":"https:\/\/dinn.ucsc.cl\/index.php\/laboratorio-de-procesos-quimicos-aplicados\/#breadcrumb","itemListElement":[{"@type":"ListItem","position":1,"name":"Inicio","item":"https:\/\/dinn.ucsc.cl\/"},{"@type":"ListItem","position":2,"name":"Laboratorio de Procesos Qu\u00edmicos Aplicados"}]}]}},"_links":{"self":[{"href":"https:\/\/dinn.ucsc.cl\/index.php\/wp-json\/wp\/v2\/pages\/5517"}],"collection":[{"href":"https:\/\/dinn.ucsc.cl\/index.php\/wp-json\/wp\/v2\/pages"}],"about":[{"href":"https:\/\/dinn.ucsc.cl\/index.php\/wp-json\/wp\/v2\/types\/page"}],"author":[{"embeddable":true,"href":"https:\/\/dinn.ucsc.cl\/index.php\/wp-json\/wp\/v2\/users\/84"}],"replies":[{"embeddable":true,"href":"https:\/\/dinn.ucsc.cl\/index.php\/wp-json\/wp\/v2\/comments?post=5517"}],"version-history":[{"count":1,"href":"https:\/\/dinn.ucsc.cl\/index.php\/wp-json\/wp\/v2\/pages\/5517\/revisions"}],"predecessor-version":[{"id":5519,"href":"https:\/\/dinn.ucsc.cl\/index.php\/wp-json\/wp\/v2\/pages\/5517\/revisions\/5519"}],"wp:attachment":[{"href":"https:\/\/dinn.ucsc.cl\/index.php\/wp-json\/wp\/v2\/media?parent=5517"}],"curies":[{"name":"wp","href":"https:\/\/api.w.org\/{rel}","templated":true}]}}