{"id":5591,"date":"2023-11-07T03:29:52","date_gmt":"2023-11-07T06:29:52","guid":{"rendered":"https:\/\/dinn.ucsc.cl\/?page_id=5591"},"modified":"2023-11-07T03:42:20","modified_gmt":"2023-11-07T06:42:20","slug":"secuencia-didactica-para-proveer-retroalimentacion-oral-con-el-uso-de-podcast","status":"publish","type":"page","link":"https:\/\/dinn.ucsc.cl\/index.php\/secuencia-didactica-para-proveer-retroalimentacion-oral-con-el-uso-de-podcast\/","title":{"rendered":"Secuencia did\u00e1ctica para proveer retroalimentaci\u00f3n oral con el uso de podcast"},"content":{"rendered":"<table class=\" alignleft\" style=\"height: 971px;width: 748px\">\n<tbody>\n<tr style=\"height: 153px\">\n<td style=\"width: 747.2px;height: 153px\" colspan=\"4\"><img loading=\"lazy\" class=\"aligncenter wp-image-5593\" src=\"https:\/\/dinn.ucsc.cl\/wp-content\/uploads\/sites\/14\/2023\/11\/OTT_DDA_10_2023.png\" alt=\"\" width=\"839\" height=\"171\" srcset=\"https:\/\/dinn.ucsc.cl\/wp-content\/uploads\/sites\/14\/2023\/11\/OTT_DDA_10_2023.png 1080w, https:\/\/dinn.ucsc.cl\/wp-content\/uploads\/sites\/14\/2023\/11\/OTT_DDA_10_2023-300x61.png 300w, https:\/\/dinn.ucsc.cl\/wp-content\/uploads\/sites\/14\/2023\/11\/OTT_DDA_10_2023-1024x209.png 1024w, https:\/\/dinn.ucsc.cl\/wp-content\/uploads\/sites\/14\/2023\/11\/OTT_DDA_10_2023-768x156.png 768w, https:\/\/dinn.ucsc.cl\/wp-content\/uploads\/sites\/14\/2023\/11\/OTT_DDA_10_2023-200x41.png 200w\" sizes=\"(max-width: 839px) 100vw, 839px\" \/><\/td>\n<\/tr>\n<tr style=\"height: 181px\">\n<td style=\"width: 9.025px;height: 181px\"><\/td>\n<td style=\"width: 65.1875px;height: 181px\"><a href=\"https:\/\/sitios.ucsc.cl\/ott\/wp-content\/uploads\/sites\/15\/2022\/06\/OTT_DDA_1.png\"><img loading=\"lazy\" class=\"aligncenter size-full wp-image-2175\" src=\"https:\/\/sitios.ucsc.cl\/ott\/wp-content\/uploads\/sites\/15\/2022\/06\/OTT_DDA_1.png\" alt=\"\" width=\"50\" height=\"50\" \/><\/a><\/td>\n<td style=\"width: 654.925px;height: 181px\">\n<h3>Tecnolog\u00eda desarrollada<\/h3>\n<p style=\"text-align: justify\">La obra consiste en una Secuencia Did\u00e1ctica para proveer retroalimentaci\u00f3n oral a estudiantes, con el fin de ajustarse progresivamente a los g\u00e9neros discursivos propios del nivel de ense\u00f1anza en que se desenvuelven, y con especial \u00e9nfasis en la retroalimentaci\u00f3n positiva. Esta secuencia es uno de los productos de investigaci\u00f3n del Proyecto CIEDE 2017 y que se ha implementado a trav\u00e9s del Programa de Educaci\u00f3n, Cultura e Identidad Local del N\u00facleo Cient\u00edfico Tecnol\u00f3gico en la comuna de Tom\u00e9.<\/p>\n<\/td>\n<td style=\"width: 18.0625px;height: 181px\">\n<h3><\/h3>\n<\/td>\n<\/tr>\n<tr style=\"height: 156px\">\n<td style=\"width: 9.025px;height: 156px\"><\/td>\n<td style=\"width: 65.1875px;height: 156px\"><a href=\"https:\/\/sitios.ucsc.cl\/ott\/wp-content\/uploads\/sites\/15\/2022\/06\/OTT_DDA_2.png\"><img loading=\"lazy\" class=\"aligncenter size-full wp-image-2176\" src=\"https:\/\/sitios.ucsc.cl\/ott\/wp-content\/uploads\/sites\/15\/2022\/06\/OTT_DDA_2.png\" alt=\"\" width=\"50\" height=\"50\" \/><\/a><\/td>\n<td style=\"width: 654.925px;height: 156px\">\n<h3>Beneficios \/ Ventajas<\/h3>\n<p style=\"text-align: justify\">\u2022 Incluye actividades que asumen la visi\u00f3n de escritura como proceso.<br \/>\n\u2022 Favorece conversaciones de aprendizaje para que los profesores transmitan de manera expl\u00edcita lo que esperan de los escritos que producen sus estudiantes.<br \/>\n\u2022 Considera trabajo virtual que incluye actividades como: Introducci\u00f3n a las tareas, Desarrollo con tareas de an\u00e1lisis de los rasgos gen\u00e9ricos de las tareas escritas solicitadas a estudiantes, Pr\u00e1cticas sobre c\u00f3mo ofrecer comentarios orales orientadores, y; Materiales de evaluaci\u00f3n de escritura.<\/p>\n<\/td>\n<td style=\"width: 18.0625px;height: 156px\"><\/td>\n<\/tr>\n<tr style=\"height: 104px\">\n<td style=\"width: 9.025px;height: 104px\"><\/td>\n<td style=\"width: 65.1875px;height: 104px\"><a href=\"https:\/\/sitios.ucsc.cl\/ott\/wp-content\/uploads\/sites\/15\/2022\/06\/OTT_DDA_3.png\"><img loading=\"lazy\" class=\"aligncenter size-full wp-image-2177\" src=\"https:\/\/sitios.ucsc.cl\/ott\/wp-content\/uploads\/sites\/15\/2022\/06\/OTT_DDA_3.png\" alt=\"\" width=\"50\" height=\"50\" \/><\/a><\/td>\n<td style=\"width: 654.925px;height: 104px\">\n<h3>Usos \/ Aplicaciones<\/h3>\n<p style=\"text-align: justify\">Esta obra puede ser usada por profesores y profesoras de ense\u00f1anza b\u00e1sica y media para proveer retroalimentaci\u00f3n oral a tareas de escritura de los y las estudiantes.<\/p>\n<\/td>\n<td style=\"width: 18.0625px;height: 104px\"><\/td>\n<\/tr>\n<tr style=\"height: 79px\">\n<td style=\"width: 9.025px;height: 79px\"><\/td>\n<td style=\"width: 65.1875px;height: 79px\"><a href=\"https:\/\/sitios.ucsc.cl\/ott\/wp-content\/uploads\/sites\/15\/2022\/06\/OTT_DDA_4.png\"><img loading=\"lazy\" class=\"aligncenter size-full wp-image-2178\" src=\"https:\/\/sitios.ucsc.cl\/ott\/wp-content\/uploads\/sites\/15\/2022\/06\/OTT_DDA_4.png\" alt=\"\" width=\"50\" height=\"50\" \/><\/a><\/td>\n<td style=\"width: 654.925px;height: 79px\">\n<h3>Oferta tecnol\u00f3gica<\/h3>\n<p>Disponible para licenciamiento.<\/td>\n<td style=\"width: 18.0625px;height: 79px\"><\/td>\n<\/tr>\n<tr style=\"height: 79px\">\n<td style=\"width: 9.025px;height: 79px\"><\/td>\n<td style=\"width: 65.1875px;height: 79px\"><a href=\"https:\/\/sitios.ucsc.cl\/ott\/wp-content\/uploads\/sites\/15\/2022\/06\/OTT_DDA_5.png\"><img loading=\"lazy\" class=\"aligncenter size-full wp-image-2179\" src=\"https:\/\/sitios.ucsc.cl\/ott\/wp-content\/uploads\/sites\/15\/2022\/06\/OTT_DDA_5.png\" alt=\"\" width=\"50\" height=\"50\" \/><\/a><\/td>\n<td style=\"width: 654.925px;height: 79px\">\n<h3>Propiedad intelectual<\/h3>\n<p>Registro Derecho de Autor: 2021-A-10171<\/td>\n<td style=\"width: 18.0625px;height: 79px\"><\/td>\n<\/tr>\n<tr style=\"height: 104px\">\n<td style=\"width: 9.025px;height: 104px\"><\/td>\n<td style=\"width: 65.1875px;height: 104px\"><a href=\"https:\/\/sitios.ucsc.cl\/ott\/wp-content\/uploads\/sites\/15\/2022\/06\/OTT_DDA_6.png\"><img loading=\"lazy\" class=\"size-full wp-image-2180 aligncenter\" src=\"https:\/\/sitios.ucsc.cl\/ott\/wp-content\/uploads\/sites\/15\/2022\/06\/OTT_DDA_6.png\" alt=\"\" width=\"50\" height=\"50\" \/><\/a><\/td>\n<td style=\"width: 654.925px;height: 104px\">\n<h3>Investigador principal<\/h3>\n<p>Roxanna Correa P\u00e9rez, Facultad de Educaci\u00f3n.<\/td>\n<td style=\"width: 18.0625px;height: 104px\"><\/td>\n<\/tr>\n<tr style=\"height: 115px\">\n<td style=\"width: 9.025px;height: 115px\"><\/td>\n<td style=\"width: 720.112px;height: 115px\" colspan=\"2\">&nbsp;<\/p>\n<p><a href=\"https:\/\/dinn.ucsc.cl\/wp-content\/uploads\/sites\/14\/2023\/11\/OTT_DDA_10_2023.pdf\"><img loading=\"lazy\" class=\"aligncenter wp-image-2220 size-medium\" src=\"https:\/\/sitios.ucsc.cl\/ott\/wp-content\/uploads\/sites\/15\/2022\/06\/Bot\u00f3n-descarga-300x61.png\" alt=\"\" width=\"300\" height=\"61\" \/><\/a><\/td>\n<\/tr>\n<\/tbody>\n<\/table>\n","protected":false},"excerpt":{"rendered":"<p>Tecnolog\u00eda desarrollada La obra consiste en una Secuencia Did\u00e1ctica para proveer retroalimentaci\u00f3n oral a estudiantes, con el fin de ajustarse progresivamente a los g\u00e9neros discursivos propios del nivel de ense\u00f1anza en que se desenvuelven, y con especial \u00e9nfasis en la retroalimentaci\u00f3n positiva. Esta secuencia es uno de los productos de investigaci\u00f3n del Proyecto CIEDE 2017 [&hellip;]<\/p>\n","protected":false},"author":84,"featured_media":0,"parent":0,"menu_order":0,"comment_status":"closed","ping_status":"closed","template":"","meta":[],"yoast_head":"<!-- This site is optimized with the Yoast SEO plugin v18.9 - https:\/\/yoast.com\/wordpress\/plugins\/seo\/ -->\n<title>Secuencia did\u00e1ctica para proveer retroalimentaci\u00f3n oral con el uso de podcast -<\/title>\n<meta name=\"robots\" content=\"index, follow, max-snippet:-1, max-image-preview:large, max-video-preview:-1\" \/>\n<link rel=\"canonical\" href=\"https:\/\/dinn.ucsc.cl\/index.php\/secuencia-didactica-para-proveer-retroalimentacion-oral-con-el-uso-de-podcast\/\" \/>\n<meta property=\"og:locale\" content=\"es_ES\" \/>\n<meta property=\"og:type\" content=\"article\" \/>\n<meta property=\"og:title\" content=\"Secuencia did\u00e1ctica para proveer retroalimentaci\u00f3n oral con el uso de podcast -\" \/>\n<meta property=\"og:description\" content=\"Tecnolog\u00eda desarrollada La obra consiste en una Secuencia Did\u00e1ctica para proveer retroalimentaci\u00f3n oral a estudiantes, con el fin de ajustarse progresivamente a los g\u00e9neros discursivos propios del nivel de ense\u00f1anza en que se desenvuelven, y con especial \u00e9nfasis en la retroalimentaci\u00f3n positiva. Esta secuencia es uno de los productos de investigaci\u00f3n del Proyecto CIEDE 2017 [&hellip;]\" \/>\n<meta property=\"og:url\" content=\"https:\/\/dinn.ucsc.cl\/index.php\/secuencia-didactica-para-proveer-retroalimentacion-oral-con-el-uso-de-podcast\/\" \/>\n<meta property=\"article:publisher\" content=\"https:\/\/m.facebook.com\/DINNUCSC\" \/>\n<meta property=\"article:modified_time\" content=\"2023-11-07T06:42:20+00:00\" \/>\n<meta property=\"og:image\" content=\"https:\/\/sitios.ucsc.cl\/investigacion\/wp-content\/uploads\/sites\/14\/2023\/11\/OTT_DDA_10_2023.png\" \/>\n<meta name=\"twitter:card\" content=\"summary\" \/>\n<meta name=\"twitter:site\" content=\"@dinn_ucsc\" \/>\n<meta name=\"twitter:label1\" content=\"Tiempo de lectura\" \/>\n\t<meta name=\"twitter:data1\" content=\"1 minuto\" \/>\n<script type=\"application\/ld+json\" class=\"yoast-schema-graph\">{\"@context\":\"https:\/\/schema.org\",\"@graph\":[{\"@type\":\"WebSite\",\"@id\":\"https:\/\/dinn.ucsc.cl\/#website\",\"url\":\"https:\/\/dinn.ucsc.cl\/\",\"name\":\"Direcci\u00f3n de Innovaci\u00f3n UCSC\",\"description\":\"Direcci\u00f3n de Innovaci\u00f3n\",\"potentialAction\":[{\"@type\":\"SearchAction\",\"target\":{\"@type\":\"EntryPoint\",\"urlTemplate\":\"https:\/\/dinn.ucsc.cl\/?s={search_term_string}\"},\"query-input\":\"required name=search_term_string\"}],\"inLanguage\":\"es\"},{\"@type\":\"ImageObject\",\"inLanguage\":\"es\",\"@id\":\"https:\/\/dinn.ucsc.cl\/index.php\/secuencia-didactica-para-proveer-retroalimentacion-oral-con-el-uso-de-podcast\/#primaryimage\",\"url\":\"https:\/\/sitios.ucsc.cl\/investigacion\/wp-content\/uploads\/sites\/14\/2023\/11\/OTT_DDA_10_2023.png\",\"contentUrl\":\"https:\/\/sitios.ucsc.cl\/investigacion\/wp-content\/uploads\/sites\/14\/2023\/11\/OTT_DDA_10_2023.png\"},{\"@type\":\"WebPage\",\"@id\":\"https:\/\/dinn.ucsc.cl\/index.php\/secuencia-didactica-para-proveer-retroalimentacion-oral-con-el-uso-de-podcast\/#webpage\",\"url\":\"https:\/\/dinn.ucsc.cl\/index.php\/secuencia-didactica-para-proveer-retroalimentacion-oral-con-el-uso-de-podcast\/\",\"name\":\"Secuencia did\u00e1ctica para proveer retroalimentaci\u00f3n oral con el uso de podcast -\",\"isPartOf\":{\"@id\":\"https:\/\/dinn.ucsc.cl\/#website\"},\"primaryImageOfPage\":{\"@id\":\"https:\/\/dinn.ucsc.cl\/index.php\/secuencia-didactica-para-proveer-retroalimentacion-oral-con-el-uso-de-podcast\/#primaryimage\"},\"datePublished\":\"2023-11-07T06:29:52+00:00\",\"dateModified\":\"2023-11-07T06:42:20+00:00\",\"breadcrumb\":{\"@id\":\"https:\/\/dinn.ucsc.cl\/index.php\/secuencia-didactica-para-proveer-retroalimentacion-oral-con-el-uso-de-podcast\/#breadcrumb\"},\"inLanguage\":\"es\",\"potentialAction\":[{\"@type\":\"ReadAction\",\"target\":[\"https:\/\/dinn.ucsc.cl\/index.php\/secuencia-didactica-para-proveer-retroalimentacion-oral-con-el-uso-de-podcast\/\"]}]},{\"@type\":\"BreadcrumbList\",\"@id\":\"https:\/\/dinn.ucsc.cl\/index.php\/secuencia-didactica-para-proveer-retroalimentacion-oral-con-el-uso-de-podcast\/#breadcrumb\",\"itemListElement\":[{\"@type\":\"ListItem\",\"position\":1,\"name\":\"Inicio\",\"item\":\"https:\/\/dinn.ucsc.cl\/\"},{\"@type\":\"ListItem\",\"position\":2,\"name\":\"Secuencia did\u00e1ctica para proveer retroalimentaci\u00f3n oral con el uso de podcast\"}]}]}<\/script>\n<!-- \/ Yoast SEO plugin. -->","yoast_head_json":{"title":"Secuencia did\u00e1ctica para proveer retroalimentaci\u00f3n oral con el uso de podcast -","robots":{"index":"index","follow":"follow","max-snippet":"max-snippet:-1","max-image-preview":"max-image-preview:large","max-video-preview":"max-video-preview:-1"},"canonical":"https:\/\/dinn.ucsc.cl\/index.php\/secuencia-didactica-para-proveer-retroalimentacion-oral-con-el-uso-de-podcast\/","og_locale":"es_ES","og_type":"article","og_title":"Secuencia did\u00e1ctica para proveer retroalimentaci\u00f3n oral con el uso de podcast -","og_description":"Tecnolog\u00eda desarrollada La obra consiste en una Secuencia Did\u00e1ctica para proveer retroalimentaci\u00f3n oral a estudiantes, con el fin de ajustarse progresivamente a los g\u00e9neros discursivos propios del nivel de ense\u00f1anza en que se desenvuelven, y con especial \u00e9nfasis en la retroalimentaci\u00f3n positiva. Esta secuencia es uno de los productos de investigaci\u00f3n del Proyecto CIEDE 2017 [&hellip;]","og_url":"https:\/\/dinn.ucsc.cl\/index.php\/secuencia-didactica-para-proveer-retroalimentacion-oral-con-el-uso-de-podcast\/","article_publisher":"https:\/\/m.facebook.com\/DINNUCSC","article_modified_time":"2023-11-07T06:42:20+00:00","og_image":[{"url":"https:\/\/sitios.ucsc.cl\/investigacion\/wp-content\/uploads\/sites\/14\/2023\/11\/OTT_DDA_10_2023.png"}],"twitter_card":"summary","twitter_site":"@dinn_ucsc","twitter_misc":{"Tiempo de lectura":"1 minuto"},"schema":{"@context":"https:\/\/schema.org","@graph":[{"@type":"WebSite","@id":"https:\/\/dinn.ucsc.cl\/#website","url":"https:\/\/dinn.ucsc.cl\/","name":"Direcci\u00f3n de Innovaci\u00f3n UCSC","description":"Direcci\u00f3n de Innovaci\u00f3n","potentialAction":[{"@type":"SearchAction","target":{"@type":"EntryPoint","urlTemplate":"https:\/\/dinn.ucsc.cl\/?s={search_term_string}"},"query-input":"required name=search_term_string"}],"inLanguage":"es"},{"@type":"ImageObject","inLanguage":"es","@id":"https:\/\/dinn.ucsc.cl\/index.php\/secuencia-didactica-para-proveer-retroalimentacion-oral-con-el-uso-de-podcast\/#primaryimage","url":"https:\/\/sitios.ucsc.cl\/investigacion\/wp-content\/uploads\/sites\/14\/2023\/11\/OTT_DDA_10_2023.png","contentUrl":"https:\/\/sitios.ucsc.cl\/investigacion\/wp-content\/uploads\/sites\/14\/2023\/11\/OTT_DDA_10_2023.png"},{"@type":"WebPage","@id":"https:\/\/dinn.ucsc.cl\/index.php\/secuencia-didactica-para-proveer-retroalimentacion-oral-con-el-uso-de-podcast\/#webpage","url":"https:\/\/dinn.ucsc.cl\/index.php\/secuencia-didactica-para-proveer-retroalimentacion-oral-con-el-uso-de-podcast\/","name":"Secuencia did\u00e1ctica para proveer retroalimentaci\u00f3n oral con el uso de podcast -","isPartOf":{"@id":"https:\/\/dinn.ucsc.cl\/#website"},"primaryImageOfPage":{"@id":"https:\/\/dinn.ucsc.cl\/index.php\/secuencia-didactica-para-proveer-retroalimentacion-oral-con-el-uso-de-podcast\/#primaryimage"},"datePublished":"2023-11-07T06:29:52+00:00","dateModified":"2023-11-07T06:42:20+00:00","breadcrumb":{"@id":"https:\/\/dinn.ucsc.cl\/index.php\/secuencia-didactica-para-proveer-retroalimentacion-oral-con-el-uso-de-podcast\/#breadcrumb"},"inLanguage":"es","potentialAction":[{"@type":"ReadAction","target":["https:\/\/dinn.ucsc.cl\/index.php\/secuencia-didactica-para-proveer-retroalimentacion-oral-con-el-uso-de-podcast\/"]}]},{"@type":"BreadcrumbList","@id":"https:\/\/dinn.ucsc.cl\/index.php\/secuencia-didactica-para-proveer-retroalimentacion-oral-con-el-uso-de-podcast\/#breadcrumb","itemListElement":[{"@type":"ListItem","position":1,"name":"Inicio","item":"https:\/\/dinn.ucsc.cl\/"},{"@type":"ListItem","position":2,"name":"Secuencia did\u00e1ctica para proveer retroalimentaci\u00f3n oral con el uso de podcast"}]}]}},"_links":{"self":[{"href":"https:\/\/dinn.ucsc.cl\/index.php\/wp-json\/wp\/v2\/pages\/5591"}],"collection":[{"href":"https:\/\/dinn.ucsc.cl\/index.php\/wp-json\/wp\/v2\/pages"}],"about":[{"href":"https:\/\/dinn.ucsc.cl\/index.php\/wp-json\/wp\/v2\/types\/page"}],"author":[{"embeddable":true,"href":"https:\/\/dinn.ucsc.cl\/index.php\/wp-json\/wp\/v2\/users\/84"}],"replies":[{"embeddable":true,"href":"https:\/\/dinn.ucsc.cl\/index.php\/wp-json\/wp\/v2\/comments?post=5591"}],"version-history":[{"count":3,"href":"https:\/\/dinn.ucsc.cl\/index.php\/wp-json\/wp\/v2\/pages\/5591\/revisions"}],"predecessor-version":[{"id":5595,"href":"https:\/\/dinn.ucsc.cl\/index.php\/wp-json\/wp\/v2\/pages\/5591\/revisions\/5595"}],"wp:attachment":[{"href":"https:\/\/dinn.ucsc.cl\/index.php\/wp-json\/wp\/v2\/media?parent=5591"}],"curies":[{"name":"wp","href":"https:\/\/api.w.org\/{rel}","templated":true}]}}