{"id":5955,"date":"2024-09-24T11:56:54","date_gmt":"2024-09-24T14:56:54","guid":{"rendered":"https:\/\/dinn.ucsc.cl\/?page_id=5955"},"modified":"2024-09-24T12:16:52","modified_gmt":"2024-09-24T15:16:52","slug":"metodos-y-sistemas-para-medir-frecuencia-de-impacto-de-un-martillo-de-una-maquina-perforadora-voltaje-y-torque","status":"publish","type":"page","link":"https:\/\/dinn.ucsc.cl\/index.php\/metodos-y-sistemas-para-medir-frecuencia-de-impacto-de-un-martillo-de-una-maquina-perforadora-voltaje-y-torque\/","title":{"rendered":"M\u00e9todos y sistemas para medir frecuencia de impacto de un martillo de m\u00e1quina perforadora (voltaje y torque)"},"content":{"rendered":"<table class=\" alignleft\" style=\"width: 792px;height: 1597px\">\n<tbody>\n<tr style=\"height: 152px\">\n<td style=\"width: 791px;height: 152px\" colspan=\"5\"><img loading=\"lazy\" class=\"aligncenter wp-image-5949\" src=\"https:\/\/dinn.ucsc.cl\/wp-content\/uploads\/sites\/14\/2024\/09\/As2.png\" alt=\"\" width=\"737\" height=\"150\" srcset=\"https:\/\/dinn.ucsc.cl\/wp-content\/uploads\/sites\/14\/2024\/09\/As2.png 1345w, https:\/\/dinn.ucsc.cl\/wp-content\/uploads\/sites\/14\/2024\/09\/As2-300x61.png 300w, https:\/\/dinn.ucsc.cl\/wp-content\/uploads\/sites\/14\/2024\/09\/As2-1024x208.png 1024w, https:\/\/dinn.ucsc.cl\/wp-content\/uploads\/sites\/14\/2024\/09\/As2-768x156.png 768w, https:\/\/dinn.ucsc.cl\/wp-content\/uploads\/sites\/14\/2024\/09\/As2-200x41.png 200w\" sizes=\"(max-width: 737px) 100vw, 737px\" \/><\/td>\n<\/tr>\n<tr style=\"height: 37px\">\n<td style=\"width: 55.0625px;height: 37px\"><\/td>\n<td style=\"width: 46.0469px;height: 37px\"><\/td>\n<td style=\"width: 25.0312px\"><\/td>\n<td style=\"width: 614.766px;height: 37px\"><strong>Solicitud de patente PCT\/CL2023\/050129<\/strong><\/td>\n<td style=\"width: 50.0938px;height: 37px\">\n<h3><\/h3>\n<\/td>\n<\/tr>\n<tr style=\"height: 47px\">\n<td style=\"width: 55.0625px;height: 47px\"><\/td>\n<td style=\"width: 46.0469px;height: 47px\"><img loading=\"lazy\" class=\"aligncenter size-full wp-image-2827\" src=\"https:\/\/sitios.ucsc.cl\/ott\/wp-content\/uploads\/sites\/15\/2022\/07\/OTT_TEC_1.png\" alt=\"\" width=\"50\" height=\"50\" \/><\/td>\n<td style=\"width: 25.0312px\"><\/td>\n<td style=\"width: 614.766px;height: 47px\">\n<h3 style=\"text-align: justify\">Tecnolog\u00eda desarrollada<\/h3>\n<\/td>\n<td style=\"width: 50.0938px;text-align: justify;height: 47px\">\n<h3><\/h3>\n<\/td>\n<\/tr>\n<tr style=\"text-align: justify\">\n<td style=\"width: 55.0625px;height: 207px\"><\/td>\n<td style=\"width: 46.0469px;height: 207px\"><\/td>\n<td style=\"width: 25.0312px\"><\/td>\n<td style=\"width: 614.766px;height: 207px\">Se trata de un sistema que permite optimizar la perforaci\u00f3n por percusi\u00f3n rotativa mediante la identificaci\u00f3n precisa de la frecuencia de impacto. Utiliza el an\u00e1lisis espectral de se\u00f1ales de velocidad y torque del motor estimadas a trav\u00e9s de tres observadores. Estos observadores solo requieren la medici\u00f3n de corrientes y voltajes del motor de la m\u00e1quina perforadora, que ya se monitorean regularmente. Esto simplifica el proceso y mejora la eficiencia en la extracci\u00f3n de recursos naturales, evitando la necesidad de complejas configuraciones de sensores o simulaciones.<\/td>\n<td style=\"width: 50.0938px;height: 207px\">\n<h3><\/h3>\n<\/td>\n<\/tr>\n<tr style=\"text-align: justify\">\n<td style=\"width: 55.0625px;height: 47px\"><\/td>\n<td style=\"width: 46.0469px;height: 47px\"><img loading=\"lazy\" class=\"aligncenter size-full wp-image-2828\" src=\"https:\/\/sitios.ucsc.cl\/ott\/wp-content\/uploads\/sites\/15\/2022\/07\/OTT_TEC_2.png\" alt=\"\" width=\"50\" height=\"50\" \/><\/td>\n<td style=\"width: 25.0312px\"><\/td>\n<td style=\"width: 614.766px;height: 47px\">\n<h3>Beneficios \/ Ventajas<\/h3>\n<\/td>\n<td style=\"width: 50.0938px;height: 47px\"><\/td>\n<\/tr>\n<tr style=\"text-align: justify\">\n<td style=\"width: 55.0625px;height: 335px\"><\/td>\n<td style=\"width: 46.0469px;height: 335px\"><\/td>\n<td style=\"width: 25.0312px\"><\/td>\n<td style=\"width: 614.766px;height: 335px\">\u2022 <strong>Optimizaci\u00f3n de la Perforaci\u00f3n:<\/strong> Estima con precisi\u00f3n la frecuencia de impacto del martillo percutor, mejorando la eficiencia en procesos de perforaci\u00f3n asociados a las \u00e1reas de construcci\u00f3n, obras civiles y miner\u00eda.<strong><br \/>\n\u2022 Eficiencia Energ\u00e9tica:<\/strong> Reduce el consumo de energ\u00eda y los costos operativos.<strong><br \/>\n\u2022 Reducci\u00f3n de Tiempos y Costos de Perforaci\u00f3n:<\/strong> Aumenta la velocidad de perforaci\u00f3n, ahorrando tiempo y costos.<strong><br \/>\n\u2022 Minimizaci\u00f3n del Desgaste del Equipo:<\/strong> Prolonga la vida \u00fatil de los equipos.<strong><br \/>\n\u2022 Reducci\u00f3n del Mantenimiento:<\/strong> Disminuye la frecuencia de mantenimiento requerido.<strong><br \/>\n\u2022 Uso de M\u00e1quinas El\u00e9ctricas:<\/strong> Fomenta el uso de equipos el\u00e9ctricos, reduciendo emisiones t\u00f3xicas.<strong><br \/>\n\u2022 Mejora de la Seguridad: <\/strong>Optimiza la seguridad y las condiciones de trabajo en entornos industriales.<\/td>\n<td style=\"width: 50.0938px;height: 335px\"><\/td>\n<\/tr>\n<tr style=\"text-align: justify\">\n<td style=\"width: 55.0625px;height: 47px\"><\/td>\n<td style=\"width: 46.0469px;height: 47px\"><img loading=\"lazy\" class=\"aligncenter size-full wp-image-2829\" src=\"https:\/\/sitios.ucsc.cl\/ott\/wp-content\/uploads\/sites\/15\/2022\/07\/OTT_TEC_3.png\" alt=\"\" width=\"50\" height=\"50\" \/><\/td>\n<td style=\"width: 25.0312px\"><\/td>\n<td style=\"width: 614.766px;height: 47px\">\n<h3>Usos \/ Aplicaciones<\/h3>\n<\/td>\n<td style=\"width: 50.0938px;height: 47px\"><\/td>\n<\/tr>\n<tr style=\"text-align: justify\">\n<td style=\"width: 55.0625px;height: 182px\"><\/td>\n<td style=\"width: 46.0469px;height: 182px\"><\/td>\n<td style=\"width: 25.0312px\"><\/td>\n<td style=\"width: 614.766px;height: 182px\">Permite identificar la frecuencia de impacto en m\u00e1quinas perforadoras usando el an\u00e1lisis de se\u00f1ales de velocidad y torque del motor, calcula la energ\u00eda espec\u00edfica y la m\u00e9trica vital en la perforaci\u00f3n de suelos, se utiliza en industrias como la miner\u00eda, el petr\u00f3leo y la construcci\u00f3n. Se ha probado diferenciando materiales perforados con rangos de frecuencia de impacto, mostrando su capacidad para mejorar la eficiencia y precisi\u00f3n en la caracterizaci\u00f3n de suelos. Solo necesita medir las corrientes y voltajes del motor, lo cual es com\u00fan en entornos industriales.<\/td>\n<td style=\"width: 50.0938px;height: 182px\"><\/td>\n<\/tr>\n<tr style=\"text-align: justify\">\n<td style=\"width: 55.0625px;height: 47px\"><\/td>\n<td style=\"width: 46.0469px;height: 47px\"><img loading=\"lazy\" class=\"aligncenter size-full wp-image-2830\" src=\"https:\/\/sitios.ucsc.cl\/ott\/wp-content\/uploads\/sites\/15\/2022\/07\/OTT_TEC_4.png\" alt=\"\" width=\"50\" height=\"50\" \/><\/td>\n<td style=\"width: 25.0312px\"><\/td>\n<td style=\"width: 614.766px;height: 47px\">\n<h3>Oferta tecnol\u00f3gica<\/h3>\n<\/td>\n<td style=\"width: 50.0938px;height: 47px\"><\/td>\n<\/tr>\n<tr style=\"text-align: justify\">\n<td style=\"width: 55.0625px;height: 28px\"><\/td>\n<td style=\"width: 46.0469px;height: 28px\"><\/td>\n<td style=\"width: 25.0312px\"><\/td>\n<td style=\"width: 614.766px;height: 28px\">La tecnolog\u00eda est\u00e1 disponible para licenciamiento.<\/td>\n<td style=\"width: 50.0938px;height: 28px\"><\/td>\n<\/tr>\n<tr style=\"text-align: justify\">\n<td style=\"width: 55.0625px;height: 47px\"><\/td>\n<td style=\"width: 46.0469px;height: 47px\"><img loading=\"lazy\" class=\"aligncenter size-full wp-image-2831\" src=\"https:\/\/sitios.ucsc.cl\/ott\/wp-content\/uploads\/sites\/15\/2022\/07\/OTT_TEC_5.png\" alt=\"\" width=\"50\" height=\"50\" \/><\/td>\n<td style=\"width: 25.0312px\"><\/td>\n<td style=\"width: 614.766px;height: 47px\">\n<h3>Estado de desarrollo<\/h3>\n<\/td>\n<td style=\"width: 50.0938px;height: 47px\"><\/td>\n<\/tr>\n<tr style=\"text-align: justify\">\n<td style=\"width: 55.0625px;height: 54px\"><\/td>\n<td style=\"width: 46.0469px;height: 54px\"><\/td>\n<td style=\"width: 25.0312px\"><\/td>\n<td style=\"width: 614.766px;height: 54px\"><strong>TRL 4<\/strong>, ya que el sistema ha sido probado en laboratorio, demostrando su viabilidad t\u00e9cnica.<\/td>\n<td style=\"width: 50.0938px;height: 54px\"><\/td>\n<\/tr>\n<tr style=\"text-align: justify\">\n<td style=\"width: 55.0625px;height: 47px\"><\/td>\n<td style=\"width: 46.0469px;height: 47px\"><img loading=\"lazy\" class=\"aligncenter size-full wp-image-2832\" src=\"https:\/\/sitios.ucsc.cl\/ott\/wp-content\/uploads\/sites\/15\/2022\/07\/OTT_TEC_6.png\" alt=\"\" width=\"50\" height=\"50\" \/><\/td>\n<td style=\"width: 25.0312px\"><\/td>\n<td style=\"width: 614.766px;height: 47px\">\n<h3>Investigador principal<\/h3>\n<\/td>\n<td style=\"width: 50.0938px;height: 47px\"><\/td>\n<\/tr>\n<tr style=\"height: 70px\">\n<td style=\"width: 55.0625px;text-align: justify;height: 70px\"><\/td>\n<td style=\"width: 46.0469px;text-align: justify;height: 70px\"><\/td>\n<td style=\"width: 25.0312px;text-align: justify\"><\/td>\n<td style=\"width: 614.766px;height: 70px\">\n<p style=\"text-align: justify\"><a href=\"https:\/\/ingenieria.ucsc.cl\/autoridades\/guillermo-ramirez-arias\/\" target=\"_blank\" rel=\"noopener\">Dr. Guillermo Esteban Ram\u00edrez Arias<\/a>, Facultad de Ingenier\u00eda.<\/p>\n<\/td>\n<td style=\"width: 50.0938px;height: 70px\"><\/td>\n<\/tr>\n<tr style=\"height: 163px\">\n<td style=\"width: 55.0625px;height: 163px\"><\/td>\n<td style=\"width: 685.844px;height: 163px\" colspan=\"3\">&nbsp;<\/p>\n<p><a href=\"https:\/\/dinn.ucsc.cl\/wp-content\/uploads\/sites\/14\/2024\/09\/Ficha-Metodos-y-Sistemas-para-medir-frecuencia-de-impacto-de-un-martillo-de-una-maquina-perforadora.pdf\" target=\"_blank\" rel=\"noopener\"><img loading=\"lazy\" class=\"aligncenter wp-image-2220 size-medium\" src=\"https:\/\/sitios.ucsc.cl\/ott\/wp-content\/uploads\/sites\/15\/2022\/06\/Bot\u00f3n-descarga-300x61.png\" alt=\"\" width=\"300\" height=\"61\" \/><\/a><\/p>\n<p>&nbsp;<\/td>\n<td style=\"width: 50.0938px;height: 163px\"><\/td>\n<\/tr>\n<tr style=\"height: 87px\">\n<td style=\"width: 791px;height: 87px\" colspan=\"5\"><img loading=\"lazy\" class=\"aligncenter wp-image-3029\" src=\"https:\/\/sitios.ucsc.cl\/ott\/wp-content\/uploads\/sites\/15\/2022\/08\/Banner-1.png\" alt=\"\" width=\"748\" height=\"85\" \/><\/td>\n<\/tr>\n<\/tbody>\n<\/table>\n","protected":false},"excerpt":{"rendered":"<p>Solicitud de patente PCT\/CL2023\/050129 Tecnolog\u00eda desarrollada Se trata de un sistema que permite optimizar la perforaci\u00f3n por percusi\u00f3n rotativa mediante la identificaci\u00f3n precisa de la frecuencia de impacto. Utiliza el an\u00e1lisis espectral de se\u00f1ales de velocidad y torque del motor estimadas a trav\u00e9s de tres observadores. Estos observadores solo requieren la medici\u00f3n de corrientes y [&hellip;]<\/p>\n","protected":false},"author":84,"featured_media":0,"parent":0,"menu_order":0,"comment_status":"closed","ping_status":"closed","template":"","meta":[],"yoast_head":"<!-- This site is optimized with the Yoast SEO plugin v18.9 - https:\/\/yoast.com\/wordpress\/plugins\/seo\/ -->\n<title>M\u00e9todos y sistemas para medir frecuencia de impacto de un martillo de m\u00e1quina perforadora (voltaje y torque) -<\/title>\n<meta name=\"robots\" content=\"index, follow, max-snippet:-1, max-image-preview:large, max-video-preview:-1\" \/>\n<link rel=\"canonical\" href=\"https:\/\/dinn.ucsc.cl\/index.php\/metodos-y-sistemas-para-medir-frecuencia-de-impacto-de-un-martillo-de-una-maquina-perforadora-voltaje-y-torque\/\" \/>\n<meta property=\"og:locale\" content=\"es_ES\" \/>\n<meta property=\"og:type\" content=\"article\" \/>\n<meta property=\"og:title\" content=\"M\u00e9todos y sistemas para medir frecuencia de impacto de un martillo de m\u00e1quina perforadora (voltaje y torque) -\" \/>\n<meta property=\"og:description\" content=\"Solicitud de patente PCT\/CL2023\/050129 Tecnolog\u00eda desarrollada Se trata de un sistema que permite optimizar la perforaci\u00f3n por percusi\u00f3n rotativa mediante la identificaci\u00f3n precisa de la frecuencia de impacto. Utiliza el an\u00e1lisis espectral de se\u00f1ales de velocidad y torque del motor estimadas a trav\u00e9s de tres observadores. Estos observadores solo requieren la medici\u00f3n de corrientes y [&hellip;]\" \/>\n<meta property=\"og:url\" content=\"https:\/\/dinn.ucsc.cl\/index.php\/metodos-y-sistemas-para-medir-frecuencia-de-impacto-de-un-martillo-de-una-maquina-perforadora-voltaje-y-torque\/\" \/>\n<meta property=\"article:publisher\" content=\"https:\/\/m.facebook.com\/DINNUCSC\" \/>\n<meta property=\"article:modified_time\" content=\"2024-09-24T15:16:52+00:00\" \/>\n<meta property=\"og:image\" content=\"https:\/\/sitios.ucsc.cl\/investigacion\/wp-content\/uploads\/sites\/14\/2024\/09\/As2.png\" \/>\n<meta name=\"twitter:card\" content=\"summary\" \/>\n<meta name=\"twitter:site\" content=\"@dinn_ucsc\" \/>\n<meta name=\"twitter:label1\" content=\"Tiempo de lectura\" \/>\n\t<meta name=\"twitter:data1\" content=\"2 minutos\" \/>\n<script type=\"application\/ld+json\" class=\"yoast-schema-graph\">{\"@context\":\"https:\/\/schema.org\",\"@graph\":[{\"@type\":\"WebSite\",\"@id\":\"https:\/\/dinn.ucsc.cl\/#website\",\"url\":\"https:\/\/dinn.ucsc.cl\/\",\"name\":\"Direcci\u00f3n de Innovaci\u00f3n UCSC\",\"description\":\"Direcci\u00f3n de Innovaci\u00f3n\",\"potentialAction\":[{\"@type\":\"SearchAction\",\"target\":{\"@type\":\"EntryPoint\",\"urlTemplate\":\"https:\/\/dinn.ucsc.cl\/?s={search_term_string}\"},\"query-input\":\"required name=search_term_string\"}],\"inLanguage\":\"es\"},{\"@type\":\"ImageObject\",\"inLanguage\":\"es\",\"@id\":\"https:\/\/dinn.ucsc.cl\/index.php\/metodos-y-sistemas-para-medir-frecuencia-de-impacto-de-un-martillo-de-una-maquina-perforadora-voltaje-y-torque\/#primaryimage\",\"url\":\"https:\/\/sitios.ucsc.cl\/investigacion\/wp-content\/uploads\/sites\/14\/2024\/09\/As2.png\",\"contentUrl\":\"https:\/\/sitios.ucsc.cl\/investigacion\/wp-content\/uploads\/sites\/14\/2024\/09\/As2.png\"},{\"@type\":\"WebPage\",\"@id\":\"https:\/\/dinn.ucsc.cl\/index.php\/metodos-y-sistemas-para-medir-frecuencia-de-impacto-de-un-martillo-de-una-maquina-perforadora-voltaje-y-torque\/#webpage\",\"url\":\"https:\/\/dinn.ucsc.cl\/index.php\/metodos-y-sistemas-para-medir-frecuencia-de-impacto-de-un-martillo-de-una-maquina-perforadora-voltaje-y-torque\/\",\"name\":\"M\u00e9todos y sistemas para medir frecuencia de impacto de un martillo de m\u00e1quina perforadora (voltaje y torque) -\",\"isPartOf\":{\"@id\":\"https:\/\/dinn.ucsc.cl\/#website\"},\"primaryImageOfPage\":{\"@id\":\"https:\/\/dinn.ucsc.cl\/index.php\/metodos-y-sistemas-para-medir-frecuencia-de-impacto-de-un-martillo-de-una-maquina-perforadora-voltaje-y-torque\/#primaryimage\"},\"datePublished\":\"2024-09-24T14:56:54+00:00\",\"dateModified\":\"2024-09-24T15:16:52+00:00\",\"breadcrumb\":{\"@id\":\"https:\/\/dinn.ucsc.cl\/index.php\/metodos-y-sistemas-para-medir-frecuencia-de-impacto-de-un-martillo-de-una-maquina-perforadora-voltaje-y-torque\/#breadcrumb\"},\"inLanguage\":\"es\",\"potentialAction\":[{\"@type\":\"ReadAction\",\"target\":[\"https:\/\/dinn.ucsc.cl\/index.php\/metodos-y-sistemas-para-medir-frecuencia-de-impacto-de-un-martillo-de-una-maquina-perforadora-voltaje-y-torque\/\"]}]},{\"@type\":\"BreadcrumbList\",\"@id\":\"https:\/\/dinn.ucsc.cl\/index.php\/metodos-y-sistemas-para-medir-frecuencia-de-impacto-de-un-martillo-de-una-maquina-perforadora-voltaje-y-torque\/#breadcrumb\",\"itemListElement\":[{\"@type\":\"ListItem\",\"position\":1,\"name\":\"Inicio\",\"item\":\"https:\/\/dinn.ucsc.cl\/\"},{\"@type\":\"ListItem\",\"position\":2,\"name\":\"M\u00e9todos y sistemas para medir frecuencia de impacto de un martillo de m\u00e1quina perforadora (voltaje y torque)\"}]}]}<\/script>\n<!-- \/ Yoast SEO plugin. -->","yoast_head_json":{"title":"M\u00e9todos y sistemas para medir frecuencia de impacto de un martillo de m\u00e1quina perforadora (voltaje y torque) -","robots":{"index":"index","follow":"follow","max-snippet":"max-snippet:-1","max-image-preview":"max-image-preview:large","max-video-preview":"max-video-preview:-1"},"canonical":"https:\/\/dinn.ucsc.cl\/index.php\/metodos-y-sistemas-para-medir-frecuencia-de-impacto-de-un-martillo-de-una-maquina-perforadora-voltaje-y-torque\/","og_locale":"es_ES","og_type":"article","og_title":"M\u00e9todos y sistemas para medir frecuencia de impacto de un martillo de m\u00e1quina perforadora (voltaje y torque) -","og_description":"Solicitud de patente PCT\/CL2023\/050129 Tecnolog\u00eda desarrollada Se trata de un sistema que permite optimizar la perforaci\u00f3n por percusi\u00f3n rotativa mediante la identificaci\u00f3n precisa de la frecuencia de impacto. Utiliza el an\u00e1lisis espectral de se\u00f1ales de velocidad y torque del motor estimadas a trav\u00e9s de tres observadores. Estos observadores solo requieren la medici\u00f3n de corrientes y [&hellip;]","og_url":"https:\/\/dinn.ucsc.cl\/index.php\/metodos-y-sistemas-para-medir-frecuencia-de-impacto-de-un-martillo-de-una-maquina-perforadora-voltaje-y-torque\/","article_publisher":"https:\/\/m.facebook.com\/DINNUCSC","article_modified_time":"2024-09-24T15:16:52+00:00","og_image":[{"url":"https:\/\/sitios.ucsc.cl\/investigacion\/wp-content\/uploads\/sites\/14\/2024\/09\/As2.png"}],"twitter_card":"summary","twitter_site":"@dinn_ucsc","twitter_misc":{"Tiempo de lectura":"2 minutos"},"schema":{"@context":"https:\/\/schema.org","@graph":[{"@type":"WebSite","@id":"https:\/\/dinn.ucsc.cl\/#website","url":"https:\/\/dinn.ucsc.cl\/","name":"Direcci\u00f3n de Innovaci\u00f3n UCSC","description":"Direcci\u00f3n de Innovaci\u00f3n","potentialAction":[{"@type":"SearchAction","target":{"@type":"EntryPoint","urlTemplate":"https:\/\/dinn.ucsc.cl\/?s={search_term_string}"},"query-input":"required name=search_term_string"}],"inLanguage":"es"},{"@type":"ImageObject","inLanguage":"es","@id":"https:\/\/dinn.ucsc.cl\/index.php\/metodos-y-sistemas-para-medir-frecuencia-de-impacto-de-un-martillo-de-una-maquina-perforadora-voltaje-y-torque\/#primaryimage","url":"https:\/\/sitios.ucsc.cl\/investigacion\/wp-content\/uploads\/sites\/14\/2024\/09\/As2.png","contentUrl":"https:\/\/sitios.ucsc.cl\/investigacion\/wp-content\/uploads\/sites\/14\/2024\/09\/As2.png"},{"@type":"WebPage","@id":"https:\/\/dinn.ucsc.cl\/index.php\/metodos-y-sistemas-para-medir-frecuencia-de-impacto-de-un-martillo-de-una-maquina-perforadora-voltaje-y-torque\/#webpage","url":"https:\/\/dinn.ucsc.cl\/index.php\/metodos-y-sistemas-para-medir-frecuencia-de-impacto-de-un-martillo-de-una-maquina-perforadora-voltaje-y-torque\/","name":"M\u00e9todos y sistemas para medir frecuencia de impacto de un martillo de m\u00e1quina perforadora (voltaje y torque) -","isPartOf":{"@id":"https:\/\/dinn.ucsc.cl\/#website"},"primaryImageOfPage":{"@id":"https:\/\/dinn.ucsc.cl\/index.php\/metodos-y-sistemas-para-medir-frecuencia-de-impacto-de-un-martillo-de-una-maquina-perforadora-voltaje-y-torque\/#primaryimage"},"datePublished":"2024-09-24T14:56:54+00:00","dateModified":"2024-09-24T15:16:52+00:00","breadcrumb":{"@id":"https:\/\/dinn.ucsc.cl\/index.php\/metodos-y-sistemas-para-medir-frecuencia-de-impacto-de-un-martillo-de-una-maquina-perforadora-voltaje-y-torque\/#breadcrumb"},"inLanguage":"es","potentialAction":[{"@type":"ReadAction","target":["https:\/\/dinn.ucsc.cl\/index.php\/metodos-y-sistemas-para-medir-frecuencia-de-impacto-de-un-martillo-de-una-maquina-perforadora-voltaje-y-torque\/"]}]},{"@type":"BreadcrumbList","@id":"https:\/\/dinn.ucsc.cl\/index.php\/metodos-y-sistemas-para-medir-frecuencia-de-impacto-de-un-martillo-de-una-maquina-perforadora-voltaje-y-torque\/#breadcrumb","itemListElement":[{"@type":"ListItem","position":1,"name":"Inicio","item":"https:\/\/dinn.ucsc.cl\/"},{"@type":"ListItem","position":2,"name":"M\u00e9todos y sistemas para medir frecuencia de impacto de un martillo de m\u00e1quina perforadora (voltaje y torque)"}]}]}},"_links":{"self":[{"href":"https:\/\/dinn.ucsc.cl\/index.php\/wp-json\/wp\/v2\/pages\/5955"}],"collection":[{"href":"https:\/\/dinn.ucsc.cl\/index.php\/wp-json\/wp\/v2\/pages"}],"about":[{"href":"https:\/\/dinn.ucsc.cl\/index.php\/wp-json\/wp\/v2\/types\/page"}],"author":[{"embeddable":true,"href":"https:\/\/dinn.ucsc.cl\/index.php\/wp-json\/wp\/v2\/users\/84"}],"replies":[{"embeddable":true,"href":"https:\/\/dinn.ucsc.cl\/index.php\/wp-json\/wp\/v2\/comments?post=5955"}],"version-history":[{"count":4,"href":"https:\/\/dinn.ucsc.cl\/index.php\/wp-json\/wp\/v2\/pages\/5955\/revisions"}],"predecessor-version":[{"id":5962,"href":"https:\/\/dinn.ucsc.cl\/index.php\/wp-json\/wp\/v2\/pages\/5955\/revisions\/5962"}],"wp:attachment":[{"href":"https:\/\/dinn.ucsc.cl\/index.php\/wp-json\/wp\/v2\/media?parent=5955"}],"curies":[{"name":"wp","href":"https:\/\/api.w.org\/{rel}","templated":true}]}}