{"id":6076,"date":"2024-11-05T18:02:57","date_gmt":"2024-11-05T21:02:57","guid":{"rendered":"https:\/\/dinn.ucsc.cl\/?page_id=6076"},"modified":"2024-11-06T12:31:24","modified_gmt":"2024-11-06T15:31:24","slug":"semillero-de-innovacion-ucsc","status":"publish","type":"page","link":"https:\/\/dinn.ucsc.cl\/index.php\/semillero-de-innovacion-ucsc\/","title":{"rendered":"Semillero de Innovaci\u00f3n UCSC"},"content":{"rendered":"<p><img loading=\"lazy\" class=\"aligncenter wp-image-6091 size-large\" src=\"https:\/\/dinn.ucsc.cl\/wp-content\/uploads\/sites\/14\/2024\/11\/wooden-table-top-with-spring-green-1024x438.png\" alt=\"\" width=\"1024\" height=\"438\" srcset=\"https:\/\/dinn.ucsc.cl\/wp-content\/uploads\/sites\/14\/2024\/11\/wooden-table-top-with-spring-green-1024x438.png 1024w, https:\/\/dinn.ucsc.cl\/wp-content\/uploads\/sites\/14\/2024\/11\/wooden-table-top-with-spring-green-300x128.png 300w, https:\/\/dinn.ucsc.cl\/wp-content\/uploads\/sites\/14\/2024\/11\/wooden-table-top-with-spring-green-768x329.png 768w, https:\/\/dinn.ucsc.cl\/wp-content\/uploads\/sites\/14\/2024\/11\/wooden-table-top-with-spring-green-200x86.png 200w, https:\/\/dinn.ucsc.cl\/wp-content\/uploads\/sites\/14\/2024\/11\/wooden-table-top-with-spring-green.png 1500w\" sizes=\"(max-width: 1024px) 100vw, 1024px\" \/><\/p>\n<h3><b>\u00bfQu\u00e9 es el Semillero de Innovaci\u00f3n UCSC?<\/b><\/h3>\n<p><span style=\"font-weight: 400\">El Semillero de Innovaci\u00f3n es un programa coordinado desde la Direcci\u00f3n de Innovaci\u00f3n, que tiene por objetivo fomentar la creatividad, colaboraci\u00f3n e innovaci\u00f3n entre estudiantes y el cuerpo acad\u00e9mico de la instituci\u00f3n.<\/span><\/p>\n<p><span style=\"font-weight: 400\">A trav\u00e9s de este programa, se promueve la agrupaci\u00f3n de estudiantes para adquirir habilidades en I+D+i+e+TT, y experimentar de manera temprana la realizaci\u00f3n de iniciativas en innovaci\u00f3n.<\/span><\/p>\n<table style=\"width: 1343px;height: 79px\">\n<tbody>\n<tr style=\"height: 79px\">\n<td style=\"width: 305.75px;height: 79px\"><img loading=\"lazy\" class=\"alignleft wp-image-6081\" src=\"https:\/\/dinn.ucsc.cl\/wp-content\/uploads\/sites\/14\/2024\/11\/Recurso-5-1-553x1024.png\" alt=\"\" width=\"351\" height=\"650\" srcset=\"https:\/\/dinn.ucsc.cl\/wp-content\/uploads\/sites\/14\/2024\/11\/Recurso-5-1-553x1024.png 553w, https:\/\/dinn.ucsc.cl\/wp-content\/uploads\/sites\/14\/2024\/11\/Recurso-5-1-162x300.png 162w, https:\/\/dinn.ucsc.cl\/wp-content\/uploads\/sites\/14\/2024\/11\/Recurso-5-1-768x1422.png 768w, https:\/\/dinn.ucsc.cl\/wp-content\/uploads\/sites\/14\/2024\/11\/Recurso-5-1-830x1536.png 830w, https:\/\/dinn.ucsc.cl\/wp-content\/uploads\/sites\/14\/2024\/11\/Recurso-5-1-108x200.png 108w, https:\/\/dinn.ucsc.cl\/wp-content\/uploads\/sites\/14\/2024\/11\/Recurso-5-1.png 853w\" sizes=\"(max-width: 351px) 100vw, 351px\" \/><\/td>\n<td style=\"width: 1036.25px;height: 79px\">\n<h4><b>Objetivos del programa:<\/b><\/h4>\n<ul>\n<li style=\"font-weight: 400\"><span style=\"font-weight: 400\">Formar a los estudiantes en I+D+i+e+TT a trav\u00e9s del trabajo en equipos interdisciplinario.<\/span><\/li>\n<li style=\"font-weight: 400\"><span style=\"font-weight: 400\">Desarrollar actitudes y aptitudes para aprender a emprender proyectos de I+D+i+e+TT en fases tempranas.<\/span><\/li>\n<li style=\"font-weight: 400\"><span style=\"font-weight: 400\">Facilitar la experimentaci\u00f3n temprana en I+D+i+e+TT en estudiantes, a partir del desarrollo de soluciones en salas de prototipado.<\/span><\/li>\n<\/ul>\n<h4>Dirigido a:<\/h4>\n<p><span style=\"font-weight: 400\">Este programa est\u00e1 abierto a toda la comunidad de estudiantes de la Universidad Cat\u00f3lica de la Sant\u00edsima Concepci\u00f3n, que tengan inter\u00e9s en fortalecer competencias en innovaci\u00f3n.<\/span><\/p>\n<h4><b>Formulario:<\/b><\/h4>\n<p><span style=\"font-weight: 400\">Los estudiantes interesados en participar de esta iniciativa, deber\u00e1n enviar una solicitud de ingreso a trav\u00e9s del <a href=\"https:\/\/forms.office.com\/pages\/responsepage.aspx?id=8xoE0ySPw0aauEfWElrHJUN5TR1S_L5OupvpNAknYQ5UOVo4MzVRRDIxOEM5NjlLRjk5Nk9SUjY0QS4u&amp;route=shorturl\" target=\"_blank\" rel=\"noopener\"><strong>formulario de postulaci\u00f3n<\/strong><\/a>.<\/span><\/p>\n<h4><b>Planificaci\u00f3n:<\/b><\/h4>\n<ul>\n<li><span style=\"font-weight: 400\"><strong>8 semanas<\/strong> de actividades dentro de la parrilla program\u00e1tica.<\/span><\/li>\n<li><span style=\"font-weight: 400\"><strong>14 actividades<\/strong> dentro de las semanas a realizar, considerando 2 actividades a la semana.<\/span><\/li>\n<\/ul>\n<\/td>\n<\/tr>\n<\/tbody>\n<\/table>\n<table style=\"width: 1343px;height: 79px\">\n<tbody>\n<tr style=\"height: 79px\">\n<td style=\"width: 22.0156px\">\n<h4><b>\u00a0<\/b><\/h4>\n<\/td>\n<td style=\"width: 975.719px;height: 79px\">\n<h4><b>Horarios:<\/b><\/h4>\n<ul>\n<li><span style=\"font-weight: 400\"><strong>Martes<\/strong> 16:30 a 18:30<\/span><\/li>\n<li><span style=\"font-weight: 400\"><strong>Jueves<\/strong> 16:30 a 18:30<\/span><\/li>\n<\/ul>\n<h4><b>Cupos:<\/b><\/h4>\n<p><span style=\"font-weight: 400\">Los cupos para participar del Semillero de Innovaci\u00f3n son limitados, con un total de m\u00e1ximo 30 estudiantes y se asignan en funci\u00f3n de los requisitos estipulados anteriormente.\u00a0<\/span><\/p>\n<h4><b>Requisitos:<\/b><\/h4>\n<ul>\n<li><span style=\"font-weight: 400\">75% asistencia a las actividades formativas y de experimentaci\u00f3n.<\/span><\/li>\n<li><span style=\"font-weight: 400\">Permitido solo 4 faltas dentro de las 8 semanas.<\/span><\/li>\n<\/ul>\n<h4><b>Lugar<\/b><\/h4>\n<p><span style=\"font-weight: 400\">Considerando la parrilla program\u00e1tica de actividades a realizar durante el Semillero de Innovaci\u00f3n, estas se llevar\u00e1n a cabo principalmente en el Cowork y Salas de Prototipado de la Direcci\u00f3n de Innovaci\u00f3n UCSC.<\/span><\/td>\n<td style=\"width: 344.266px;height: 79px\"><img loading=\"lazy\" class=\"alignright wp-image-6095\" src=\"https:\/\/dinn.ucsc.cl\/wp-content\/uploads\/sites\/14\/2024\/11\/Recurso-8.png\" alt=\"\" width=\"296\" height=\"500\" srcset=\"https:\/\/dinn.ucsc.cl\/wp-content\/uploads\/sites\/14\/2024\/11\/Recurso-8.png 933w, https:\/\/dinn.ucsc.cl\/wp-content\/uploads\/sites\/14\/2024\/11\/Recurso-8-178x300.png 178w, https:\/\/dinn.ucsc.cl\/wp-content\/uploads\/sites\/14\/2024\/11\/Recurso-8-607x1024.png 607w, https:\/\/dinn.ucsc.cl\/wp-content\/uploads\/sites\/14\/2024\/11\/Recurso-8-768x1296.png 768w, https:\/\/dinn.ucsc.cl\/wp-content\/uploads\/sites\/14\/2024\/11\/Recurso-8-910x1536.png 910w, https:\/\/dinn.ucsc.cl\/wp-content\/uploads\/sites\/14\/2024\/11\/Recurso-8-118x200.png 118w\" sizes=\"(max-width: 296px) 100vw, 296px\" \/><\/td>\n<\/tr>\n<\/tbody>\n<\/table>\n<hr \/>\n<p style=\"text-align: left\"><b>Etapas<\/b><\/p>\n<table class=\" aligncenter\" style=\"width: 341px;height: 183px\">\n<tbody>\n<tr style=\"height: 89px\">\n<td style=\"width: 105.516px;height: 89px\"><span style=\"font-weight: 400\"><img loading=\"lazy\" class=\"wp-image-6100 alignleft\" src=\"https:\/\/dinn.ucsc.cl\/wp-content\/uploads\/sites\/14\/2024\/11\/semillero_02.png\" alt=\"\" width=\"60\" height=\"70\" srcset=\"https:\/\/dinn.ucsc.cl\/wp-content\/uploads\/sites\/14\/2024\/11\/semillero_02.png 207w, https:\/\/dinn.ucsc.cl\/wp-content\/uploads\/sites\/14\/2024\/11\/semillero_02-170x200.png 170w\" sizes=\"(max-width: 60px) 100vw, 60px\" \/><\/span><\/td>\n<td style=\"width: 232.469px;text-align: left;height: 89px\">\n<h4><span style=\"font-weight: 400\"><strong>Etapa 1<\/strong>: Formaci\u00f3n inicial<\/span><\/h4>\n<\/td>\n<\/tr>\n<tr style=\"height: 94px\">\n<td style=\"width: 105.516px;height: 94px\"><img loading=\"lazy\" class=\"wp-image-6102 alignleft\" src=\"https:\/\/dinn.ucsc.cl\/wp-content\/uploads\/sites\/14\/2024\/11\/semillero_01.png\" alt=\"\" width=\"58\" height=\"75\" srcset=\"https:\/\/dinn.ucsc.cl\/wp-content\/uploads\/sites\/14\/2024\/11\/semillero_01.png 214w, https:\/\/dinn.ucsc.cl\/wp-content\/uploads\/sites\/14\/2024\/11\/semillero_01-154x200.png 154w\" sizes=\"(max-width: 58px) 100vw, 58px\" \/><\/td>\n<td style=\"width: 232.469px;text-align: left;height: 94px\">\n<h4><span style=\"font-weight: 400\"><strong>Etapa 2:<\/strong> Experimentaci\u00f3n<\/span><\/h4>\n<\/td>\n<\/tr>\n<\/tbody>\n<\/table>\n<p>&nbsp;<\/p>\n<h4><b>Planificaci\u00f3n<\/b><\/h4>\n<table style=\"width: 717px\">\n<tbody>\n<tr>\n<td style=\"width: 35.9844px\"><\/td>\n<td style=\"width: 340.422px\"><span style=\"font-weight: 400\">Actividades\u00a0<\/span><\/td>\n<td style=\"width: 170.781px\"><span style=\"font-weight: 400\">Etapa<\/span><\/td>\n<td style=\"width: 3px\"><\/td>\n<td style=\"width: 165.812px\"><span style=\"font-weight: 400\">Lugar<\/span><\/td>\n<\/tr>\n<tr>\n<td style=\"width: 35.9844px\"><\/td>\n<td style=\"width: 340.422px\"><span style=\"font-weight: 400\">Lanzamiento oficial del Semillero de Innovaci\u00f3n<\/span><\/td>\n<td style=\"width: 170.781px\"><span style=\"font-weight: 400\">Martes 19 Noviembre\u00a0 15:00hrs.<\/span><\/td>\n<td style=\"width: 3px\"><\/td>\n<td style=\"width: 165.812px\"><span style=\"font-weight: 400\">Cowork de Innovaci\u00f3n\u00a0<\/span><\/td>\n<\/tr>\n<tr>\n<td style=\"width: 35.9844px\"><\/td>\n<td style=\"width: 340.422px\"><span style=\"font-weight: 400\">Taller de prop\u00f3sito<\/span><\/p>\n<p><span style=\"font-weight: 400\">Taller de Lego<\/span><\/td>\n<td style=\"width: 170.781px\"><span style=\"font-weight: 400\">Etapa 1 &#8211; Martes 19 Noviembre<\/span><\/p>\n<p><span style=\"font-weight: 400\">Etapa 2 &#8211; Jueves 21 Noviembre<\/span><\/td>\n<td style=\"width: 3px\"><\/td>\n<td style=\"width: 165.812px\"><span style=\"font-weight: 400\">Cowork de Innovaci\u00f3n<\/span><\/td>\n<\/tr>\n<tr>\n<td style=\"width: 35.9844px\"><\/td>\n<td style=\"width: 340.422px\"><span style=\"font-weight: 400\">InnovaCine: Pel\u00edculas que inspiran<\/span><\/p>\n<p><span style=\"font-weight: 400\">Taller prototipo<\/span><\/td>\n<td style=\"width: 170.781px\"><span style=\"font-weight: 400\">Etapa 1 &#8211; Martes 26 Noviembre<\/span><\/p>\n<p><span style=\"font-weight: 400\">Etapa 2 &#8211; Jueves 28 Noviembre<\/span><\/td>\n<td style=\"width: 3px\"><\/td>\n<td style=\"width: 165.812px\"><span style=\"font-weight: 400\">Cowork de Innovaci\u00f3n<\/span><\/td>\n<\/tr>\n<tr>\n<td style=\"width: 35.9844px\"><\/td>\n<td style=\"width: 340.422px\"><span style=\"font-weight: 400\">Taller de Liderazgo<\/span><\/p>\n<p><span style=\"font-weight: 400\">Taller prototipo h\u00e9lice<\/span><\/td>\n<td style=\"width: 170.781px\"><span style=\"font-weight: 400\">Etapa 1 &#8211; Martes 03 Diciembre<\/span><\/p>\n<p><span style=\"font-weight: 400\">Etapa 2 &#8211; Jueves 05 Diciembre<\/span><\/td>\n<td style=\"width: 3px\"><\/td>\n<td style=\"width: 165.812px\"><span style=\"font-weight: 400\">Cowork de Innovaci\u00f3n<\/span><\/td>\n<\/tr>\n<tr>\n<td style=\"width: 35.9844px\"><\/td>\n<td style=\"width: 340.422px\"><span style=\"font-weight: 400\">Taller habilidades comunicacionales<\/span><\/p>\n<p><span style=\"font-weight: 400\">Taller prototipo auto robot<\/span><\/td>\n<td style=\"width: 170.781px\"><span style=\"font-weight: 400\">Etapa 1 &#8211; Martes 10 Diciembre<\/span><\/p>\n<p><span style=\"font-weight: 400\">Etapa 2 &#8211; Jueves 12 Diciembre<\/span><\/td>\n<td style=\"width: 3px\"><\/td>\n<td style=\"width: 165.812px\"><span style=\"font-weight: 400\">Cowork de Innovaci\u00f3n<\/span><\/td>\n<\/tr>\n<tr>\n<td style=\"width: 35.9844px\"><\/td>\n<td style=\"width: 340.422px\"><span style=\"font-weight: 400\">Estudio caso de emprendedor<\/span><\/p>\n<p><span style=\"font-weight: 400\">Taller prototipo gr\u00faa de construcci\u00f3n<\/span><\/td>\n<td style=\"width: 170.781px\"><span style=\"font-weight: 400\">Etapa 1 &#8211; Martes 17 Diciembre<\/span><\/p>\n<p><span style=\"font-weight: 400\">Etapa 2 &#8211; Jueves 19 Diciembre<\/span><\/td>\n<td style=\"width: 3px\"><\/td>\n<td style=\"width: 165.812px\"><span style=\"font-weight: 400\">Cowork de Innovaci\u00f3n<\/span><\/td>\n<\/tr>\n<tr>\n<td style=\"width: 35.9844px\"><\/td>\n<td style=\"width: 340.422px\"><span style=\"font-weight: 400\">InnovaCine: Pel\u00edculas que inspiran<\/span><\/p>\n<p><span style=\"font-weight: 400\">Taller prototipo<\/span><\/td>\n<td style=\"width: 170.781px\"><span style=\"font-weight: 400\">Etapa 1 &#8211; Martes 7 Enero<\/span><\/p>\n<p><span style=\"font-weight: 400\">Etapa 2 &#8211; Jueves 9 Enero<\/span><\/td>\n<td style=\"width: 3px\"><\/td>\n<td style=\"width: 165.812px\"><span style=\"font-weight: 400\">Cowork de Innovaci\u00f3n<\/span><\/td>\n<\/tr>\n<tr>\n<td style=\"width: 35.9844px\"><\/td>\n<td style=\"width: 340.422px\"><span style=\"font-weight: 400\">Lectura paper: El arte de fallar<\/span><\/p>\n<p><span style=\"font-weight: 400\">Taller prototipo mano hidra\u00falica<\/span><\/td>\n<td style=\"width: 170.781px\"><span style=\"font-weight: 400\">Etapa 1 &#8211; Martes 14 Enero<\/span><\/p>\n<p><span style=\"font-weight: 400\">Etapa 2 &#8211; Jueves 16 Enero<\/span><\/td>\n<td style=\"width: 3px\"><\/td>\n<td style=\"width: 165.812px\"><span style=\"font-weight: 400\">Cowork de Innovaci\u00f3n<\/span><\/td>\n<\/tr>\n<tr>\n<td style=\"width: 35.9844px\"><\/td>\n<td style=\"width: 340.422px\"><span style=\"font-weight: 400\">Ceremonia de certificaci\u00f3n<\/span><\/td>\n<td style=\"width: 170.781px\"><span style=\"font-weight: 400\">Certificaci\u00f3n Martes 21 Enero<\/span><\/td>\n<td style=\"width: 3px\"><\/td>\n<td style=\"width: 165.812px\"><span style=\"font-weight: 400\">Cowork<\/span><\/td>\n<\/tr>\n<\/tbody>\n<\/table>\n<hr \/>\n<h4><span style=\"font-weight: 400\">Dudas y Consultas sobre el proceso:<\/span><\/h4>\n<p><span style=\"font-weight: 400\">Escribir al correo electr\u00f3nico <\/span><a href=\"mailto:hacuna@ucsc.cl\"><span style=\"font-weight: 400\">hacuna@ucsc.cl <\/span><\/a><span style=\"font-weight: 400\">con el asunto \u201cSemillero de Innovaci\u00f3n\u201d.<\/span><\/p>\n<p><a href=\"https:\/\/forms.office.com\/pages\/responsepage.aspx?id=8xoE0ySPw0aauEfWElrHJUN5TR1S_L5OupvpNAknYQ5UOVo4MzVRRDIxOEM5NjlLRjk5Nk9SUjY0QS4u&amp;route=shorturl\" target=\"_blank\" rel=\"noopener\"><img loading=\"lazy\" class=\"aligncenter wp-image-6119 size-large\" src=\"https:\/\/dinn.ucsc.cl\/wp-content\/uploads\/sites\/14\/2024\/11\/Banner_03-1-1024x234.png\" alt=\"\" width=\"1024\" height=\"234\" srcset=\"https:\/\/dinn.ucsc.cl\/wp-content\/uploads\/sites\/14\/2024\/11\/Banner_03-1-1024x234.png 1024w, https:\/\/dinn.ucsc.cl\/wp-content\/uploads\/sites\/14\/2024\/11\/Banner_03-1-300x68.png 300w, https:\/\/dinn.ucsc.cl\/wp-content\/uploads\/sites\/14\/2024\/11\/Banner_03-1-768x175.png 768w, https:\/\/dinn.ucsc.cl\/wp-content\/uploads\/sites\/14\/2024\/11\/Banner_03-1-1536x350.png 1536w, https:\/\/dinn.ucsc.cl\/wp-content\/uploads\/sites\/14\/2024\/11\/Banner_03-1-200x46.png 200w, https:\/\/dinn.ucsc.cl\/wp-content\/uploads\/sites\/14\/2024\/11\/Banner_03-1.png 1924w\" sizes=\"(max-width: 1024px) 100vw, 1024px\" \/><\/a><\/p>\n","protected":false},"excerpt":{"rendered":"<p>\u00bfQu\u00e9 es el Semillero de Innovaci\u00f3n UCSC? El Semillero de Innovaci\u00f3n es un programa coordinado desde la Direcci\u00f3n de Innovaci\u00f3n, que tiene por objetivo fomentar la creatividad, colaboraci\u00f3n e innovaci\u00f3n entre estudiantes y el cuerpo acad\u00e9mico de la instituci\u00f3n. A trav\u00e9s de este programa, se promueve la agrupaci\u00f3n de estudiantes para adquirir habilidades en I+D+i+e+TT, [&hellip;]<\/p>\n","protected":false},"author":84,"featured_media":0,"parent":0,"menu_order":0,"comment_status":"closed","ping_status":"closed","template":"","meta":[],"yoast_head":"<!-- This site is optimized with the Yoast SEO plugin v18.9 - https:\/\/yoast.com\/wordpress\/plugins\/seo\/ -->\n<title>Semillero de Innovaci\u00f3n UCSC -<\/title>\n<meta name=\"robots\" content=\"index, follow, max-snippet:-1, max-image-preview:large, max-video-preview:-1\" \/>\n<link rel=\"canonical\" href=\"https:\/\/dinn.ucsc.cl\/index.php\/semillero-de-innovacion-ucsc\/\" \/>\n<meta property=\"og:locale\" content=\"es_ES\" \/>\n<meta property=\"og:type\" content=\"article\" \/>\n<meta property=\"og:title\" content=\"Semillero de Innovaci\u00f3n UCSC -\" \/>\n<meta property=\"og:description\" content=\"\u00bfQu\u00e9 es el Semillero de Innovaci\u00f3n UCSC? El Semillero de Innovaci\u00f3n es un programa coordinado desde la Direcci\u00f3n de Innovaci\u00f3n, que tiene por objetivo fomentar la creatividad, colaboraci\u00f3n e innovaci\u00f3n entre estudiantes y el cuerpo acad\u00e9mico de la instituci\u00f3n. A trav\u00e9s de este programa, se promueve la agrupaci\u00f3n de estudiantes para adquirir habilidades en I+D+i+e+TT, [&hellip;]\" \/>\n<meta property=\"og:url\" content=\"https:\/\/dinn.ucsc.cl\/index.php\/semillero-de-innovacion-ucsc\/\" \/>\n<meta property=\"article:publisher\" content=\"https:\/\/m.facebook.com\/DINNUCSC\" \/>\n<meta property=\"article:modified_time\" content=\"2024-11-06T15:31:24+00:00\" \/>\n<meta property=\"og:image\" content=\"https:\/\/sitios.ucsc.cl\/investigacion\/wp-content\/uploads\/sites\/14\/2024\/11\/wooden-table-top-with-spring-green-1024x438.png\" \/>\n<meta name=\"twitter:card\" content=\"summary\" \/>\n<meta name=\"twitter:site\" content=\"@dinn_ucsc\" \/>\n<meta name=\"twitter:label1\" content=\"Tiempo de lectura\" \/>\n\t<meta name=\"twitter:data1\" content=\"3 minutos\" \/>\n<script type=\"application\/ld+json\" class=\"yoast-schema-graph\">{\"@context\":\"https:\/\/schema.org\",\"@graph\":[{\"@type\":\"WebSite\",\"@id\":\"https:\/\/dinn.ucsc.cl\/#website\",\"url\":\"https:\/\/dinn.ucsc.cl\/\",\"name\":\"Direcci\u00f3n de Innovaci\u00f3n UCSC\",\"description\":\"Direcci\u00f3n de Innovaci\u00f3n\",\"potentialAction\":[{\"@type\":\"SearchAction\",\"target\":{\"@type\":\"EntryPoint\",\"urlTemplate\":\"https:\/\/dinn.ucsc.cl\/?s={search_term_string}\"},\"query-input\":\"required name=search_term_string\"}],\"inLanguage\":\"es\"},{\"@type\":\"ImageObject\",\"inLanguage\":\"es\",\"@id\":\"https:\/\/dinn.ucsc.cl\/index.php\/semillero-de-innovacion-ucsc\/#primaryimage\",\"url\":\"https:\/\/sitios.ucsc.cl\/investigacion\/wp-content\/uploads\/sites\/14\/2024\/11\/wooden-table-top-with-spring-green-1024x438.png\",\"contentUrl\":\"https:\/\/sitios.ucsc.cl\/investigacion\/wp-content\/uploads\/sites\/14\/2024\/11\/wooden-table-top-with-spring-green-1024x438.png\"},{\"@type\":\"WebPage\",\"@id\":\"https:\/\/dinn.ucsc.cl\/index.php\/semillero-de-innovacion-ucsc\/#webpage\",\"url\":\"https:\/\/dinn.ucsc.cl\/index.php\/semillero-de-innovacion-ucsc\/\",\"name\":\"Semillero de Innovaci\u00f3n UCSC -\",\"isPartOf\":{\"@id\":\"https:\/\/dinn.ucsc.cl\/#website\"},\"primaryImageOfPage\":{\"@id\":\"https:\/\/dinn.ucsc.cl\/index.php\/semillero-de-innovacion-ucsc\/#primaryimage\"},\"datePublished\":\"2024-11-05T21:02:57+00:00\",\"dateModified\":\"2024-11-06T15:31:24+00:00\",\"breadcrumb\":{\"@id\":\"https:\/\/dinn.ucsc.cl\/index.php\/semillero-de-innovacion-ucsc\/#breadcrumb\"},\"inLanguage\":\"es\",\"potentialAction\":[{\"@type\":\"ReadAction\",\"target\":[\"https:\/\/dinn.ucsc.cl\/index.php\/semillero-de-innovacion-ucsc\/\"]}]},{\"@type\":\"BreadcrumbList\",\"@id\":\"https:\/\/dinn.ucsc.cl\/index.php\/semillero-de-innovacion-ucsc\/#breadcrumb\",\"itemListElement\":[{\"@type\":\"ListItem\",\"position\":1,\"name\":\"Inicio\",\"item\":\"https:\/\/dinn.ucsc.cl\/\"},{\"@type\":\"ListItem\",\"position\":2,\"name\":\"Semillero de Innovaci\u00f3n UCSC\"}]}]}<\/script>\n<!-- \/ Yoast SEO plugin. -->","yoast_head_json":{"title":"Semillero de Innovaci\u00f3n UCSC -","robots":{"index":"index","follow":"follow","max-snippet":"max-snippet:-1","max-image-preview":"max-image-preview:large","max-video-preview":"max-video-preview:-1"},"canonical":"https:\/\/dinn.ucsc.cl\/index.php\/semillero-de-innovacion-ucsc\/","og_locale":"es_ES","og_type":"article","og_title":"Semillero de Innovaci\u00f3n UCSC -","og_description":"\u00bfQu\u00e9 es el Semillero de Innovaci\u00f3n UCSC? El Semillero de Innovaci\u00f3n es un programa coordinado desde la Direcci\u00f3n de Innovaci\u00f3n, que tiene por objetivo fomentar la creatividad, colaboraci\u00f3n e innovaci\u00f3n entre estudiantes y el cuerpo acad\u00e9mico de la instituci\u00f3n. A trav\u00e9s de este programa, se promueve la agrupaci\u00f3n de estudiantes para adquirir habilidades en I+D+i+e+TT, [&hellip;]","og_url":"https:\/\/dinn.ucsc.cl\/index.php\/semillero-de-innovacion-ucsc\/","article_publisher":"https:\/\/m.facebook.com\/DINNUCSC","article_modified_time":"2024-11-06T15:31:24+00:00","og_image":[{"url":"https:\/\/sitios.ucsc.cl\/investigacion\/wp-content\/uploads\/sites\/14\/2024\/11\/wooden-table-top-with-spring-green-1024x438.png"}],"twitter_card":"summary","twitter_site":"@dinn_ucsc","twitter_misc":{"Tiempo de lectura":"3 minutos"},"schema":{"@context":"https:\/\/schema.org","@graph":[{"@type":"WebSite","@id":"https:\/\/dinn.ucsc.cl\/#website","url":"https:\/\/dinn.ucsc.cl\/","name":"Direcci\u00f3n de Innovaci\u00f3n UCSC","description":"Direcci\u00f3n de Innovaci\u00f3n","potentialAction":[{"@type":"SearchAction","target":{"@type":"EntryPoint","urlTemplate":"https:\/\/dinn.ucsc.cl\/?s={search_term_string}"},"query-input":"required name=search_term_string"}],"inLanguage":"es"},{"@type":"ImageObject","inLanguage":"es","@id":"https:\/\/dinn.ucsc.cl\/index.php\/semillero-de-innovacion-ucsc\/#primaryimage","url":"https:\/\/sitios.ucsc.cl\/investigacion\/wp-content\/uploads\/sites\/14\/2024\/11\/wooden-table-top-with-spring-green-1024x438.png","contentUrl":"https:\/\/sitios.ucsc.cl\/investigacion\/wp-content\/uploads\/sites\/14\/2024\/11\/wooden-table-top-with-spring-green-1024x438.png"},{"@type":"WebPage","@id":"https:\/\/dinn.ucsc.cl\/index.php\/semillero-de-innovacion-ucsc\/#webpage","url":"https:\/\/dinn.ucsc.cl\/index.php\/semillero-de-innovacion-ucsc\/","name":"Semillero de Innovaci\u00f3n UCSC -","isPartOf":{"@id":"https:\/\/dinn.ucsc.cl\/#website"},"primaryImageOfPage":{"@id":"https:\/\/dinn.ucsc.cl\/index.php\/semillero-de-innovacion-ucsc\/#primaryimage"},"datePublished":"2024-11-05T21:02:57+00:00","dateModified":"2024-11-06T15:31:24+00:00","breadcrumb":{"@id":"https:\/\/dinn.ucsc.cl\/index.php\/semillero-de-innovacion-ucsc\/#breadcrumb"},"inLanguage":"es","potentialAction":[{"@type":"ReadAction","target":["https:\/\/dinn.ucsc.cl\/index.php\/semillero-de-innovacion-ucsc\/"]}]},{"@type":"BreadcrumbList","@id":"https:\/\/dinn.ucsc.cl\/index.php\/semillero-de-innovacion-ucsc\/#breadcrumb","itemListElement":[{"@type":"ListItem","position":1,"name":"Inicio","item":"https:\/\/dinn.ucsc.cl\/"},{"@type":"ListItem","position":2,"name":"Semillero de Innovaci\u00f3n UCSC"}]}]}},"_links":{"self":[{"href":"https:\/\/dinn.ucsc.cl\/index.php\/wp-json\/wp\/v2\/pages\/6076"}],"collection":[{"href":"https:\/\/dinn.ucsc.cl\/index.php\/wp-json\/wp\/v2\/pages"}],"about":[{"href":"https:\/\/dinn.ucsc.cl\/index.php\/wp-json\/wp\/v2\/types\/page"}],"author":[{"embeddable":true,"href":"https:\/\/dinn.ucsc.cl\/index.php\/wp-json\/wp\/v2\/users\/84"}],"replies":[{"embeddable":true,"href":"https:\/\/dinn.ucsc.cl\/index.php\/wp-json\/wp\/v2\/comments?post=6076"}],"version-history":[{"count":35,"href":"https:\/\/dinn.ucsc.cl\/index.php\/wp-json\/wp\/v2\/pages\/6076\/revisions"}],"predecessor-version":[{"id":6126,"href":"https:\/\/dinn.ucsc.cl\/index.php\/wp-json\/wp\/v2\/pages\/6076\/revisions\/6126"}],"wp:attachment":[{"href":"https:\/\/dinn.ucsc.cl\/index.php\/wp-json\/wp\/v2\/media?parent=6076"}],"curies":[{"name":"wp","href":"https:\/\/api.w.org\/{rel}","templated":true}]}}