{"id":982,"date":"2019-10-14T11:24:11","date_gmt":"2019-10-14T14:24:11","guid":{"rendered":"http:\/\/dinn.ucsc.cl\/?page_id=982"},"modified":"2023-01-10T17:34:15","modified_gmt":"2023-01-10T20:34:15","slug":"viaje-del-emprendedor","status":"publish","type":"page","link":"https:\/\/dinn.ucsc.cl\/index.php\/viaje-del-emprendedor\/","title":{"rendered":"Viaje del Emprendedor"},"content":{"rendered":"<p>En la Unidad de Apoyo a la Innovaci\u00f3n somos parte del Viaje del Emprendedor ayudando a potenciar las\u00a0posibilidades de \u00e9xito de los nuevos negocios a trav\u00e9s de la entrega de servicios, como los de incubaci\u00f3n y\/o aceleraci\u00f3n, acceso a financiamiento, espacios de trabajo, y\/o mediante el traspaso de metodolog\u00edas sobre emprendimiento e innovaci\u00f3n.<\/p>\n<p>El Viaje del Emprendedor te permite conocer el estado actual de tu idea o proyecto, conectarte con el ecosistema emprendedor del pa\u00eds, ampliar las oportunidades de financiamiento junto con mejorar tus conocimientos y habilidades gracias al contenido disponible en esta plataforma.<\/p>\n<p>Conoce m\u00e1s de El viaje del Emprendedor <strong><a href=\"https:\/\/www.elviajedelemprendedor.cl\/\" target=\"_blank\" rel=\"noopener\">aqu\u00ed<\/a><\/strong>.<\/p>\n","protected":false},"excerpt":{"rendered":"<p>En la Unidad de Apoyo a la Innovaci\u00f3n somos parte del Viaje del Emprendedor ayudando a potenciar las\u00a0posibilidades de \u00e9xito de los nuevos negocios a trav\u00e9s de la entrega de servicios, como los de incubaci\u00f3n y\/o aceleraci\u00f3n, acceso a financiamiento, espacios de trabajo, y\/o mediante el traspaso de metodolog\u00edas sobre emprendimiento e innovaci\u00f3n. El Viaje [&hellip;]<\/p>\n","protected":false},"author":84,"featured_media":0,"parent":0,"menu_order":0,"comment_status":"closed","ping_status":"closed","template":"","meta":[],"yoast_head":"<!-- This site is optimized with the Yoast SEO plugin v18.9 - https:\/\/yoast.com\/wordpress\/plugins\/seo\/ -->\n<title>Viaje del Emprendedor -<\/title>\n<meta name=\"robots\" content=\"index, follow, max-snippet:-1, max-image-preview:large, max-video-preview:-1\" \/>\n<link rel=\"canonical\" href=\"https:\/\/dinn.ucsc.cl\/index.php\/viaje-del-emprendedor\/\" \/>\n<meta property=\"og:locale\" content=\"es_ES\" \/>\n<meta property=\"og:type\" content=\"article\" \/>\n<meta property=\"og:title\" content=\"Viaje del Emprendedor -\" \/>\n<meta property=\"og:description\" content=\"En la Unidad de Apoyo a la Innovaci\u00f3n somos parte del Viaje del Emprendedor ayudando a potenciar las\u00a0posibilidades de \u00e9xito de los nuevos negocios a trav\u00e9s de la entrega de servicios, como los de incubaci\u00f3n y\/o aceleraci\u00f3n, acceso a financiamiento, espacios de trabajo, y\/o mediante el traspaso de metodolog\u00edas sobre emprendimiento e innovaci\u00f3n. El Viaje [&hellip;]\" \/>\n<meta property=\"og:url\" content=\"https:\/\/dinn.ucsc.cl\/index.php\/viaje-del-emprendedor\/\" \/>\n<meta property=\"article:publisher\" content=\"https:\/\/m.facebook.com\/DINNUCSC\" \/>\n<meta property=\"article:modified_time\" content=\"2023-01-10T20:34:15+00:00\" \/>\n<meta name=\"twitter:card\" content=\"summary\" \/>\n<meta name=\"twitter:site\" content=\"@dinn_ucsc\" \/>\n<meta name=\"twitter:label1\" content=\"Tiempo de lectura\" \/>\n\t<meta name=\"twitter:data1\" content=\"1 minuto\" \/>\n<script type=\"application\/ld+json\" class=\"yoast-schema-graph\">{\"@context\":\"https:\/\/schema.org\",\"@graph\":[{\"@type\":\"WebSite\",\"@id\":\"https:\/\/dinn.ucsc.cl\/#website\",\"url\":\"https:\/\/dinn.ucsc.cl\/\",\"name\":\"Direcci\u00f3n de Innovaci\u00f3n UCSC\",\"description\":\"Direcci\u00f3n de Innovaci\u00f3n\",\"potentialAction\":[{\"@type\":\"SearchAction\",\"target\":{\"@type\":\"EntryPoint\",\"urlTemplate\":\"https:\/\/dinn.ucsc.cl\/?s={search_term_string}\"},\"query-input\":\"required name=search_term_string\"}],\"inLanguage\":\"es\"},{\"@type\":\"WebPage\",\"@id\":\"https:\/\/dinn.ucsc.cl\/index.php\/viaje-del-emprendedor\/#webpage\",\"url\":\"https:\/\/dinn.ucsc.cl\/index.php\/viaje-del-emprendedor\/\",\"name\":\"Viaje del Emprendedor -\",\"isPartOf\":{\"@id\":\"https:\/\/dinn.ucsc.cl\/#website\"},\"datePublished\":\"2019-10-14T14:24:11+00:00\",\"dateModified\":\"2023-01-10T20:34:15+00:00\",\"breadcrumb\":{\"@id\":\"https:\/\/dinn.ucsc.cl\/index.php\/viaje-del-emprendedor\/#breadcrumb\"},\"inLanguage\":\"es\",\"potentialAction\":[{\"@type\":\"ReadAction\",\"target\":[\"https:\/\/dinn.ucsc.cl\/index.php\/viaje-del-emprendedor\/\"]}]},{\"@type\":\"BreadcrumbList\",\"@id\":\"https:\/\/dinn.ucsc.cl\/index.php\/viaje-del-emprendedor\/#breadcrumb\",\"itemListElement\":[{\"@type\":\"ListItem\",\"position\":1,\"name\":\"Inicio\",\"item\":\"https:\/\/dinn.ucsc.cl\/\"},{\"@type\":\"ListItem\",\"position\":2,\"name\":\"Viaje del Emprendedor\"}]}]}<\/script>\n<!-- \/ Yoast SEO plugin. -->","yoast_head_json":{"title":"Viaje del Emprendedor -","robots":{"index":"index","follow":"follow","max-snippet":"max-snippet:-1","max-image-preview":"max-image-preview:large","max-video-preview":"max-video-preview:-1"},"canonical":"https:\/\/dinn.ucsc.cl\/index.php\/viaje-del-emprendedor\/","og_locale":"es_ES","og_type":"article","og_title":"Viaje del Emprendedor -","og_description":"En la Unidad de Apoyo a la Innovaci\u00f3n somos parte del Viaje del Emprendedor ayudando a potenciar las\u00a0posibilidades de \u00e9xito de los nuevos negocios a trav\u00e9s de la entrega de servicios, como los de incubaci\u00f3n y\/o aceleraci\u00f3n, acceso a financiamiento, espacios de trabajo, y\/o mediante el traspaso de metodolog\u00edas sobre emprendimiento e innovaci\u00f3n. El Viaje [&hellip;]","og_url":"https:\/\/dinn.ucsc.cl\/index.php\/viaje-del-emprendedor\/","article_publisher":"https:\/\/m.facebook.com\/DINNUCSC","article_modified_time":"2023-01-10T20:34:15+00:00","twitter_card":"summary","twitter_site":"@dinn_ucsc","twitter_misc":{"Tiempo de lectura":"1 minuto"},"schema":{"@context":"https:\/\/schema.org","@graph":[{"@type":"WebSite","@id":"https:\/\/dinn.ucsc.cl\/#website","url":"https:\/\/dinn.ucsc.cl\/","name":"Direcci\u00f3n de Innovaci\u00f3n UCSC","description":"Direcci\u00f3n de Innovaci\u00f3n","potentialAction":[{"@type":"SearchAction","target":{"@type":"EntryPoint","urlTemplate":"https:\/\/dinn.ucsc.cl\/?s={search_term_string}"},"query-input":"required name=search_term_string"}],"inLanguage":"es"},{"@type":"WebPage","@id":"https:\/\/dinn.ucsc.cl\/index.php\/viaje-del-emprendedor\/#webpage","url":"https:\/\/dinn.ucsc.cl\/index.php\/viaje-del-emprendedor\/","name":"Viaje del Emprendedor -","isPartOf":{"@id":"https:\/\/dinn.ucsc.cl\/#website"},"datePublished":"2019-10-14T14:24:11+00:00","dateModified":"2023-01-10T20:34:15+00:00","breadcrumb":{"@id":"https:\/\/dinn.ucsc.cl\/index.php\/viaje-del-emprendedor\/#breadcrumb"},"inLanguage":"es","potentialAction":[{"@type":"ReadAction","target":["https:\/\/dinn.ucsc.cl\/index.php\/viaje-del-emprendedor\/"]}]},{"@type":"BreadcrumbList","@id":"https:\/\/dinn.ucsc.cl\/index.php\/viaje-del-emprendedor\/#breadcrumb","itemListElement":[{"@type":"ListItem","position":1,"name":"Inicio","item":"https:\/\/dinn.ucsc.cl\/"},{"@type":"ListItem","position":2,"name":"Viaje del Emprendedor"}]}]}},"_links":{"self":[{"href":"https:\/\/dinn.ucsc.cl\/index.php\/wp-json\/wp\/v2\/pages\/982"}],"collection":[{"href":"https:\/\/dinn.ucsc.cl\/index.php\/wp-json\/wp\/v2\/pages"}],"about":[{"href":"https:\/\/dinn.ucsc.cl\/index.php\/wp-json\/wp\/v2\/types\/page"}],"author":[{"embeddable":true,"href":"https:\/\/dinn.ucsc.cl\/index.php\/wp-json\/wp\/v2\/users\/84"}],"replies":[{"embeddable":true,"href":"https:\/\/dinn.ucsc.cl\/index.php\/wp-json\/wp\/v2\/comments?post=982"}],"version-history":[{"count":2,"href":"https:\/\/dinn.ucsc.cl\/index.php\/wp-json\/wp\/v2\/pages\/982\/revisions"}],"predecessor-version":[{"id":4804,"href":"https:\/\/dinn.ucsc.cl\/index.php\/wp-json\/wp\/v2\/pages\/982\/revisions\/4804"}],"wp:attachment":[{"href":"https:\/\/dinn.ucsc.cl\/index.php\/wp-json\/wp\/v2\/media?parent=982"}],"curies":[{"name":"wp","href":"https:\/\/api.w.org\/{rel}","templated":true}]}}